{"id":1359,"date":"2023-06-01T17:06:16","date_gmt":"2023-06-01T17:06:16","guid":{"rendered":"http:\/\/bbdekorandmore.at\/?post_type=product&#038;p=1359"},"modified":"2024-02-05T22:13:43","modified_gmt":"2024-02-05T22:13:43","slug":"turkranz-aus-weidenkranz","status":"publish","type":"product","link":"https:\/\/bbdekorandmore.at\/hu\/produkt\/turkranz-aus-weidenkranz\/","title":{"rendered":"F\u0171zfakoszor\u00fa ajt\u00f3d\u00edsz"},"content":{"rendered":"","protected":false},"excerpt":{"rendered":"<p>F\u0171zfakoszor\u00fa ajt\u00f3d\u00edsz<\/p>\n<p>Gy\u00f6ny\u00f6r\u0171 f\u0171zfakoszor\u00fa ajt\u00f3koszor\u00fa selyemvir\u00e1gokkal, selyem z\u00f6ldekkel \u00e9s sz\u00e1r\u00edtott term\u00e9sekkel<\/p>\n<p><strong>\u00c1tm\u00e9r\u0151:<\/strong> 23 cm <a class=\"continue\" href=\"https:\/\/bbdekorandmore.at\/hu\/produkt\/turkranz-aus-weidenkranz\/\">Continue Reading<span> F\u0171zfakoszor\u00fa ajt\u00f3d\u00edsz<\/span><\/a><\/p>","protected":false},"featured_media":1365,"comment_status":"open","ping_status":"closed","template":"","meta":{"site-sidebar-layout":"default","site-content-layout":"default","ast-site-content-layout":"default","site-content-style":"default","site-sidebar-style":"default","ast-global-header-display":"","ast-banner-title-visibility":"","ast-main-header-display":"","ast-hfb-above-header-display":"","ast-hfb-below-header-display":"","ast-hfb-mobile-header-display":"","site-post-title":"","ast-breadcrumbs-content":"","ast-featured-img":"","footer-sml-layout":"","ast-disable-related-posts":"","theme-transparent-header-meta":"default","adv-header-id-meta":"","stick-header-meta":"","header-above-stick-meta":"","header-main-stick-meta":"","header-below-stick-meta":"","astra-migrate-meta-layouts":"default","ast-page-background-enabled":"default","ast-page-background-meta":{"desktop":{"background-color":"var(--ast-global-color-4)","background-image":"","background-repeat":"repeat","background-position":"center center","background-size":"auto","background-attachment":"scroll","background-type":"","background-media":"","overlay-type":"","overlay-color":"","overlay-opacity":"","overlay-gradient":""},"tablet":{"background-color":"","background-image":"","background-repeat":"repeat","background-position":"center center","background-size":"auto","background-attachment":"scroll","background-type":"","background-media":"","overlay-type":"","overlay-color":"","overlay-opacity":"","overlay-gradient":""},"mobile":{"background-color":"","background-image":"","background-repeat":"repeat","background-position":"center center","background-size":"auto","background-attachment":"scroll","background-type":"","background-media":"","overlay-type":"","overlay-color":"","overlay-opacity":"","overlay-gradient":""}},"ast-content-background-meta":{"desktop":{"background-color":"var(--ast-global-color-5)","background-image":"","background-repeat":"repeat","background-position":"center center","background-size":"auto","background-attachment":"scroll","background-type":"","background-media":"","overlay-type":"","overlay-color":"","overlay-opacity":"","overlay-gradient":""},"tablet":{"background-color":"var(--ast-global-color-5)","background-image":"","background-repeat":"repeat","background-position":"center center","background-size":"auto","background-attachment":"scroll","background-type":"","background-media":"","overlay-type":"","overlay-color":"","overlay-opacity":"","overlay-gradient":""},"mobile":{"background-color":"var(--ast-global-color-5)","background-image":"","background-repeat":"repeat","background-position":"center center","background-size":"auto","background-attachment":"scroll","background-type":"","background-media":"","overlay-type":"","overlay-color":"","overlay-opacity":"","overlay-gradient":""}}},"product_brand":[],"product_cat":[21,465],"product_tag":[119,142,80,136],"class_list":{"0":"post-1359","1":"product","2":"type-product","3":"status-publish","4":"has-post-thumbnail","6":"product_cat-fruehling","7":"product_cat-turkranze","8":"product_tag-deko","9":"product_tag-dekoprodukte","10":"product_tag-fruehlingsdeko","11":"product_tag-tuerkranz","12":"tm-no-options","13":"desktop-align-left","14":"tablet-align-left","15":"mobile-align-left","17":"first","18":"instock","19":"shipping-taxable","20":"purchasable","21":"product-type-simple"},"_links":{"self":[{"href":"https:\/\/bbdekorandmore.at\/hu\/wp-json\/wp\/v2\/product\/1359","targetHints":{"allow":["GET"]}}],"collection":[{"href":"https:\/\/bbdekorandmore.at\/hu\/wp-json\/wp\/v2\/product"}],"about":[{"href":"https:\/\/bbdekorandmore.at\/hu\/wp-json\/wp\/v2\/types\/product"}],"replies":[{"embeddable":true,"href":"https:\/\/bbdekorandmore.at\/hu\/wp-json\/wp\/v2\/comments?post=1359"}],"wp:featuredmedia":[{"embeddable":true,"href":"https:\/\/bbdekorandmore.at\/hu\/wp-json\/wp\/v2\/media\/1365"}],"wp:attachment":[{"href":"https:\/\/bbdekorandmore.at\/hu\/wp-json\/wp\/v2\/media?parent=1359"}],"wp:term":[{"taxonomy":"product_brand","embeddable":true,"href":"https:\/\/bbdekorandmore.at\/hu\/wp-json\/wp\/v2\/product_brand?post=1359"},{"taxonomy":"product_cat","embeddable":true,"href":"https:\/\/bbdekorandmore.at\/hu\/wp-json\/wp\/v2\/product_cat?post=1359"},{"taxonomy":"product_tag","embeddable":true,"href":"https:\/\/bbdekorandmore.at\/hu\/wp-json\/wp\/v2\/product_tag?post=1359"}],"curies":[{"name":"wp","href":"https:\/\/api.w.org\/{rel}","templated":true}]}}

Fűzfakoszorú ajtódísz

<p>Fűzfakoszorú ajtódísz</p>
<p>Gyönyörű fűzfakoszorú ajtókoszorú selyemvirágokkal, selyem zöldekkel és szárított termésekkel</p>
<p><strong>Átmérő:</strong> 23 cm <a class="continue" href="https://bbdekorandmore.at/hu/produkt/turkranz-aus-weidenkranz/">Continue Reading<span> Fűzfakoszorú ajtódísz</span></a></p>
