{"id":2974,"date":"2024-01-30T08:43:59","date_gmt":"2024-01-30T08:43:59","guid":{"rendered":"http:\/\/bbdekorandmore.at\/?post_type=product&#038;p=2974"},"modified":"2024-02-11T11:02:06","modified_gmt":"2024-02-11T11:02:06","slug":"hasenpapa-mit-kindern","status":"publish","type":"product","link":"https:\/\/bbdekorandmore.at\/hu\/produkt\/hasenpapa-mit-kindern\/","title":{"rendered":"Ny\u00fal apuka gyerekekkel"},"content":{"rendered":"<p>K\u00f6sz\u00f6ntse a h\u00fasv\u00e9tot eredeti polirezin h\u00fasv\u00e9ti figur\u00e1nkkal, amely egy nyuszi apuk\u00e1t \u00e1br\u00e1zol a gyerekekkel - egy humoros jelenet, amelyben az apuka eltakarja a f\u00fcl\u00e9t, az egyik nyuszi becsukja a sz\u00e1j\u00e1t, a m\u00e1sik pedig a szem\u00e9t. A 25 cm-es, leny\u0171g\u00f6z\u0151 m\u00e9ret\u0171 figura nemcsak vid\u00e1m szemet gy\u00f6ny\u00f6rk\u00f6dtet\u0151, hanem a humoros h\u00fasv\u00e9ti var\u00e1zslat kifejez\u0151je is otthon\u00e1ban.<\/p>\n<p>Ennek a polirezin h\u00fasv\u00e9ti figur\u00e1nak r\u00e9szletes kialak\u00edt\u00e1sa a jelenet vid\u00e1m dinamik\u00e1j\u00e1t \u00f6r\u00f6k\u00edti meg. A nyuszik humoros arckifejez\u00e9se \u00e9l\u00e9nk szem\u00e9lyis\u00e9get k\u00f6lcs\u00f6n\u00f6z a figur\u00e1nak, a polirezin anyag pedig finom r\u00e9szletekkel \u00e9s kellemes tapint\u00e1s\u00fa, hiteles megjelen\u00e9st biztos\u00edt.<\/p>\n<p>A kiv\u00e1l\u00f3 min\u0151s\u00e9g\u0171 polirezin kivitel nemcsak vonz\u00f3 megjelen\u00e9st, hanem tart\u00f3ss\u00e1got \u00e9s k\u00f6nny\u0171 \u00e1pol\u00e1st is biztos\u00edt. Ak\u00e1r szemet gy\u00f6ny\u00f6rk\u00f6dtet\u0151 d\u00edszk\u00e9nt az asztalon, a polcon vagy eredeti h\u00fasv\u00e9ti dekor\u00e1ci\u00f3k\u00e9nt - ez a figura nemcsak vid\u00e1m h\u00fasv\u00e9ti var\u00e1zslatot, hanem egy csipetnyi humort is hoz otthon\u00e1ba.<\/p>\n<p>Ez a 25 cm-es, leny\u0171g\u00f6z\u0151 m\u00e9ret\u0171, poli\u00e9szter h\u00fasv\u00e9ti figura ide\u00e1lis a legk\u00fcl\u00f6nf\u00e9l\u00e9bb h\u00fasv\u00e9ti \u00f6ssze\u00e1ll\u00edt\u00e1sokhoz, mik\u00f6zben j\u00e1t\u00e9kos \u00e9s st\u00edlusos hangs\u00falyt ad. Hozzon vid\u00e1m hangulatot otthon\u00e1ba, \u00e9s rendelje meg ezt a humoros nyuszi csal\u00e1dot most!<\/p>","protected":false},"excerpt":{"rendered":"<p>Hagyja mag\u00e1t inspir\u00e1lni humoros polirezin\u00fcnkkel <strong>Ny\u00fal apuka gyerekekkel <\/strong>Var\u00e1zslatos h\u00fasv\u00e9ti figur\u00e1val - egy vicces jelenet, amelyben a ny\u00fal papa befogja a f\u00fcl\u00e9t, az egyik ny\u00fal becsukja a sz\u00e1j\u00e1t, a m\u00e1sik pedig a szem\u00e9t. Ez a 25 cm-es, leny\u0171g\u00f6z\u0151 m\u00e9ret\u0171 figura nemcsak vid\u00e1m szemet gy\u00f6ny\u00f6rk\u00f6dtet\u0151, hanem a humoros h\u00fasv\u00e9ti var\u00e1zslat kifejez\u0151je is lesz otthon\u00e1ban.<\/p>\n<p><strong>M\u00e1rka:<\/strong> Clayre &amp;Eef <a class=\"continue\" href=\"https:\/\/bbdekorandmore.at\/hu\/produkt\/hasenpapa-mit-kindern\/\">Continue Reading<span> Ny\u00fal apuka gyerekekkel<\/span><\/a><\/p>","protected":false},"featured_media":2924,"comment_status":"open","ping_status":"closed","template":"","meta":{"site-sidebar-layout":"default","site-content-layout":"","ast-site-content-layout":"default","site-content-style":"default","site-sidebar-style":"default","ast-global-header-display":"","ast-banner-title-visibility":"","ast-main-header-display":"","ast-hfb-above-header-display":"","ast-hfb-below-header-display":"","ast-hfb-mobile-header-display":"","site-post-title":"","ast-breadcrumbs-content":"","ast-featured-img":"","footer-sml-layout":"","ast-disable-related-posts":"","theme-transparent-header-meta":"default","adv-header-id-meta":"","stick-header-meta":"","header-above-stick-meta":"","header-main-stick-meta":"","header-below-stick-meta":"","astra-migrate-meta-layouts":"set","ast-page-background-enabled":"default","ast-page-background-meta":{"desktop":{"background-color":"var(--ast-global-color-4)","background-image":"","background-repeat":"repeat","background-position":"center center","background-size":"auto","background-attachment":"scroll","background-type":"","background-media":"","overlay-type":"","overlay-color":"","overlay-opacity":"","overlay-gradient":""},"tablet":{"background-color":"","background-image":"","background-repeat":"repeat","background-position":"center center","background-size":"auto","background-attachment":"scroll","background-type":"","background-media":"","overlay-type":"","overlay-color":"","overlay-opacity":"","overlay-gradient":""},"mobile":{"background-color":"","background-image":"","background-repeat":"repeat","background-position":"center center","background-size":"auto","background-attachment":"scroll","background-type":"","background-media":"","overlay-type":"","overlay-color":"","overlay-opacity":"","overlay-gradient":""}},"ast-content-background-meta":{"desktop":{"background-color":"var(--ast-global-color-5)","background-image":"","background-repeat":"repeat","background-position":"center center","background-size":"auto","background-attachment":"scroll","background-type":"","background-media":"","overlay-type":"","overlay-color":"","overlay-opacity":"","overlay-gradient":""},"tablet":{"background-color":"var(--ast-global-color-5)","background-image":"","background-repeat":"repeat","background-position":"center center","background-size":"auto","background-attachment":"scroll","background-type":"","background-media":"","overlay-type":"","overlay-color":"","overlay-opacity":"","overlay-gradient":""},"mobile":{"background-color":"var(--ast-global-color-5)","background-image":"","background-repeat":"repeat","background-position":"center center","background-size":"auto","background-attachment":"scroll","background-type":"","background-media":"","overlay-type":"","overlay-color":"","overlay-opacity":"","overlay-gradient":""}}},"product_brand":[],"product_cat":[23,470],"product_tag":[197,458,194,196,459,199],"class_list":{"0":"post-2974","1":"product","2":"type-product","3":"status-publish","4":"has-post-thumbnail","6":"product_cat-ostern","7":"product_cat-figuren-ostern","8":"product_tag-dekoration-ostern","9":"product_tag-hasenfiguren-fur-ostern","10":"product_tag-ostern","11":"product_tag-ostern-deko","12":"product_tag-ostern-hasenfiguren","13":"product_tag-osterndekoration","14":"tm-no-options","15":"desktop-align-left","16":"tablet-align-left","17":"mobile-align-left","19":"first","20":"instock","21":"shipping-taxable","22":"purchasable","23":"product-type-simple"},"_links":{"self":[{"href":"https:\/\/bbdekorandmore.at\/hu\/wp-json\/wp\/v2\/product\/2974","targetHints":{"allow":["GET"]}}],"collection":[{"href":"https:\/\/bbdekorandmore.at\/hu\/wp-json\/wp\/v2\/product"}],"about":[{"href":"https:\/\/bbdekorandmore.at\/hu\/wp-json\/wp\/v2\/types\/product"}],"replies":[{"embeddable":true,"href":"https:\/\/bbdekorandmore.at\/hu\/wp-json\/wp\/v2\/comments?post=2974"}],"wp:featuredmedia":[{"embeddable":true,"href":"https:\/\/bbdekorandmore.at\/hu\/wp-json\/wp\/v2\/media\/2924"}],"wp:attachment":[{"href":"https:\/\/bbdekorandmore.at\/hu\/wp-json\/wp\/v2\/media?parent=2974"}],"wp:term":[{"taxonomy":"product_brand","embeddable":true,"href":"https:\/\/bbdekorandmore.at\/hu\/wp-json\/wp\/v2\/product_brand?post=2974"},{"taxonomy":"product_cat","embeddable":true,"href":"https:\/\/bbdekorandmore.at\/hu\/wp-json\/wp\/v2\/product_cat?post=2974"},{"taxonomy":"product_tag","embeddable":true,"href":"https:\/\/bbdekorandmore.at\/hu\/wp-json\/wp\/v2\/product_tag?post=2974"}],"curies":[{"name":"wp","href":"https:\/\/api.w.org\/{rel}","templated":true}]}}

Nyúl apuka gyerekekkel

<p>Köszöntse a húsvétot eredeti polirezin húsvéti figuránkkal, amely egy nyuszi apukát ábrázol a gyerekekkel - egy humoros jelenet, amelyben az apuka eltakarja a fülét, az egyik nyuszi becsukja a száját, a másik pedig a szemét. A 25 cm-es, lenyűgöző méretű figura nemcsak vidám szemet gyönyörködtető, hanem a humoros húsvéti varázslat kifejezője is otthonában.</p>
<p>Ennek a polirezin húsvéti figurának részletes kialakítása a jelenet vidám dinamikáját örökíti meg. A nyuszik humoros arckifejezése élénk személyiséget kölcsönöz a figurának, a polirezin anyag pedig finom részletekkel és kellemes tapintású, hiteles megjelenést biztosít.</p>
<p>A kiváló minőségű polirezin kivitel nemcsak vonzó megjelenést, hanem tartósságot és könnyű ápolást is biztosít. Akár szemet gyönyörködtető díszként az asztalon, a polcon vagy eredeti húsvéti dekorációként - ez a figura nemcsak vidám húsvéti varázslatot, hanem egy csipetnyi humort is hoz otthonába.</p>
<p>Ez a 25 cm-es, lenyűgöző méretű, poliészter húsvéti figura ideális a legkülönfélébb húsvéti összeállításokhoz, miközben játékos és stílusos hangsúlyt ad. Hozzon vidám hangulatot otthonába, és rendelje meg ezt a humoros nyuszi családot most!</p>

<p>Hagyja magát inspirálni humoros polirezinünkkel <strong>Nyúl apuka gyerekekkel </strong>Varázslatos húsvéti figurával - egy vicces jelenet, amelyben a nyúl papa befogja a fülét, az egyik nyúl becsukja a száját, a másik pedig a szemét. Ez a 25 cm-es, lenyűgöző méretű figura nemcsak vidám szemet gyönyörködtető, hanem a humoros húsvéti varázslat kifejezője is lesz otthonában.</p>
<p><strong>Márka:</strong> Clayre &amp;Eef <a class="continue" href="https://bbdekorandmore.at/hu/produkt/hasenpapa-mit-kindern/">Continue Reading<span> Nyúl apuka gyerekekkel</span></a></p>
