{"id":3000,"date":"2024-01-30T13:07:17","date_gmt":"2024-01-30T13:07:17","guid":{"rendered":"http:\/\/bbdekorandmore.at\/?post_type=product&#038;p=3000"},"modified":"2024-02-11T08:37:13","modified_gmt":"2024-02-11T08:37:13","slug":"kaninchenfigur-mit-herz","status":"publish","type":"product","link":"https:\/\/bbdekorandmore.at\/hu\/produkt\/kaninchenfigur-mit-herz\/","title":{"rendered":"Ny\u00falfigura sz\u00edvvel"},"content":{"rendered":"<p>Adjon otthon\u00e1nak sz\u00edvmelenget\u0151 hangulatot a kiv\u00e1l\u00f3 min\u0151s\u00e9g\u0171 polirezinb\u0151l k\u00e9sz\u00fclt, sz\u00edvvel ell\u00e1tott, elb\u0171v\u00f6l\u0151 ny\u00falfigur\u00e1nkkal. A nagym\u00e9ret\u0171, 9x8x20 cm-es figura nem csak elb\u0171v\u00f6l\u0151 szemet gy\u00f6ny\u00f6rk\u00f6dtet\u0151, hanem a szeretet \u00e9s a vid\u00e1ms\u00e1g kifejez\u0151je is a lak\u00f3t\u00e9rben.<\/p>\n<p>A szeretettel megtervezett ny\u00falfigura egy aranyos nyulat \u00e1br\u00e1zol, aki egy sz\u00edvet tart a mancs\u00e1ban. Az apr\u00f3l\u00e9kos r\u00e9szleteket tartalmaz\u00f3 hiteles megjelen\u00e9s \u00e9s a polirezin anyag kiv\u00e1l\u00f3 min\u0151s\u00e9g\u0171 kivitelez\u00e9se meleg \u00e9s \u00e9lettel teli megjelen\u00e9st k\u00f6lcs\u00f6n\u00f6z a figur\u00e1nak.<\/p>\n<p>Ak\u00e1r egy polcon, ak\u00e1r \u00fcnnepi asztali d\u00edszk\u00e9nt, ak\u00e1r egy h\u00fasv\u00e9ti kos\u00e1r j\u00e1t\u00e9kos d\u00edszek\u00e9nt - ez a figura vid\u00e1m \u00e9s st\u00edlusos megjelen\u00e9st biztos\u00edt. A sz\u00edv szimb\u00f3lum tov\u00e1bbi \u00e9rzelmi t\u00f6ltetet k\u00f6lcs\u00f6n\u00f6z a figur\u00e1nak, \u00e9s k\u00fcl\u00f6nleges alkalmakra t\u00f6k\u00e9letes aj\u00e1nd\u00e9kk\u00e1 teszi.<\/p>\n<p>Hozzon szeretetet \u00e9s tavaszi \u00f6r\u00f6m\u00f6t otthon\u00e1ba ezzel a sz\u00edves polirezin ny\u00fallal. Rendelje meg most, \u00e9s hagyja, hogy ez az im\u00e1dnival\u00f3 kieg\u00e9sz\u00edt\u0151 a h\u00fasv\u00e9t sz\u00edvmelenget\u0151 hangulat\u00e1ba rep\u00edtse!<\/p>","protected":false},"excerpt":{"rendered":"<p>Elragad\u00f3 <strong>Ny\u00falfigura sz\u00edvvel<\/strong> kiv\u00e1l\u00f3 min\u0151s\u00e9g\u0171 polirezinb\u0151l k\u00e9sz\u00fclt. Nagym\u00e9ret\u0171 <strong>9x8x20 cm-es<\/strong> figura nemcsak b\u00e1jos szemet gy\u00f6ny\u00f6rk\u00f6dtet\u0151, hanem az \u00e9rz\u00e9sek meghat\u00f3 kifejez\u0151je is az \u00d6n otthon\u00e1ban.<\/p>\n<p>M\u00e1rka: Clayre &amp;Eef <a class=\"continue\" href=\"https:\/\/bbdekorandmore.at\/hu\/produkt\/kaninchenfigur-mit-herz\/\">Continue Reading<span> Ny\u00falfigura sz\u00edvvel<\/span><\/a><\/p>","protected":false},"featured_media":2943,"comment_status":"open","ping_status":"closed","template":"","meta":{"site-sidebar-layout":"default","site-content-layout":"","ast-site-content-layout":"default","site-content-style":"default","site-sidebar-style":"default","ast-global-header-display":"","ast-banner-title-visibility":"","ast-main-header-display":"","ast-hfb-above-header-display":"","ast-hfb-below-header-display":"","ast-hfb-mobile-header-display":"","site-post-title":"","ast-breadcrumbs-content":"","ast-featured-img":"","footer-sml-layout":"","ast-disable-related-posts":"","theme-transparent-header-meta":"default","adv-header-id-meta":"","stick-header-meta":"","header-above-stick-meta":"","header-main-stick-meta":"","header-below-stick-meta":"","astra-migrate-meta-layouts":"set","ast-page-background-enabled":"default","ast-page-background-meta":{"desktop":{"background-color":"var(--ast-global-color-4)","background-image":"","background-repeat":"repeat","background-position":"center center","background-size":"auto","background-attachment":"scroll","background-type":"","background-media":"","overlay-type":"","overlay-color":"","overlay-opacity":"","overlay-gradient":""},"tablet":{"background-color":"","background-image":"","background-repeat":"repeat","background-position":"center center","background-size":"auto","background-attachment":"scroll","background-type":"","background-media":"","overlay-type":"","overlay-color":"","overlay-opacity":"","overlay-gradient":""},"mobile":{"background-color":"","background-image":"","background-repeat":"repeat","background-position":"center center","background-size":"auto","background-attachment":"scroll","background-type":"","background-media":"","overlay-type":"","overlay-color":"","overlay-opacity":"","overlay-gradient":""}},"ast-content-background-meta":{"desktop":{"background-color":"var(--ast-global-color-5)","background-image":"","background-repeat":"repeat","background-position":"center center","background-size":"auto","background-attachment":"scroll","background-type":"","background-media":"","overlay-type":"","overlay-color":"","overlay-opacity":"","overlay-gradient":""},"tablet":{"background-color":"var(--ast-global-color-5)","background-image":"","background-repeat":"repeat","background-position":"center center","background-size":"auto","background-attachment":"scroll","background-type":"","background-media":"","overlay-type":"","overlay-color":"","overlay-opacity":"","overlay-gradient":""},"mobile":{"background-color":"var(--ast-global-color-5)","background-image":"","background-repeat":"repeat","background-position":"center center","background-size":"auto","background-attachment":"scroll","background-type":"","background-media":"","overlay-type":"","overlay-color":"","overlay-opacity":"","overlay-gradient":""}}},"product_brand":[],"product_cat":[23,470],"product_tag":[197,458,194,196,459,199],"class_list":{"0":"post-3000","1":"product","2":"type-product","3":"status-publish","4":"has-post-thumbnail","6":"product_cat-ostern","7":"product_cat-figuren-ostern","8":"product_tag-dekoration-ostern","9":"product_tag-hasenfiguren-fur-ostern","10":"product_tag-ostern","11":"product_tag-ostern-deko","12":"product_tag-ostern-hasenfiguren","13":"product_tag-osterndekoration","14":"tm-no-options","15":"desktop-align-left","16":"tablet-align-left","17":"mobile-align-left","19":"first","20":"instock","21":"shipping-taxable","22":"purchasable","23":"product-type-simple"},"_links":{"self":[{"href":"https:\/\/bbdekorandmore.at\/hu\/wp-json\/wp\/v2\/product\/3000","targetHints":{"allow":["GET"]}}],"collection":[{"href":"https:\/\/bbdekorandmore.at\/hu\/wp-json\/wp\/v2\/product"}],"about":[{"href":"https:\/\/bbdekorandmore.at\/hu\/wp-json\/wp\/v2\/types\/product"}],"replies":[{"embeddable":true,"href":"https:\/\/bbdekorandmore.at\/hu\/wp-json\/wp\/v2\/comments?post=3000"}],"wp:featuredmedia":[{"embeddable":true,"href":"https:\/\/bbdekorandmore.at\/hu\/wp-json\/wp\/v2\/media\/2943"}],"wp:attachment":[{"href":"https:\/\/bbdekorandmore.at\/hu\/wp-json\/wp\/v2\/media?parent=3000"}],"wp:term":[{"taxonomy":"product_brand","embeddable":true,"href":"https:\/\/bbdekorandmore.at\/hu\/wp-json\/wp\/v2\/product_brand?post=3000"},{"taxonomy":"product_cat","embeddable":true,"href":"https:\/\/bbdekorandmore.at\/hu\/wp-json\/wp\/v2\/product_cat?post=3000"},{"taxonomy":"product_tag","embeddable":true,"href":"https:\/\/bbdekorandmore.at\/hu\/wp-json\/wp\/v2\/product_tag?post=3000"}],"curies":[{"name":"wp","href":"https:\/\/api.w.org\/{rel}","templated":true}]}}

Nyúlfigura szívvel

<p>Adjon otthonának szívmelengető hangulatot a kiváló minőségű polirezinből készült, szívvel ellátott, elbűvölő nyúlfiguránkkal. A nagyméretű, 9x8x20 cm-es figura nem csak elbűvölő szemet gyönyörködtető, hanem a szeretet és a vidámság kifejezője is a lakótérben.</p>
<p>A szeretettel megtervezett nyúlfigura egy aranyos nyulat ábrázol, aki egy szívet tart a mancsában. Az aprólékos részleteket tartalmazó hiteles megjelenés és a polirezin anyag kiváló minőségű kivitelezése meleg és élettel teli megjelenést kölcsönöz a figurának.</p>
<p>Akár egy polcon, akár ünnepi asztali díszként, akár egy húsvéti kosár játékos díszeként - ez a figura vidám és stílusos megjelenést biztosít. A szív szimbólum további érzelmi töltetet kölcsönöz a figurának, és különleges alkalmakra tökéletes ajándékká teszi.</p>
<p>Hozzon szeretetet és tavaszi örömöt otthonába ezzel a szíves polirezin nyúllal. Rendelje meg most, és hagyja, hogy ez az imádnivaló kiegészítő a húsvét szívmelengető hangulatába repítse!</p>

<p>Elragadó <strong>Nyúlfigura szívvel</strong> kiváló minőségű polirezinből készült. Nagyméretű <strong>9x8x20 cm-es</strong> figura nemcsak bájos szemet gyönyörködtető, hanem az érzések megható kifejezője is az Ön otthonában.</p>
<p>Márka: Clayre &amp;Eef <a class="continue" href="https://bbdekorandmore.at/hu/produkt/kaninchenfigur-mit-herz/">Continue Reading<span> Nyúlfigura szívvel</span></a></p>
