{"id":3001,"date":"2024-01-30T16:39:23","date_gmt":"2024-01-30T16:39:23","guid":{"rendered":"http:\/\/bbdekorandmore.at\/?post_type=product&#038;p=3001"},"modified":"2025-03-10T16:37:24","modified_gmt":"2025-03-10T16:37:24","slug":"weise-hasenfiguren","status":"publish","type":"product","link":"https:\/\/bbdekorandmore.at\/hu\/produkt\/weise-hasenfiguren\/","title":{"rendered":"Feh\u00e9r ny\u00fal figur\u00e1k"},"content":{"rendered":"<p>Keltse \u00e9letre h\u00fasv\u00e9ti dekor\u00e1ci\u00f3j\u00e1t a kiv\u00e1l\u00f3 min\u0151s\u00e9g\u0171 polirezinb\u0151l k\u00e9sz\u00fclt, var\u00e1zslatos feh\u00e9r ny\u00falfigur\u00e1inkkal. Ezek a 20 cm-es figur\u00e1k nemcsak eleg\u00e1ns szemet gy\u00f6ny\u00f6rk\u00f6dtet\u0151ek, hanem a tavasz \u00e9s a vid\u00e1ms\u00e1g id\u0151tlen szimb\u00f3lumai is lesznek otthon\u00e1ban.<\/p>\n<p>A szeretettel megtervezett ny\u00falfigur\u00e1k eleg\u00e1ns egyszer\u0171s\u00e9get sug\u00e1roznak. A feh\u00e9r polirezin anyag l\u00e1gy \u00e9s tiszta eszt\u00e9tik\u00e1t k\u00f6lcs\u00f6n\u00f6z a figur\u00e1knak, a finom r\u00e9szletek pedig kiemelik a hiteless\u00e9g\u00fcket.<\/p>\n<p>Helyezze ezeket a feh\u00e9r nyuszi figur\u00e1kat \u00fcnnepi asztali ter\u00edt\u00e9kre, polcra vagy h\u00fasv\u00e9ti kos\u00e1rba d\u00edszk\u00e9nt. A semleges sz\u00ednek sokoldal\u00faan kombin\u00e1lhat\u00f3ak m\u00e1s dekor\u00e1ci\u00f3s elemekkel, m\u00edg a nagym\u00e9ret\u0171 figur\u00e1k felt\u0171n\u0151 benyom\u00e1st keltenek.<\/p>\n<p>Ezek a nyuszifigur\u00e1k nemcsak a h\u00fasv\u00e9ti dekor\u00e1ci\u00f3 ide\u00e1lis kieg\u00e9sz\u00edt\u0151i, hanem st\u00edlusos aj\u00e1nd\u00e9kok is lehetnek a bar\u00e1toknak \u00e9s a csal\u00e1dnak. Hozza a tavasz var\u00e1zs\u00e1t otthon\u00e1ba ezekkel az eleg\u00e1ns feh\u00e9r nyuszifigur\u00e1kkal. Rendeljen most, \u00e9s hagyja, hogy ezeknek a figur\u00e1knak az id\u0151tlen sz\u00e9ps\u00e9ge a h\u00fasv\u00e9t vid\u00e1m hangulat\u00e1ba rep\u00edtse!<\/p>","protected":false},"excerpt":{"rendered":"<p>Im\u00e1dnival\u00f3 <strong>Feh\u00e9r ny\u00fal figur\u00e1k<\/strong> kiv\u00e1l\u00f3 min\u0151s\u00e9g\u0171 polirezinb\u0151l k\u00e9sz\u00fclt. Nagym\u00e9ret\u0171 <strong>20 cm-es<\/strong> figur\u00e1k nemcsak eleg\u00e1ns szemet gy\u00f6ny\u00f6rk\u00f6dtet\u0151ek, hanem a tavasz \u00e9s az \u00f6r\u00f6m id\u0151tlen szimb\u00f3lumai is otthon\u00e1ban.<\/p>\n<p>M\u00e1rka: Clayre &amp;Eef <a class=\"continue\" href=\"https:\/\/bbdekorandmore.at\/hu\/produkt\/weise-hasenfiguren\/\">Continue Reading<span> Feh\u00e9r ny\u00fal figur\u00e1k<\/span><\/a><\/p>","protected":false},"featured_media":2949,"comment_status":"open","ping_status":"closed","template":"","meta":{"site-sidebar-layout":"default","site-content-layout":"","ast-site-content-layout":"default","site-content-style":"default","site-sidebar-style":"default","ast-global-header-display":"","ast-banner-title-visibility":"","ast-main-header-display":"","ast-hfb-above-header-display":"","ast-hfb-below-header-display":"","ast-hfb-mobile-header-display":"","site-post-title":"","ast-breadcrumbs-content":"","ast-featured-img":"","footer-sml-layout":"","ast-disable-related-posts":"","theme-transparent-header-meta":"default","adv-header-id-meta":"","stick-header-meta":"","header-above-stick-meta":"","header-main-stick-meta":"","header-below-stick-meta":"","astra-migrate-meta-layouts":"set","ast-page-background-enabled":"default","ast-page-background-meta":{"desktop":{"background-color":"var(--ast-global-color-4)","background-image":"","background-repeat":"repeat","background-position":"center center","background-size":"auto","background-attachment":"scroll","background-type":"","background-media":"","overlay-type":"","overlay-color":"","overlay-opacity":"","overlay-gradient":""},"tablet":{"background-color":"","background-image":"","background-repeat":"repeat","background-position":"center center","background-size":"auto","background-attachment":"scroll","background-type":"","background-media":"","overlay-type":"","overlay-color":"","overlay-opacity":"","overlay-gradient":""},"mobile":{"background-color":"","background-image":"","background-repeat":"repeat","background-position":"center center","background-size":"auto","background-attachment":"scroll","background-type":"","background-media":"","overlay-type":"","overlay-color":"","overlay-opacity":"","overlay-gradient":""}},"ast-content-background-meta":{"desktop":{"background-color":"var(--ast-global-color-5)","background-image":"","background-repeat":"repeat","background-position":"center center","background-size":"auto","background-attachment":"scroll","background-type":"","background-media":"","overlay-type":"","overlay-color":"","overlay-opacity":"","overlay-gradient":""},"tablet":{"background-color":"var(--ast-global-color-5)","background-image":"","background-repeat":"repeat","background-position":"center center","background-size":"auto","background-attachment":"scroll","background-type":"","background-media":"","overlay-type":"","overlay-color":"","overlay-opacity":"","overlay-gradient":""},"mobile":{"background-color":"var(--ast-global-color-5)","background-image":"","background-repeat":"repeat","background-position":"center center","background-size":"auto","background-attachment":"scroll","background-type":"","background-media":"","overlay-type":"","overlay-color":"","overlay-opacity":"","overlay-gradient":""}}},"product_brand":[],"product_cat":[23,470],"product_tag":[197,458,194,196,459,199],"class_list":{"0":"post-3001","1":"product","2":"type-product","3":"status-publish","4":"has-post-thumbnail","6":"product_cat-ostern","7":"product_cat-figuren-ostern","8":"product_tag-dekoration-ostern","9":"product_tag-hasenfiguren-fur-ostern","10":"product_tag-ostern","11":"product_tag-ostern-deko","12":"product_tag-ostern-hasenfiguren","13":"product_tag-osterndekoration","14":"tm-no-options","15":"desktop-align-left","16":"tablet-align-left","17":"mobile-align-left","19":"first","20":"outofstock","21":"shipping-taxable","22":"purchasable","23":"product-type-variable"},"_links":{"self":[{"href":"https:\/\/bbdekorandmore.at\/hu\/wp-json\/wp\/v2\/product\/3001","targetHints":{"allow":["GET"]}}],"collection":[{"href":"https:\/\/bbdekorandmore.at\/hu\/wp-json\/wp\/v2\/product"}],"about":[{"href":"https:\/\/bbdekorandmore.at\/hu\/wp-json\/wp\/v2\/types\/product"}],"replies":[{"embeddable":true,"href":"https:\/\/bbdekorandmore.at\/hu\/wp-json\/wp\/v2\/comments?post=3001"}],"wp:featuredmedia":[{"embeddable":true,"href":"https:\/\/bbdekorandmore.at\/hu\/wp-json\/wp\/v2\/media\/2949"}],"wp:attachment":[{"href":"https:\/\/bbdekorandmore.at\/hu\/wp-json\/wp\/v2\/media?parent=3001"}],"wp:term":[{"taxonomy":"product_brand","embeddable":true,"href":"https:\/\/bbdekorandmore.at\/hu\/wp-json\/wp\/v2\/product_brand?post=3001"},{"taxonomy":"product_cat","embeddable":true,"href":"https:\/\/bbdekorandmore.at\/hu\/wp-json\/wp\/v2\/product_cat?post=3001"},{"taxonomy":"product_tag","embeddable":true,"href":"https:\/\/bbdekorandmore.at\/hu\/wp-json\/wp\/v2\/product_tag?post=3001"}],"curies":[{"name":"wp","href":"https:\/\/api.w.org\/{rel}","templated":true}]}}

Fehér nyúl figurák

<p>Keltse életre húsvéti dekorációját a kiváló minőségű polirezinből készült, varázslatos fehér nyúlfiguráinkkal. Ezek a 20 cm-es figurák nemcsak elegáns szemet gyönyörködtetőek, hanem a tavasz és a vidámság időtlen szimbólumai is lesznek otthonában.</p>
<p>A szeretettel megtervezett nyúlfigurák elegáns egyszerűséget sugároznak. A fehér polirezin anyag lágy és tiszta esztétikát kölcsönöz a figuráknak, a finom részletek pedig kiemelik a hitelességüket.</p>
<p>Helyezze ezeket a fehér nyuszi figurákat ünnepi asztali terítékre, polcra vagy húsvéti kosárba díszként. A semleges színek sokoldalúan kombinálhatóak más dekorációs elemekkel, míg a nagyméretű figurák feltűnő benyomást keltenek.</p>
<p>Ezek a nyuszifigurák nemcsak a húsvéti dekoráció ideális kiegészítői, hanem stílusos ajándékok is lehetnek a barátoknak és a családnak. Hozza a tavasz varázsát otthonába ezekkel az elegáns fehér nyuszifigurákkal. Rendeljen most, és hagyja, hogy ezeknek a figuráknak az időtlen szépsége a húsvét vidám hangulatába repítse!</p>

<p>Imádnivaló <strong>Fehér nyúl figurák</strong> kiváló minőségű polirezinből készült. Nagyméretű <strong>20 cm-es</strong> figurák nemcsak elegáns szemet gyönyörködtetőek, hanem a tavasz és az öröm időtlen szimbólumai is otthonában.</p>
<p>Márka: Clayre &amp;Eef <a class="continue" href="https://bbdekorandmore.at/hu/produkt/weise-hasenfiguren/">Continue Reading<span> Fehér nyúl figurák</span></a></p>
