{"id":3006,"date":"2024-01-30T16:54:18","date_gmt":"2024-01-30T16:54:18","guid":{"rendered":"http:\/\/bbdekorandmore.at\/?post_type=product&#038;p=3006"},"modified":"2025-02-07T07:41:42","modified_gmt":"2025-02-07T07:41:42","slug":"kaninchen-in-der-tasse-mit-blumen","status":"publish","type":"product","link":"https:\/\/bbdekorandmore.at\/hu\/produkt\/kaninchen-in-der-tasse-mit-blumen\/","title":{"rendered":"Ny\u00fal cs\u00e9sz\u00e9ben vir\u00e1gokkal"},"content":{"rendered":"<p>D\u00edsz\u00edtse otthon\u00e1t a kiv\u00e1l\u00f3 min\u0151s\u00e9g\u0171 polirezinb\u0151l k\u00e9sz\u00fclt, im\u00e1dnival\u00f3 ny\u00fal cs\u00e9sz\u00e9ben vir\u00e1gokkal. A 8x8x11 cm-es kompakt m\u00e9ret ez a figura nemcsak elragad\u00f3 szemet gy\u00f6ny\u00f6rk\u00f6dtet\u0151, hanem vid\u00e1m \u00e9s vir\u00e1gos kieg\u00e9sz\u00edt\u0151i is a h\u00fasv\u00e9ti dekor\u00e1ci\u00f3nak.<\/p>\n<p>A szeretettel megtervezett ny\u00falfigura aranyos nyulat \u00e1br\u00e1zol, akik egy cs\u00e9sz\u00e9ben \u00fcl, \u00e9s sz\u00ednes vir\u00e1gok veszik k\u00f6r\u00fcl. A kiv\u00e1l\u00f3 min\u0151s\u00e9g\u0171 polirezin anyag hiteles megjelen\u00e9st k\u00f6lcs\u00f6n\u00f6z a figur\u00e1nak, a finom r\u00e9szletek t\u00f6k\u00e9letesen \u00e9rz\u00e9keltetik a tavaszi jelenetet.<\/p>\n<p>Ez a ny\u00fal egy cs\u00e9sz\u00e9ben vir\u00e1gokkal ide\u00e1lis j\u00e1t\u00e9kos d\u00edszk\u00e9nt a polcon, vid\u00e1m d\u00edszk\u00e9nt az asztalon vagy b\u00e1jos r\u00e9szletk\u00e9nt a h\u00fasv\u00e9ti kos\u00e1rban. A kompakt m\u00e9ret sokoldal\u00fa elhelyez\u00e9si lehet\u0151s\u00e9geket tesznek lehet\u0151v\u00e9, a vir\u00e1gos jelenet pedig \u00e9l\u00e9nk \u00e9s friss hangulatot teremt.<\/p>\n<p>Hozzon egy csipetnyi tavaszt \u00e9s \u00f6r\u00f6m\u00f6t otthon\u00e1ba ezzel az im\u00e1dnival\u00f3 nyullal, amely egy vir\u00e1gokkal d\u00edsz\u00edtett polirezin cs\u00e9sz\u00e9ben \u00e1ll. Rendeljen most, \u00e9s hagyja, hogy ez a kedves kieg\u00e9sz\u00edt\u0151 a h\u00fasv\u00e9t vid\u00e1m hangulat\u00e1ba rep\u00edtse!<\/p>","protected":false},"excerpt":{"rendered":"<p>Im\u00e1dnival\u00f3 <strong>Ny\u00fal cs\u00e9sz\u00e9ben vir\u00e1gokkal<\/strong> kiv\u00e1l\u00f3 min\u0151s\u00e9g\u0171 polirezinb\u0151l k\u00e9sz\u00fclt. A kompakt <strong>8x8x11 cm-es<\/strong> figura nemcsak elb\u0171v\u00f6l\u0151 szemet gy\u00f6ny\u00f6rk\u00f6dtet\u0151ek, hanem vir\u00e1gos \u00e9s j\u00e1t\u00e9kos kieg\u00e9sz\u00edt\u0151i is otthon\u00e1nak.<\/p>\n<p>M\u00e1rka: Clayre &amp;Eef <a class=\"continue\" href=\"https:\/\/bbdekorandmore.at\/hu\/produkt\/kaninchen-in-der-tasse-mit-blumen\/\">Continue Reading<span> Ny\u00fal cs\u00e9sz\u00e9ben vir\u00e1gokkal<\/span><\/a><\/p>","protected":false},"featured_media":2885,"comment_status":"open","ping_status":"closed","template":"","meta":{"site-sidebar-layout":"default","site-content-layout":"","ast-site-content-layout":"default","site-content-style":"default","site-sidebar-style":"default","ast-global-header-display":"","ast-banner-title-visibility":"","ast-main-header-display":"","ast-hfb-above-header-display":"","ast-hfb-below-header-display":"","ast-hfb-mobile-header-display":"","site-post-title":"","ast-breadcrumbs-content":"","ast-featured-img":"","footer-sml-layout":"","ast-disable-related-posts":"","theme-transparent-header-meta":"default","adv-header-id-meta":"","stick-header-meta":"","header-above-stick-meta":"","header-main-stick-meta":"","header-below-stick-meta":"","astra-migrate-meta-layouts":"set","ast-page-background-enabled":"default","ast-page-background-meta":{"desktop":{"background-color":"var(--ast-global-color-4)","background-image":"","background-repeat":"repeat","background-position":"center center","background-size":"auto","background-attachment":"scroll","background-type":"","background-media":"","overlay-type":"","overlay-color":"","overlay-opacity":"","overlay-gradient":""},"tablet":{"background-color":"","background-image":"","background-repeat":"repeat","background-position":"center center","background-size":"auto","background-attachment":"scroll","background-type":"","background-media":"","overlay-type":"","overlay-color":"","overlay-opacity":"","overlay-gradient":""},"mobile":{"background-color":"","background-image":"","background-repeat":"repeat","background-position":"center center","background-size":"auto","background-attachment":"scroll","background-type":"","background-media":"","overlay-type":"","overlay-color":"","overlay-opacity":"","overlay-gradient":""}},"ast-content-background-meta":{"desktop":{"background-color":"var(--ast-global-color-5)","background-image":"","background-repeat":"repeat","background-position":"center center","background-size":"auto","background-attachment":"scroll","background-type":"","background-media":"","overlay-type":"","overlay-color":"","overlay-opacity":"","overlay-gradient":""},"tablet":{"background-color":"var(--ast-global-color-5)","background-image":"","background-repeat":"repeat","background-position":"center center","background-size":"auto","background-attachment":"scroll","background-type":"","background-media":"","overlay-type":"","overlay-color":"","overlay-opacity":"","overlay-gradient":""},"mobile":{"background-color":"var(--ast-global-color-5)","background-image":"","background-repeat":"repeat","background-position":"center center","background-size":"auto","background-attachment":"scroll","background-type":"","background-media":"","overlay-type":"","overlay-color":"","overlay-opacity":"","overlay-gradient":""}}},"product_brand":[],"product_cat":[23,470],"product_tag":[197,458,194,196,459,199],"class_list":{"0":"post-3006","1":"product","2":"type-product","3":"status-publish","4":"has-post-thumbnail","6":"product_cat-ostern","7":"product_cat-figuren-ostern","8":"product_tag-dekoration-ostern","9":"product_tag-hasenfiguren-fur-ostern","10":"product_tag-ostern","11":"product_tag-ostern-deko","12":"product_tag-ostern-hasenfiguren","13":"product_tag-osterndekoration","14":"tm-no-options","15":"desktop-align-left","16":"tablet-align-left","17":"mobile-align-left","19":"first","20":"outofstock","21":"shipping-taxable","22":"purchasable","23":"product-type-simple"},"_links":{"self":[{"href":"https:\/\/bbdekorandmore.at\/hu\/wp-json\/wp\/v2\/product\/3006","targetHints":{"allow":["GET"]}}],"collection":[{"href":"https:\/\/bbdekorandmore.at\/hu\/wp-json\/wp\/v2\/product"}],"about":[{"href":"https:\/\/bbdekorandmore.at\/hu\/wp-json\/wp\/v2\/types\/product"}],"replies":[{"embeddable":true,"href":"https:\/\/bbdekorandmore.at\/hu\/wp-json\/wp\/v2\/comments?post=3006"}],"wp:featuredmedia":[{"embeddable":true,"href":"https:\/\/bbdekorandmore.at\/hu\/wp-json\/wp\/v2\/media\/2885"}],"wp:attachment":[{"href":"https:\/\/bbdekorandmore.at\/hu\/wp-json\/wp\/v2\/media?parent=3006"}],"wp:term":[{"taxonomy":"product_brand","embeddable":true,"href":"https:\/\/bbdekorandmore.at\/hu\/wp-json\/wp\/v2\/product_brand?post=3006"},{"taxonomy":"product_cat","embeddable":true,"href":"https:\/\/bbdekorandmore.at\/hu\/wp-json\/wp\/v2\/product_cat?post=3006"},{"taxonomy":"product_tag","embeddable":true,"href":"https:\/\/bbdekorandmore.at\/hu\/wp-json\/wp\/v2\/product_tag?post=3006"}],"curies":[{"name":"wp","href":"https:\/\/api.w.org\/{rel}","templated":true}]}}

Nyúl csészében virágokkal

<p>Díszítse otthonát a kiváló minőségű polirezinből készült, imádnivaló nyúl csészében virágokkal. A 8x8x11 cm-es kompakt méret ez a figura nemcsak elragadó szemet gyönyörködtető, hanem vidám és virágos kiegészítői is a húsvéti dekorációnak.</p>
<p>A szeretettel megtervezett nyúlfigura aranyos nyulat ábrázol, akik egy csészében ül, és színes virágok veszik körül. A kiváló minőségű polirezin anyag hiteles megjelenést kölcsönöz a figurának, a finom részletek tökéletesen érzékeltetik a tavaszi jelenetet.</p>
<p>Ez a nyúl egy csészében virágokkal ideális játékos díszként a polcon, vidám díszként az asztalon vagy bájos részletként a húsvéti kosárban. A kompakt méret sokoldalú elhelyezési lehetőségeket tesznek lehetővé, a virágos jelenet pedig élénk és friss hangulatot teremt.</p>
<p>Hozzon egy csipetnyi tavaszt és örömöt otthonába ezzel az imádnivaló nyullal, amely egy virágokkal díszített polirezin csészében áll. Rendeljen most, és hagyja, hogy ez a kedves kiegészítő a húsvét vidám hangulatába repítse!</p>

<p>Imádnivaló <strong>Nyúl csészében virágokkal</strong> kiváló minőségű polirezinből készült. A kompakt <strong>8x8x11 cm-es</strong> figura nemcsak elbűvölő szemet gyönyörködtetőek, hanem virágos és játékos kiegészítői is otthonának.</p>
<p>Márka: Clayre &amp;Eef <a class="continue" href="https://bbdekorandmore.at/hu/produkt/kaninchen-in-der-tasse-mit-blumen/">Continue Reading<span> Nyúl csészében virágokkal</span></a></p>
