{"id":3009,"date":"2024-01-30T17:16:51","date_gmt":"2024-01-30T17:16:51","guid":{"rendered":"http:\/\/bbdekorandmore.at\/?post_type=product&#038;p=3009"},"modified":"2026-02-20T09:19:04","modified_gmt":"2026-02-20T09:19:04","slug":"kaninchenfiguren-zum-aufhangen","status":"publish","type":"product","link":"https:\/\/bbdekorandmore.at\/hu\/produkt\/kaninchenfiguren-zum-aufhangen\/","title":{"rendered":"Ny\u00fal figur\u00e1k, amiket fel lehet akasztani"},"content":{"rendered":"<p>Adjon j\u00e1t\u00e9kos jelleget h\u00fasv\u00e9ti dekor\u00e1ci\u00f3j\u00e1nak a kiv\u00e1l\u00f3 min\u0151s\u00e9g\u0171 polirezinb\u0151l k\u00e9sz\u00fclt, aranyos, l\u00f3g\u00f3 ny\u00falfigur\u00e1kkal. A 4x4x10 cm-es kompakt m\u00e9retekkel ezek a figur\u00e1k nemcsak elb\u0171v\u00f6l\u0151 szemet gy\u00f6ny\u00f6rk\u00f6dtet\u0151ek, hanem b\u00e1jos d\u00edszek is, amelyek k\u00f6nnyen elhelyezhet\u0151k otthona k\u00fcl\u00f6nb\u00f6z\u0151 helyein.<\/p>\n<p>A szeretettel megtervezett ny\u00falfigur\u00e1k aranyos nyulakat \u00e1br\u00e1zolnak f\u00fcgg\u0151 p\u00f3zban. A kiv\u00e1l\u00f3 min\u0151s\u00e9g\u0171 polirezin anyag hiteles megjelen\u00e9st k\u00f6lcs\u00f6n\u00f6z a figur\u00e1knak, finom r\u00e9szletekkel, amelyek t\u00f6k\u00e9letesen \u00e9rz\u00e9keltetik a j\u00e1t\u00e9kos jelenetet.<\/p>\n<p>Akassza fel ezeket a ny\u00falfigur\u00e1kat j\u00e1t\u00e9kos dekor\u00e1ci\u00f3k\u00e9nt az ablakra, ajt\u00f3ra, h\u00fasv\u00e9ti csokorra vagy b\u00e1rhov\u00e1, ahol vid\u00e1m \u00e9s b\u00e1jos hangulatot szeretne. A kompakt m\u00e9retek lehet\u0151v\u00e9 teszik a sokoldal\u00fa elhelyez\u00e9st, a l\u00f3g\u00f3 p\u00f3z pedig dinamikus \u00e9s \u00e9l\u00e9nk hangulatot teremt.<\/p>\n<p>Hozzon egy csipetnyi tavaszt \u00e9s \u00f6r\u00f6m\u00f6t otthon\u00e1ba ezekkel az aranyos polirezin ny\u00falfigur\u00e1kkal, amelyeket felakaszthat. Rendeljen most, \u00e9s hagyja, hogy ezek a kedves kieg\u00e9sz\u00edt\u0151k a h\u00fasv\u00e9t vid\u00e1m hangulat\u00e1ba rep\u00edts\u00e9k!<\/p>","protected":false},"excerpt":{"rendered":"<p>Aranyos <strong>Ny\u00fal figur\u00e1k, amiket fel lehet akasztani<\/strong> kiv\u00e1l\u00f3 min\u0151s\u00e9g\u0171 polirezinb\u0151l k\u00e9sz\u00fclt. A kompakt <strong>4x4x10 cm-es<\/strong> aranyos figur\u00e1k nemcsak elb\u0171v\u00f6l\u0151 szemet gy\u00f6ny\u00f6rk\u00f6dtet\u0151ek, hanem sokoldal\u00fa d\u00edszek is, amelyeket k\u00f6nnyed\u00e9n elhelyezhet otthon\u00e1nak k\u00fcl\u00f6nb\u00f6z\u0151 helyein.<\/p>\n<p>M\u00e1rka: Clayre &amp;Eef <a class=\"continue\" href=\"https:\/\/bbdekorandmore.at\/hu\/produkt\/kaninchenfiguren-zum-aufhangen\/\">Continue Reading<span> Ny\u00fal figur\u00e1k, amiket fel lehet akasztani<\/span><\/a><\/p>","protected":false},"featured_media":2888,"comment_status":"open","ping_status":"closed","template":"","meta":{"site-sidebar-layout":"default","site-content-layout":"","ast-site-content-layout":"default","site-content-style":"default","site-sidebar-style":"default","ast-global-header-display":"","ast-banner-title-visibility":"","ast-main-header-display":"","ast-hfb-above-header-display":"","ast-hfb-below-header-display":"","ast-hfb-mobile-header-display":"","site-post-title":"","ast-breadcrumbs-content":"","ast-featured-img":"","footer-sml-layout":"","ast-disable-related-posts":"","theme-transparent-header-meta":"default","adv-header-id-meta":"","stick-header-meta":"","header-above-stick-meta":"","header-main-stick-meta":"","header-below-stick-meta":"","astra-migrate-meta-layouts":"set","ast-page-background-enabled":"default","ast-page-background-meta":{"desktop":{"background-color":"var(--ast-global-color-4)","background-image":"","background-repeat":"repeat","background-position":"center center","background-size":"auto","background-attachment":"scroll","background-type":"","background-media":"","overlay-type":"","overlay-color":"","overlay-opacity":"","overlay-gradient":""},"tablet":{"background-color":"","background-image":"","background-repeat":"repeat","background-position":"center center","background-size":"auto","background-attachment":"scroll","background-type":"","background-media":"","overlay-type":"","overlay-color":"","overlay-opacity":"","overlay-gradient":""},"mobile":{"background-color":"","background-image":"","background-repeat":"repeat","background-position":"center center","background-size":"auto","background-attachment":"scroll","background-type":"","background-media":"","overlay-type":"","overlay-color":"","overlay-opacity":"","overlay-gradient":""}},"ast-content-background-meta":{"desktop":{"background-color":"var(--ast-global-color-5)","background-image":"","background-repeat":"repeat","background-position":"center center","background-size":"auto","background-attachment":"scroll","background-type":"","background-media":"","overlay-type":"","overlay-color":"","overlay-opacity":"","overlay-gradient":""},"tablet":{"background-color":"var(--ast-global-color-5)","background-image":"","background-repeat":"repeat","background-position":"center center","background-size":"auto","background-attachment":"scroll","background-type":"","background-media":"","overlay-type":"","overlay-color":"","overlay-opacity":"","overlay-gradient":""},"mobile":{"background-color":"var(--ast-global-color-5)","background-image":"","background-repeat":"repeat","background-position":"center center","background-size":"auto","background-attachment":"scroll","background-type":"","background-media":"","overlay-type":"","overlay-color":"","overlay-opacity":"","overlay-gradient":""}}},"product_brand":[],"product_cat":[23,470],"product_tag":[197,458,194,196,459,199],"class_list":{"0":"post-3009","1":"product","2":"type-product","3":"status-publish","4":"has-post-thumbnail","6":"product_cat-ostern","7":"product_cat-figuren-ostern","8":"product_tag-dekoration-ostern","9":"product_tag-hasenfiguren-fur-ostern","10":"product_tag-ostern","11":"product_tag-ostern-deko","12":"product_tag-ostern-hasenfiguren","13":"product_tag-osterndekoration","14":"tm-no-options","15":"desktop-align-left","16":"tablet-align-left","17":"mobile-align-left","19":"first","20":"instock","21":"shipping-taxable","22":"purchasable","23":"product-type-variable"},"_links":{"self":[{"href":"https:\/\/bbdekorandmore.at\/hu\/wp-json\/wp\/v2\/product\/3009","targetHints":{"allow":["GET"]}}],"collection":[{"href":"https:\/\/bbdekorandmore.at\/hu\/wp-json\/wp\/v2\/product"}],"about":[{"href":"https:\/\/bbdekorandmore.at\/hu\/wp-json\/wp\/v2\/types\/product"}],"replies":[{"embeddable":true,"href":"https:\/\/bbdekorandmore.at\/hu\/wp-json\/wp\/v2\/comments?post=3009"}],"wp:featuredmedia":[{"embeddable":true,"href":"https:\/\/bbdekorandmore.at\/hu\/wp-json\/wp\/v2\/media\/2888"}],"wp:attachment":[{"href":"https:\/\/bbdekorandmore.at\/hu\/wp-json\/wp\/v2\/media?parent=3009"}],"wp:term":[{"taxonomy":"product_brand","embeddable":true,"href":"https:\/\/bbdekorandmore.at\/hu\/wp-json\/wp\/v2\/product_brand?post=3009"},{"taxonomy":"product_cat","embeddable":true,"href":"https:\/\/bbdekorandmore.at\/hu\/wp-json\/wp\/v2\/product_cat?post=3009"},{"taxonomy":"product_tag","embeddable":true,"href":"https:\/\/bbdekorandmore.at\/hu\/wp-json\/wp\/v2\/product_tag?post=3009"}],"curies":[{"name":"wp","href":"https:\/\/api.w.org\/{rel}","templated":true}]}}

Nyúl figurák, amiket fel lehet akasztani

<p>Adjon játékos jelleget húsvéti dekorációjának a kiváló minőségű polirezinből készült, aranyos, lógó nyúlfigurákkal. A 4x4x10 cm-es kompakt méretekkel ezek a figurák nemcsak elbűvölő szemet gyönyörködtetőek, hanem bájos díszek is, amelyek könnyen elhelyezhetők otthona különböző helyein.</p>
<p>A szeretettel megtervezett nyúlfigurák aranyos nyulakat ábrázolnak függő pózban. A kiváló minőségű polirezin anyag hiteles megjelenést kölcsönöz a figuráknak, finom részletekkel, amelyek tökéletesen érzékeltetik a játékos jelenetet.</p>
<p>Akassza fel ezeket a nyúlfigurákat játékos dekorációként az ablakra, ajtóra, húsvéti csokorra vagy bárhová, ahol vidám és bájos hangulatot szeretne. A kompakt méretek lehetővé teszik a sokoldalú elhelyezést, a lógó póz pedig dinamikus és élénk hangulatot teremt.</p>
<p>Hozzon egy csipetnyi tavaszt és örömöt otthonába ezekkel az aranyos polirezin nyúlfigurákkal, amelyeket felakaszthat. Rendeljen most, és hagyja, hogy ezek a kedves kiegészítők a húsvét vidám hangulatába repítsék!</p>

<p>Aranyos <strong>Nyúl figurák, amiket fel lehet akasztani</strong> kiváló minőségű polirezinből készült. A kompakt <strong>4x4x10 cm-es</strong> aranyos figurák nemcsak elbűvölő szemet gyönyörködtetőek, hanem sokoldalú díszek is, amelyeket könnyedén elhelyezhet otthonának különböző helyein.</p>
<p>Márka: Clayre &amp;Eef <a class="continue" href="https://bbdekorandmore.at/hu/produkt/kaninchenfiguren-zum-aufhangen/">Continue Reading<span> Nyúl figurák, amiket fel lehet akasztani</span></a></p>
