{"id":3013,"date":"2024-01-30T17:25:36","date_gmt":"2024-01-30T17:25:36","guid":{"rendered":"http:\/\/bbdekorandmore.at\/?post_type=product&#038;p=3013"},"modified":"2024-02-11T08:32:40","modified_gmt":"2024-02-11T08:32:40","slug":"kaninchenfiguren-im-ei","status":"publish","type":"product","link":"https:\/\/bbdekorandmore.at\/hu\/produkt\/kaninchenfiguren-im-ei\/","title":{"rendered":"Ny\u00fal figur\u00e1k toj\u00e1sban"},"content":{"rendered":"<p>Keltsd \u00e9letre a tavaszt a kiv\u00e1l\u00f3 min\u0151s\u00e9g\u0171 polirezinb\u0151l k\u00e9sz\u00fclt, toj\u00e1sban \u00fcl\u0151, elb\u0171v\u00f6l\u0151 ny\u00falfigur\u00e1inkkal. A b\u0151s\u00e9ges, 12 cm-es m\u00e9ret\u00fckkel ezek a figur\u00e1k nemcsak leny\u0171g\u00f6z\u0151 l\u00e1tv\u00e1nyt ny\u00fajtanak, hanem a vid\u00e1ms\u00e1g \u00e9s a n\u00f6veked\u00e9s var\u00e1zslatos szimb\u00f3lumai is a h\u00fasv\u00e9ti dekor\u00e1ci\u00f3ban.<\/p>\n<p>A szeretettel megtervezett ny\u00falfigur\u00e1k aranyos nyulakat \u00e1br\u00e1zolnak, akik k\u00e9nyelmesen bef\u00e9szkelt\u00e9k magukat egy vir\u00e1gokkal d\u00edsz\u00edtett toj\u00e1sba. A kiv\u00e1l\u00f3 min\u0151s\u00e9g\u0171 polirezin anyag hiteles megjelen\u00e9st k\u00f6lcs\u00f6n\u00f6z a figur\u00e1knak, a finom r\u00e9szletek t\u00f6k\u00e9letesen \u00e9rz\u00e9keltetik a tavaszi jelenetet.<\/p>\n<p>Helyezze ezeket a toj\u00e1sban l\u00e9v\u0151 ny\u00falfigur\u00e1kat impoz\u00e1ns dekor\u00e1ci\u00f3k\u00e9nt egy asztalra, kandall\u00f3p\u00e1rk\u00e1nyra vagy szemet gy\u00f6ny\u00f6rk\u00f6dtet\u0151 d\u00edszk\u00e9nt egy polcra. A nagym\u00e9ret\u0171 m\u00e9ret lehet\u0151v\u00e9 teszi, hogy ezeket a figur\u00e1kat a h\u00fasv\u00e9ti dekor\u00e1ci\u00f3 k\u00f6z\u00e9ppontjak\u00e9nt mutassa be, a vid\u00e1m jelenet pedig meleg \u00e9s h\u00edvogat\u00f3 hangulatot teremt.<\/p>\n<p>Hozzon egy csipetnyi tavaszt \u00e9s \u00f6r\u00f6m\u00f6t otthon\u00e1ba ezekkel az im\u00e1dnival\u00f3 ny\u00falfigur\u00e1kkal egy polirezin toj\u00e1sban. Rendeljen most, \u00e9s hagyja, hogy ez a kedves kieg\u00e9sz\u00edt\u0151 a h\u00fasv\u00e9t vid\u00e1m hangulat\u00e1ba rep\u00edtse!<\/p>","protected":false},"excerpt":{"rendered":"<p>Aranyos <strong>Ny\u00fal figur\u00e1k toj\u00e1sban<\/strong> kiv\u00e1l\u00f3 min\u0151s\u00e9g\u0171 polirezinb\u0151l k\u00e9sz\u00fclt. Nagym\u00e9ret\u0171 <strong>12 cm magas<\/strong> ezek a figur\u00e1k leny\u0171g\u00f6z\u0151 figyelemfelkelt\u0151 elemekk\u00e9 v\u00e1lnak, amelyek \u00e9lettel t\u00f6ltik meg a tavaszi dekor\u00e1ci\u00f3t.<\/p>\n<p>M\u00e1rka: Clayre &amp;Eef <a class=\"continue\" href=\"https:\/\/bbdekorandmore.at\/hu\/produkt\/kaninchenfiguren-im-ei\/\">Continue Reading<span> Ny\u00fal figur\u00e1k toj\u00e1sban<\/span><\/a><\/p>","protected":false},"featured_media":2892,"comment_status":"open","ping_status":"closed","template":"","meta":{"site-sidebar-layout":"default","site-content-layout":"","ast-site-content-layout":"default","site-content-style":"default","site-sidebar-style":"default","ast-global-header-display":"","ast-banner-title-visibility":"","ast-main-header-display":"","ast-hfb-above-header-display":"","ast-hfb-below-header-display":"","ast-hfb-mobile-header-display":"","site-post-title":"","ast-breadcrumbs-content":"","ast-featured-img":"","footer-sml-layout":"","ast-disable-related-posts":"","theme-transparent-header-meta":"default","adv-header-id-meta":"","stick-header-meta":"","header-above-stick-meta":"","header-main-stick-meta":"","header-below-stick-meta":"","astra-migrate-meta-layouts":"set","ast-page-background-enabled":"default","ast-page-background-meta":{"desktop":{"background-color":"var(--ast-global-color-4)","background-image":"","background-repeat":"repeat","background-position":"center center","background-size":"auto","background-attachment":"scroll","background-type":"","background-media":"","overlay-type":"","overlay-color":"","overlay-opacity":"","overlay-gradient":""},"tablet":{"background-color":"","background-image":"","background-repeat":"repeat","background-position":"center center","background-size":"auto","background-attachment":"scroll","background-type":"","background-media":"","overlay-type":"","overlay-color":"","overlay-opacity":"","overlay-gradient":""},"mobile":{"background-color":"","background-image":"","background-repeat":"repeat","background-position":"center center","background-size":"auto","background-attachment":"scroll","background-type":"","background-media":"","overlay-type":"","overlay-color":"","overlay-opacity":"","overlay-gradient":""}},"ast-content-background-meta":{"desktop":{"background-color":"var(--ast-global-color-5)","background-image":"","background-repeat":"repeat","background-position":"center center","background-size":"auto","background-attachment":"scroll","background-type":"","background-media":"","overlay-type":"","overlay-color":"","overlay-opacity":"","overlay-gradient":""},"tablet":{"background-color":"var(--ast-global-color-5)","background-image":"","background-repeat":"repeat","background-position":"center center","background-size":"auto","background-attachment":"scroll","background-type":"","background-media":"","overlay-type":"","overlay-color":"","overlay-opacity":"","overlay-gradient":""},"mobile":{"background-color":"var(--ast-global-color-5)","background-image":"","background-repeat":"repeat","background-position":"center center","background-size":"auto","background-attachment":"scroll","background-type":"","background-media":"","overlay-type":"","overlay-color":"","overlay-opacity":"","overlay-gradient":""}}},"product_brand":[],"product_cat":[23,470],"product_tag":[197,458,194,196,459,199],"class_list":{"0":"post-3013","1":"product","2":"type-product","3":"status-publish","4":"has-post-thumbnail","6":"product_cat-ostern","7":"product_cat-figuren-ostern","8":"product_tag-dekoration-ostern","9":"product_tag-hasenfiguren-fur-ostern","10":"product_tag-ostern","11":"product_tag-ostern-deko","12":"product_tag-ostern-hasenfiguren","13":"product_tag-osterndekoration","14":"tm-no-options","15":"desktop-align-left","16":"tablet-align-left","17":"mobile-align-left","19":"first","20":"instock","21":"shipping-taxable","22":"purchasable","23":"product-type-simple"},"_links":{"self":[{"href":"https:\/\/bbdekorandmore.at\/hu\/wp-json\/wp\/v2\/product\/3013","targetHints":{"allow":["GET"]}}],"collection":[{"href":"https:\/\/bbdekorandmore.at\/hu\/wp-json\/wp\/v2\/product"}],"about":[{"href":"https:\/\/bbdekorandmore.at\/hu\/wp-json\/wp\/v2\/types\/product"}],"replies":[{"embeddable":true,"href":"https:\/\/bbdekorandmore.at\/hu\/wp-json\/wp\/v2\/comments?post=3013"}],"wp:featuredmedia":[{"embeddable":true,"href":"https:\/\/bbdekorandmore.at\/hu\/wp-json\/wp\/v2\/media\/2892"}],"wp:attachment":[{"href":"https:\/\/bbdekorandmore.at\/hu\/wp-json\/wp\/v2\/media?parent=3013"}],"wp:term":[{"taxonomy":"product_brand","embeddable":true,"href":"https:\/\/bbdekorandmore.at\/hu\/wp-json\/wp\/v2\/product_brand?post=3013"},{"taxonomy":"product_cat","embeddable":true,"href":"https:\/\/bbdekorandmore.at\/hu\/wp-json\/wp\/v2\/product_cat?post=3013"},{"taxonomy":"product_tag","embeddable":true,"href":"https:\/\/bbdekorandmore.at\/hu\/wp-json\/wp\/v2\/product_tag?post=3013"}],"curies":[{"name":"wp","href":"https:\/\/api.w.org\/{rel}","templated":true}]}}

Nyúl figurák tojásban

<p>Keltsd életre a tavaszt a kiváló minőségű polirezinből készült, tojásban ülő, elbűvölő nyúlfiguráinkkal. A bőséges, 12 cm-es méretükkel ezek a figurák nemcsak lenyűgöző látványt nyújtanak, hanem a vidámság és a növekedés varázslatos szimbólumai is a húsvéti dekorációban.</p>
<p>A szeretettel megtervezett nyúlfigurák aranyos nyulakat ábrázolnak, akik kényelmesen befészkelték magukat egy virágokkal díszített tojásba. A kiváló minőségű polirezin anyag hiteles megjelenést kölcsönöz a figuráknak, a finom részletek tökéletesen érzékeltetik a tavaszi jelenetet.</p>
<p>Helyezze ezeket a tojásban lévő nyúlfigurákat impozáns dekorációként egy asztalra, kandallópárkányra vagy szemet gyönyörködtető díszként egy polcra. A nagyméretű méret lehetővé teszi, hogy ezeket a figurákat a húsvéti dekoráció középpontjaként mutassa be, a vidám jelenet pedig meleg és hívogató hangulatot teremt.</p>
<p>Hozzon egy csipetnyi tavaszt és örömöt otthonába ezekkel az imádnivaló nyúlfigurákkal egy polirezin tojásban. Rendeljen most, és hagyja, hogy ez a kedves kiegészítő a húsvét vidám hangulatába repítse!</p>

<p>Aranyos <strong>Nyúl figurák tojásban</strong> kiváló minőségű polirezinből készült. Nagyméretű <strong>12 cm magas</strong> ezek a figurák lenyűgöző figyelemfelkeltő elemekké válnak, amelyek élettel töltik meg a tavaszi dekorációt.</p>
<p>Márka: Clayre &amp;Eef <a class="continue" href="https://bbdekorandmore.at/hu/produkt/kaninchenfiguren-im-ei/">Continue Reading<span> Nyúl figurák tojásban</span></a></p>
