{"id":3015,"date":"2024-01-30T17:34:15","date_gmt":"2024-01-30T17:34:15","guid":{"rendered":"http:\/\/bbdekorandmore.at\/?post_type=product&#038;p=3015"},"modified":"2024-02-11T08:31:36","modified_gmt":"2024-02-11T08:31:36","slug":"kaninchenfigur-mit-gewebtem-ei","status":"publish","type":"product","link":"https:\/\/bbdekorandmore.at\/hu\/produkt\/kaninchenfigur-mit-gewebtem-ei\/","title":{"rendered":"Ny\u00fal figura fonott toj\u00e1ssal"},"content":{"rendered":"<p>Gazdag\u00edtsa h\u00fasv\u00e9ti dekor\u00e1ci\u00f3j\u00e1t a kiv\u00e1l\u00f3 min\u0151s\u00e9g\u0171 polirezinb\u0151l k\u00e9sz\u00fclt, fonott toj\u00e1ssal \u00e1br\u00e1zolt, var\u00e1zslatos ny\u00falfigur\u00e1val. A 8x5x11 cm-es kompakt m\u00e9reteivel ez a figura nemcsak b\u00e1jos szemet gy\u00f6ny\u00f6rk\u00f6dtet\u0151, hanem a tavasz \u00e9s a r\u00e9szletekre val\u00f3 odafigyel\u00e9s m\u0171v\u00e9szi szimb\u00f3luma is otthon\u00e1ban.<\/p>\n<p>A szeretettel megtervezett ny\u00falfigura egy aranyos nyulat \u00e1br\u00e1zol, aki b\u00fcszk\u00e9n tart a mancsaiban egy m\u0171v\u00e9szien fonott toj\u00e1st. A kiv\u00e1l\u00f3 min\u0151s\u00e9g\u0171 polirezin anyag hiteles megjelen\u00e9st k\u00f6lcs\u00f6n\u00f6z a figur\u00e1nak, amelynek finom r\u00e9szletei t\u00f6k\u00e9letesen meg\u00f6r\u00f6k\u00edtik a m\u0171v\u00e9szi jelenetet.<\/p>\n<p>Helyezze ezt a fonott toj\u00e1ssal ell\u00e1tott ny\u00falfigur\u00e1t m\u0171v\u00e9szi dekor\u00e1ci\u00f3k\u00e9nt egy polcra, asztalra vagy egy h\u00fasv\u00e9ti kos\u00e1rba kedves r\u00e9szletk\u00e9nt. A kompakt m\u00e9retek sokoldal\u00fa elhelyez\u00e9si lehet\u0151s\u00e9get biztos\u00edtanak, m\u00edg a m\u0171v\u00e9szi jelenet meleg \u00e9s h\u00edvogat\u00f3 hangulatot teremt.<\/p>\n<p>Hozzon egy kis k\u00e9zm\u0171vesked\u00e9st \u00e9s tavaszt otthon\u00e1ba ezzel az im\u00e1dnival\u00f3, polirezinb\u0151l k\u00e9sz\u00fclt, fonott toj\u00e1ssal ell\u00e1tott ny\u00falfigur\u00e1val. Rendelje meg most, \u00e9s hagyja, hogy ez a kedves kieg\u00e9sz\u00edt\u0151 a h\u00fasv\u00e9t vid\u00e1m hangulat\u00e1ba rep\u00edtse!<\/p>","protected":false},"excerpt":{"rendered":"<p>Aranyos <strong>Ny\u00fal figura fonott toj\u00e1ssal<\/strong> kiv\u00e1l\u00f3 min\u0151s\u00e9g\u0171 polirezinb\u0151l k\u00e9sz\u00fclt. A kompakt <strong>8x5x11 cm-es<\/strong> m\u00e9reteknek k\u00f6sz\u00f6nhet\u0151en ez a figura nemcsak b\u00e1jos szemet gy\u00f6ny\u00f6rk\u00f6dtet\u0151, hanem a tavasz szeretetteljes szimb\u00f3luma is.<\/p>\n<p>M\u00e1rka: Clayre &amp;Eef <a class=\"continue\" href=\"https:\/\/bbdekorandmore.at\/hu\/produkt\/kaninchenfigur-mit-gewebtem-ei\/\">Continue Reading<span> Ny\u00fal figura fonott toj\u00e1ssal<\/span><\/a><\/p>","protected":false},"featured_media":2897,"comment_status":"open","ping_status":"closed","template":"","meta":{"site-sidebar-layout":"default","site-content-layout":"","ast-site-content-layout":"default","site-content-style":"default","site-sidebar-style":"default","ast-global-header-display":"","ast-banner-title-visibility":"","ast-main-header-display":"","ast-hfb-above-header-display":"","ast-hfb-below-header-display":"","ast-hfb-mobile-header-display":"","site-post-title":"","ast-breadcrumbs-content":"","ast-featured-img":"","footer-sml-layout":"","ast-disable-related-posts":"","theme-transparent-header-meta":"default","adv-header-id-meta":"","stick-header-meta":"","header-above-stick-meta":"","header-main-stick-meta":"","header-below-stick-meta":"","astra-migrate-meta-layouts":"set","ast-page-background-enabled":"default","ast-page-background-meta":{"desktop":{"background-color":"var(--ast-global-color-4)","background-image":"","background-repeat":"repeat","background-position":"center center","background-size":"auto","background-attachment":"scroll","background-type":"","background-media":"","overlay-type":"","overlay-color":"","overlay-opacity":"","overlay-gradient":""},"tablet":{"background-color":"","background-image":"","background-repeat":"repeat","background-position":"center center","background-size":"auto","background-attachment":"scroll","background-type":"","background-media":"","overlay-type":"","overlay-color":"","overlay-opacity":"","overlay-gradient":""},"mobile":{"background-color":"","background-image":"","background-repeat":"repeat","background-position":"center center","background-size":"auto","background-attachment":"scroll","background-type":"","background-media":"","overlay-type":"","overlay-color":"","overlay-opacity":"","overlay-gradient":""}},"ast-content-background-meta":{"desktop":{"background-color":"var(--ast-global-color-5)","background-image":"","background-repeat":"repeat","background-position":"center center","background-size":"auto","background-attachment":"scroll","background-type":"","background-media":"","overlay-type":"","overlay-color":"","overlay-opacity":"","overlay-gradient":""},"tablet":{"background-color":"var(--ast-global-color-5)","background-image":"","background-repeat":"repeat","background-position":"center center","background-size":"auto","background-attachment":"scroll","background-type":"","background-media":"","overlay-type":"","overlay-color":"","overlay-opacity":"","overlay-gradient":""},"mobile":{"background-color":"var(--ast-global-color-5)","background-image":"","background-repeat":"repeat","background-position":"center center","background-size":"auto","background-attachment":"scroll","background-type":"","background-media":"","overlay-type":"","overlay-color":"","overlay-opacity":"","overlay-gradient":""}}},"product_brand":[],"product_cat":[23,470],"product_tag":[197,458,194,196,459,199],"class_list":{"0":"post-3015","1":"product","2":"type-product","3":"status-publish","4":"has-post-thumbnail","6":"product_cat-ostern","7":"product_cat-figuren-ostern","8":"product_tag-dekoration-ostern","9":"product_tag-hasenfiguren-fur-ostern","10":"product_tag-ostern","11":"product_tag-ostern-deko","12":"product_tag-ostern-hasenfiguren","13":"product_tag-osterndekoration","14":"tm-no-options","15":"desktop-align-left","16":"tablet-align-left","17":"mobile-align-left","19":"first","20":"instock","21":"shipping-taxable","22":"purchasable","23":"product-type-simple"},"_links":{"self":[{"href":"https:\/\/bbdekorandmore.at\/hu\/wp-json\/wp\/v2\/product\/3015","targetHints":{"allow":["GET"]}}],"collection":[{"href":"https:\/\/bbdekorandmore.at\/hu\/wp-json\/wp\/v2\/product"}],"about":[{"href":"https:\/\/bbdekorandmore.at\/hu\/wp-json\/wp\/v2\/types\/product"}],"replies":[{"embeddable":true,"href":"https:\/\/bbdekorandmore.at\/hu\/wp-json\/wp\/v2\/comments?post=3015"}],"wp:featuredmedia":[{"embeddable":true,"href":"https:\/\/bbdekorandmore.at\/hu\/wp-json\/wp\/v2\/media\/2897"}],"wp:attachment":[{"href":"https:\/\/bbdekorandmore.at\/hu\/wp-json\/wp\/v2\/media?parent=3015"}],"wp:term":[{"taxonomy":"product_brand","embeddable":true,"href":"https:\/\/bbdekorandmore.at\/hu\/wp-json\/wp\/v2\/product_brand?post=3015"},{"taxonomy":"product_cat","embeddable":true,"href":"https:\/\/bbdekorandmore.at\/hu\/wp-json\/wp\/v2\/product_cat?post=3015"},{"taxonomy":"product_tag","embeddable":true,"href":"https:\/\/bbdekorandmore.at\/hu\/wp-json\/wp\/v2\/product_tag?post=3015"}],"curies":[{"name":"wp","href":"https:\/\/api.w.org\/{rel}","templated":true}]}}

Nyúl figura fonott tojással

<p>Gazdagítsa húsvéti dekorációját a kiváló minőségű polirezinből készült, fonott tojással ábrázolt, varázslatos nyúlfigurával. A 8x5x11 cm-es kompakt méreteivel ez a figura nemcsak bájos szemet gyönyörködtető, hanem a tavasz és a részletekre való odafigyelés művészi szimbóluma is otthonában.</p>
<p>A szeretettel megtervezett nyúlfigura egy aranyos nyulat ábrázol, aki büszkén tart a mancsaiban egy művészien fonott tojást. A kiváló minőségű polirezin anyag hiteles megjelenést kölcsönöz a figurának, amelynek finom részletei tökéletesen megörökítik a művészi jelenetet.</p>
<p>Helyezze ezt a fonott tojással ellátott nyúlfigurát művészi dekorációként egy polcra, asztalra vagy egy húsvéti kosárba kedves részletként. A kompakt méretek sokoldalú elhelyezési lehetőséget biztosítanak, míg a művészi jelenet meleg és hívogató hangulatot teremt.</p>
<p>Hozzon egy kis kézműveskedést és tavaszt otthonába ezzel az imádnivaló, polirezinből készült, fonott tojással ellátott nyúlfigurával. Rendelje meg most, és hagyja, hogy ez a kedves kiegészítő a húsvét vidám hangulatába repítse!</p>

<p>Aranyos <strong>Nyúl figura fonott tojással</strong> kiváló minőségű polirezinből készült. A kompakt <strong>8x5x11 cm-es</strong> méreteknek köszönhetően ez a figura nemcsak bájos szemet gyönyörködtető, hanem a tavasz szeretetteljes szimbóluma is.</p>
<p>Márka: Clayre &amp;Eef <a class="continue" href="https://bbdekorandmore.at/hu/produkt/kaninchenfigur-mit-gewebtem-ei/">Continue Reading<span> Nyúl figura fonott tojással</span></a></p>
