{"id":3016,"date":"2024-01-30T18:23:34","date_gmt":"2024-01-30T18:23:34","guid":{"rendered":"http:\/\/bbdekorandmore.at\/?post_type=product&#038;p=3016"},"modified":"2025-03-21T10:54:23","modified_gmt":"2025-03-21T10:54:23","slug":"ostern-tischset","status":"publish","type":"product","link":"https:\/\/bbdekorandmore.at\/hu\/produkt\/ostern-tischset\/","title":{"rendered":"H\u00fasv\u00e9ti ter\u00edt\u00e9k"},"content":{"rendered":"<p>D\u00edsz\u00edtse fel h\u00fasv\u00e9ti asztal\u00e1t a kiv\u00e1l\u00f3 min\u0151s\u00e9g\u0171 porcel\u00e1nb\u00f3l k\u00e9sz\u00fclt t\u00e1ny\u00e9rokb\u00f3l, b\u00f6gr\u00e9kb\u0151l \u00e9s toj\u00e1sos cs\u00e9sz\u00e9kb\u0151l \u00e1ll\u00f3 var\u00e1zslatos h\u00fasv\u00e9ti asztali k\u00e9szlettel. Ez a szeretettel megtervezett k\u00e9szlet \u00fcnnepi hangulatot k\u00f6lcs\u00f6n\u00f6z az asztald\u00edsz\u00edt\u00e9snek, \u00e9s t\u00f6k\u00e9letes keretet teremt egy vid\u00e1m h\u00fasv\u00e9ti \u00e9tkez\u00e9shez.<\/p>\n<p>A k\u00e9szlet egy 20 cm \u00e1tm\u00e9r\u0151j\u0171 t\u00e1ny\u00e9rb\u00f3l, egy 350 ml \u0171rtartalm\u00fa b\u00f6gr\u00e9b\u0151l \u00e9s egy 4\u00d76 cm-es, aranyos toj\u00e1scs\u00e9sz\u00e9b\u0151l \u00e1ll. Minden egyes darab magas min\u0151s\u00e9g\u0171 porcel\u00e1nb\u00f3l k\u00e9sz\u00fclt, gondosan megmunk\u00e1lt, \u00e9s finoman kidolgozott, r\u00e9szletes h\u00fasv\u00e9ti mot\u00edvum-diz\u00e1jn jellemzi.<\/p>\n<p>A t\u00e1ny\u00e9r \u00e9s a b\u00f6gre \u00fcnnepi h\u00fasv\u00e9ti mot\u00edvumai a b\u00e1jos toj\u00e1sos cs\u00e9sz\u00e9vel p\u00e1rosulva harmonikus egys\u00e9get alkotnak, \u00e9s k\u00fcl\u00f6n\u00f6sen h\u00edvogat\u00f3v\u00e1 teszik a h\u00fasv\u00e9ti asztalt. A ter\u00edt\u00e9k ide\u00e1lis egy hangulatos reggelihez vagy vill\u00e1sreggelihez a csal\u00e1ddal \u00e9s a bar\u00e1tokkal.<\/p>\n<p>Var\u00e1zsoljon vid\u00e1m hangulatot az \u00e9tkez\u0151asztalra a porcel\u00e1n t\u00e1ny\u00e9rokb\u00f3l, b\u00f6gr\u00e9kb\u0151l \u00e9s toj\u00e1scs\u00e9sz\u00e9kb\u0151l \u00e1ll\u00f3 h\u00fasv\u00e9ti asztali k\u00e9szlettel. Rendelje meg most ezt az elragad\u00f3 k\u00e9szletet, \u00e9s hagyja mag\u00e1t megihletni a h\u00fasv\u00e9t \u00fcnnepi hangulat\u00e1t\u00f3l!<\/p>","protected":false},"excerpt":{"rendered":"<p>Im\u00e1dnival\u00f3 <strong>H\u00fasv\u00e9ti asztali k\u00e9szlet t\u00e1ny\u00e9rokkal, cs\u00e9sz\u00e9kkel \u00e9s toj\u00e1start\u00f3kkal<\/strong> finom porcel\u00e1nb\u00f3l k\u00e9sz\u00fclt. Ezt a szeretettel megmunk\u00e1lt k\u00e9szletet gondosan tervezt\u00e9k, hogy vid\u00e1m \u00e9s st\u00edlusos hangulatot k\u00f6lcs\u00f6n\u00f6zz\u00f6n a h\u00fasv\u00e9ti \u00fcnneps\u00e9geknek. <a class=\"continue\" href=\"https:\/\/bbdekorandmore.at\/hu\/produkt\/ostern-tischset\/\">Continue Reading<span> H\u00fasv\u00e9ti ter\u00edt\u00e9k<\/span><\/a><\/p>","protected":false},"featured_media":2919,"comment_status":"open","ping_status":"closed","template":"","meta":{"site-sidebar-layout":"default","site-content-layout":"","ast-site-content-layout":"default","site-content-style":"default","site-sidebar-style":"default","ast-global-header-display":"","ast-banner-title-visibility":"","ast-main-header-display":"","ast-hfb-above-header-display":"","ast-hfb-below-header-display":"","ast-hfb-mobile-header-display":"","site-post-title":"","ast-breadcrumbs-content":"","ast-featured-img":"","footer-sml-layout":"","ast-disable-related-posts":"","theme-transparent-header-meta":"default","adv-header-id-meta":"","stick-header-meta":"","header-above-stick-meta":"","header-main-stick-meta":"","header-below-stick-meta":"","astra-migrate-meta-layouts":"set","ast-page-background-enabled":"default","ast-page-background-meta":{"desktop":{"background-color":"var(--ast-global-color-4)","background-image":"","background-repeat":"repeat","background-position":"center center","background-size":"auto","background-attachment":"scroll","background-type":"","background-media":"","overlay-type":"","overlay-color":"","overlay-opacity":"","overlay-gradient":""},"tablet":{"background-color":"","background-image":"","background-repeat":"repeat","background-position":"center center","background-size":"auto","background-attachment":"scroll","background-type":"","background-media":"","overlay-type":"","overlay-color":"","overlay-opacity":"","overlay-gradient":""},"mobile":{"background-color":"","background-image":"","background-repeat":"repeat","background-position":"center center","background-size":"auto","background-attachment":"scroll","background-type":"","background-media":"","overlay-type":"","overlay-color":"","overlay-opacity":"","overlay-gradient":""}},"ast-content-background-meta":{"desktop":{"background-color":"var(--ast-global-color-5)","background-image":"","background-repeat":"repeat","background-position":"center center","background-size":"auto","background-attachment":"scroll","background-type":"","background-media":"","overlay-type":"","overlay-color":"","overlay-opacity":"","overlay-gradient":""},"tablet":{"background-color":"var(--ast-global-color-5)","background-image":"","background-repeat":"repeat","background-position":"center center","background-size":"auto","background-attachment":"scroll","background-type":"","background-media":"","overlay-type":"","overlay-color":"","overlay-opacity":"","overlay-gradient":""},"mobile":{"background-color":"var(--ast-global-color-5)","background-image":"","background-repeat":"repeat","background-position":"center center","background-size":"auto","background-attachment":"scroll","background-type":"","background-media":"","overlay-type":"","overlay-color":"","overlay-opacity":"","overlay-gradient":""}}},"product_brand":[],"product_cat":[23,472],"product_tag":[197,194,196,199],"class_list":{"0":"post-3016","1":"product","2":"type-product","3":"status-publish","4":"has-post-thumbnail","6":"product_cat-ostern","7":"product_cat-accessories","8":"product_tag-dekoration-ostern","9":"product_tag-ostern","10":"product_tag-ostern-deko","11":"product_tag-osterndekoration","12":"tm-no-options","13":"desktop-align-left","14":"tablet-align-left","15":"mobile-align-left","17":"first","18":"instock","19":"shipping-taxable","20":"purchasable","21":"product-type-variable"},"_links":{"self":[{"href":"https:\/\/bbdekorandmore.at\/hu\/wp-json\/wp\/v2\/product\/3016","targetHints":{"allow":["GET"]}}],"collection":[{"href":"https:\/\/bbdekorandmore.at\/hu\/wp-json\/wp\/v2\/product"}],"about":[{"href":"https:\/\/bbdekorandmore.at\/hu\/wp-json\/wp\/v2\/types\/product"}],"replies":[{"embeddable":true,"href":"https:\/\/bbdekorandmore.at\/hu\/wp-json\/wp\/v2\/comments?post=3016"}],"wp:featuredmedia":[{"embeddable":true,"href":"https:\/\/bbdekorandmore.at\/hu\/wp-json\/wp\/v2\/media\/2919"}],"wp:attachment":[{"href":"https:\/\/bbdekorandmore.at\/hu\/wp-json\/wp\/v2\/media?parent=3016"}],"wp:term":[{"taxonomy":"product_brand","embeddable":true,"href":"https:\/\/bbdekorandmore.at\/hu\/wp-json\/wp\/v2\/product_brand?post=3016"},{"taxonomy":"product_cat","embeddable":true,"href":"https:\/\/bbdekorandmore.at\/hu\/wp-json\/wp\/v2\/product_cat?post=3016"},{"taxonomy":"product_tag","embeddable":true,"href":"https:\/\/bbdekorandmore.at\/hu\/wp-json\/wp\/v2\/product_tag?post=3016"}],"curies":[{"name":"wp","href":"https:\/\/api.w.org\/{rel}","templated":true}]}}

Húsvéti teríték

<p>Díszítse fel húsvéti asztalát a kiváló minőségű porcelánból készült tányérokból, bögrékből és tojásos csészékből álló varázslatos húsvéti asztali készlettel. Ez a szeretettel megtervezett készlet ünnepi hangulatot kölcsönöz az asztaldíszítésnek, és tökéletes keretet teremt egy vidám húsvéti étkezéshez.</p>
<p>A készlet egy 20 cm átmérőjű tányérból, egy 350 ml űrtartalmú bögréből és egy 4×6 cm-es, aranyos tojáscsészéből áll. Minden egyes darab magas minőségű porcelánból készült, gondosan megmunkált, és finoman kidolgozott, részletes húsvéti motívum-dizájn jellemzi.</p>
<p>A tányér és a bögre ünnepi húsvéti motívumai a bájos tojásos csészével párosulva harmonikus egységet alkotnak, és különösen hívogatóvá teszik a húsvéti asztalt. A teríték ideális egy hangulatos reggelihez vagy villásreggelihez a családdal és a barátokkal.</p>
<p>Varázsoljon vidám hangulatot az étkezőasztalra a porcelán tányérokból, bögrékből és tojáscsészékből álló húsvéti asztali készlettel. Rendelje meg most ezt az elragadó készletet, és hagyja magát megihletni a húsvét ünnepi hangulatától!</p>

<p>Imádnivaló <strong>Húsvéti asztali készlet tányérokkal, csészékkel és tojástartókkal</strong> finom porcelánból készült. Ezt a szeretettel megmunkált készletet gondosan tervezték, hogy vidám és stílusos hangulatot kölcsönözzön a húsvéti ünnepségeknek. <a class="continue" href="https://bbdekorandmore.at/hu/produkt/ostern-tischset/">Continue Reading<span> Húsvéti teríték</span></a></p>
