{"id":3020,"date":"2024-01-30T18:29:19","date_gmt":"2024-01-30T18:29:19","guid":{"rendered":"http:\/\/bbdekorandmore.at\/?post_type=product&#038;p=3020"},"modified":"2025-04-18T06:23:34","modified_gmt":"2025-04-18T06:23:34","slug":"kaninchenfigur-auf-einem-gewebten-fahrrad","status":"publish","type":"product","link":"https:\/\/bbdekorandmore.at\/hu\/produkt\/kaninchenfigur-auf-einem-gewebten-fahrrad\/","title":{"rendered":"Ny\u00fal figura egy sz\u0151tt biciklin"},"content":{"rendered":"<p>Var\u00e1zsold el h\u00fasv\u00e9ti dekor\u00e1ci\u00f3idat a kiv\u00e1l\u00f3 min\u0151s\u00e9g\u0171 anyagb\u00f3l k\u00e9sz\u00fclt, fonott biciklin \u00fcl\u0151 aranyos nyuszinkkal. Ez a 11x8x13 cm-es, szeretettel megtervezett figura nemcsak b\u00e1jos szemet gy\u00f6ny\u00f6rk\u00f6dtet\u0151, hanem a tavasz \u00e9s a ker\u00e9kp\u00e1roz\u00e1s \u00f6r\u00f6m\u00e9nek vid\u00e1m szimb\u00f3luma is.<\/p>\n<p>Az aranyos ny\u00falfigura egy m\u0171v\u00e9szien sz\u0151tt ker\u00e9kp\u00e1ron \u00fcl, ami k\u00fcl\u00f6nlegess\u00e9 teszi a l\u00e1tv\u00e1nyt. A kiv\u00e1l\u00f3 min\u0151s\u00e9g\u0171 kivitelez\u00e9s \u00e9s a finom r\u00e9szletek t\u00f6k\u00e9letesen visszaadj\u00e1k a j\u00e1t\u00e9kos hangulatot.<\/p>\n<p>Helyezze ezt a nyulat a fonott biciklin, mint b\u00e1jos dekor\u00e1ci\u00f3t egy polcra, egy asztalra, vagy mint szemet gy\u00f6ny\u00f6rk\u00f6dtet\u0151 t\u00e1rgyat egy h\u00fasv\u00e9ti kos\u00e1rba. A kompakt m\u00e9retek sokoldal\u00fa elhelyez\u00e9si lehet\u0151s\u00e9get biztos\u00edtanak, m\u00edg a vid\u00e1m jelenet meleg \u00e9s h\u00edvogat\u00f3 hangulatot teremt.<\/p>\n<p>Hozzon egy csipetnyi tavaszt \u00e9s \u00f6r\u00f6m\u00f6t otthon\u00e1ba ezzel az aranyos ny\u00falfigur\u00e1val, amely egy fonott biciklin \u00fcl. Rendelje meg most, \u00e9s hagyja, hogy ez a kedves kieg\u00e9sz\u00edt\u0151 a h\u00fasv\u00e9t vid\u00e1m hangulat\u00e1ba rep\u00edtse!<\/p>","protected":false},"excerpt":{"rendered":"<p>Im\u00e1dnival\u00f3 <strong>Ny\u00fal figura egy sz\u0151tt biciklin<\/strong>. Ez a <strong>11x8x13 cm-es<\/strong> szeretettel megtervezett kieg\u00e9sz\u00edt\u0151 nemcsak b\u00e1jos szemreval\u00f3, hanem a tavasz \u00e9s a ker\u00e9kp\u00e1roz\u00e1s \u00f6r\u00f6m\u00e9nek j\u00e1t\u00e9kos szimb\u00f3luma is.<\/p>\n<p>M\u00e1rka: Clayre &amp;Eef <a class=\"continue\" href=\"https:\/\/bbdekorandmore.at\/hu\/produkt\/kaninchenfigur-auf-einem-gewebten-fahrrad\/\">Continue Reading<span> Ny\u00fal figura egy sz\u0151tt biciklin<\/span><\/a><\/p>","protected":false},"featured_media":2886,"comment_status":"open","ping_status":"closed","template":"","meta":{"site-sidebar-layout":"default","site-content-layout":"","ast-site-content-layout":"default","site-content-style":"default","site-sidebar-style":"default","ast-global-header-display":"","ast-banner-title-visibility":"","ast-main-header-display":"","ast-hfb-above-header-display":"","ast-hfb-below-header-display":"","ast-hfb-mobile-header-display":"","site-post-title":"","ast-breadcrumbs-content":"","ast-featured-img":"","footer-sml-layout":"","ast-disable-related-posts":"","theme-transparent-header-meta":"default","adv-header-id-meta":"","stick-header-meta":"","header-above-stick-meta":"","header-main-stick-meta":"","header-below-stick-meta":"","astra-migrate-meta-layouts":"set","ast-page-background-enabled":"default","ast-page-background-meta":{"desktop":{"background-color":"var(--ast-global-color-4)","background-image":"","background-repeat":"repeat","background-position":"center center","background-size":"auto","background-attachment":"scroll","background-type":"","background-media":"","overlay-type":"","overlay-color":"","overlay-opacity":"","overlay-gradient":""},"tablet":{"background-color":"","background-image":"","background-repeat":"repeat","background-position":"center center","background-size":"auto","background-attachment":"scroll","background-type":"","background-media":"","overlay-type":"","overlay-color":"","overlay-opacity":"","overlay-gradient":""},"mobile":{"background-color":"","background-image":"","background-repeat":"repeat","background-position":"center center","background-size":"auto","background-attachment":"scroll","background-type":"","background-media":"","overlay-type":"","overlay-color":"","overlay-opacity":"","overlay-gradient":""}},"ast-content-background-meta":{"desktop":{"background-color":"var(--ast-global-color-5)","background-image":"","background-repeat":"repeat","background-position":"center center","background-size":"auto","background-attachment":"scroll","background-type":"","background-media":"","overlay-type":"","overlay-color":"","overlay-opacity":"","overlay-gradient":""},"tablet":{"background-color":"var(--ast-global-color-5)","background-image":"","background-repeat":"repeat","background-position":"center center","background-size":"auto","background-attachment":"scroll","background-type":"","background-media":"","overlay-type":"","overlay-color":"","overlay-opacity":"","overlay-gradient":""},"mobile":{"background-color":"var(--ast-global-color-5)","background-image":"","background-repeat":"repeat","background-position":"center center","background-size":"auto","background-attachment":"scroll","background-type":"","background-media":"","overlay-type":"","overlay-color":"","overlay-opacity":"","overlay-gradient":""}}},"product_brand":[],"product_cat":[23,470],"product_tag":[197,458,194,196,459,199],"class_list":{"0":"post-3020","1":"product","2":"type-product","3":"status-publish","4":"has-post-thumbnail","6":"product_cat-ostern","7":"product_cat-figuren-ostern","8":"product_tag-dekoration-ostern","9":"product_tag-hasenfiguren-fur-ostern","10":"product_tag-ostern","11":"product_tag-ostern-deko","12":"product_tag-ostern-hasenfiguren","13":"product_tag-osterndekoration","14":"tm-no-options","15":"desktop-align-left","16":"tablet-align-left","17":"mobile-align-left","19":"first","20":"outofstock","21":"shipping-taxable","22":"purchasable","23":"product-type-simple"},"_links":{"self":[{"href":"https:\/\/bbdekorandmore.at\/hu\/wp-json\/wp\/v2\/product\/3020","targetHints":{"allow":["GET"]}}],"collection":[{"href":"https:\/\/bbdekorandmore.at\/hu\/wp-json\/wp\/v2\/product"}],"about":[{"href":"https:\/\/bbdekorandmore.at\/hu\/wp-json\/wp\/v2\/types\/product"}],"replies":[{"embeddable":true,"href":"https:\/\/bbdekorandmore.at\/hu\/wp-json\/wp\/v2\/comments?post=3020"}],"wp:featuredmedia":[{"embeddable":true,"href":"https:\/\/bbdekorandmore.at\/hu\/wp-json\/wp\/v2\/media\/2886"}],"wp:attachment":[{"href":"https:\/\/bbdekorandmore.at\/hu\/wp-json\/wp\/v2\/media?parent=3020"}],"wp:term":[{"taxonomy":"product_brand","embeddable":true,"href":"https:\/\/bbdekorandmore.at\/hu\/wp-json\/wp\/v2\/product_brand?post=3020"},{"taxonomy":"product_cat","embeddable":true,"href":"https:\/\/bbdekorandmore.at\/hu\/wp-json\/wp\/v2\/product_cat?post=3020"},{"taxonomy":"product_tag","embeddable":true,"href":"https:\/\/bbdekorandmore.at\/hu\/wp-json\/wp\/v2\/product_tag?post=3020"}],"curies":[{"name":"wp","href":"https:\/\/api.w.org\/{rel}","templated":true}]}}

Nyúl figura egy szőtt biciklin

<p>Varázsold el húsvéti dekorációidat a kiváló minőségű anyagból készült, fonott biciklin ülő aranyos nyuszinkkal. Ez a 11x8x13 cm-es, szeretettel megtervezett figura nemcsak bájos szemet gyönyörködtető, hanem a tavasz és a kerékpározás örömének vidám szimbóluma is.</p>
<p>Az aranyos nyúlfigura egy művészien szőtt kerékpáron ül, ami különlegessé teszi a látványt. A kiváló minőségű kivitelezés és a finom részletek tökéletesen visszaadják a játékos hangulatot.</p>
<p>Helyezze ezt a nyulat a fonott biciklin, mint bájos dekorációt egy polcra, egy asztalra, vagy mint szemet gyönyörködtető tárgyat egy húsvéti kosárba. A kompakt méretek sokoldalú elhelyezési lehetőséget biztosítanak, míg a vidám jelenet meleg és hívogató hangulatot teremt.</p>
<p>Hozzon egy csipetnyi tavaszt és örömöt otthonába ezzel az aranyos nyúlfigurával, amely egy fonott biciklin ül. Rendelje meg most, és hagyja, hogy ez a kedves kiegészítő a húsvét vidám hangulatába repítse!</p>

<p>Imádnivaló <strong>Nyúl figura egy szőtt biciklin</strong>. Ez a <strong>11x8x13 cm-es</strong> szeretettel megtervezett kiegészítő nemcsak bájos szemrevaló, hanem a tavasz és a kerékpározás örömének játékos szimbóluma is.</p>
<p>Márka: Clayre &amp;Eef <a class="continue" href="https://bbdekorandmore.at/hu/produkt/kaninchenfigur-auf-einem-gewebten-fahrrad/">Continue Reading<span> Nyúl figura egy szőtt biciklin</span></a></p>
