{"id":3024,"date":"2024-01-30T19:50:18","date_gmt":"2024-01-30T19:50:18","guid":{"rendered":"http:\/\/bbdekorandmore.at\/?post_type=product&#038;p=3024"},"modified":"2025-03-29T13:59:58","modified_gmt":"2025-03-29T13:59:58","slug":"kaninchen-mit-karotte","status":"publish","type":"product","link":"https:\/\/bbdekorandmore.at\/hu\/produkt\/kaninchen-mit-karotte\/","title":{"rendered":"Ny\u00fal s\u00e1rgar\u00e9p\u00e1val"},"content":{"rendered":"<p>Var\u00e1zsolja meg h\u00fasv\u00e9ti dekor\u00e1ci\u00f3j\u00e1t aranyos nyuszinkkal \u00e9s s\u00e1rgar\u00e9p\u00e1val. Ez a 12x6x13 cm-es, szeretettel megtervezett figura nemcsak b\u00e1jos szemet gy\u00f6ny\u00f6rk\u00f6dtet\u0151, hanem a tavasz \u00e9s az \u00fcnnepi h\u00fasv\u00e9ti mot\u00edvumok \u00f6r\u00f6m\u00e9nek j\u00e1t\u00e9kos szimb\u00f3luma is.<\/p>\n<p>A nyuszimama \u00e9s a kisny\u00fal egy l\u00e9d\u00fas r\u00e9p\u00e1t pr\u00f3b\u00e1l kih\u00fazni a f\u00f6ldb\u0151l, ami k\u00fcl\u00f6n\u00f6sen \u00e9l\u00e9nk hangulatot k\u00f6lcs\u00f6n\u00f6z a jelenetnek. A kiv\u00e1l\u00f3 min\u0151s\u00e9g\u0171 kivitelez\u00e9s \u00e9s a finom r\u00e9szletek t\u00f6k\u00e9letesen visszaadj\u00e1k a j\u00e1t\u00e9kos hangulatot.<\/p>\n<p>Helyezze ezt a nyulat s\u00e1rgar\u00e9p\u00e1val b\u00e1jos dekor\u00e1ci\u00f3k\u00e9nt egy polcra, egy asztalra vagy szemet vonz\u00f3an egy h\u00fasv\u00e9ti kos\u00e1rba. A kompakt m\u00e9retek sokoldal\u00fa elhelyez\u00e9si lehet\u0151s\u00e9geket tesznek lehet\u0151v\u00e9, a vid\u00e1m jelenet pedig meleg \u00e9s h\u00edvogat\u00f3 hangulatot teremt.<\/p>\n<p>Hozzon egy kis tavaszt \u00e9s \u00f6r\u00f6m\u00f6t otthon\u00e1ba ezzel az im\u00e1dnival\u00f3 ny\u00falfigur\u00e1val \u00e9s s\u00e1rgar\u00e9p\u00e1val. Rendelje meg most, \u00e9s hagyja, hogy ez a kedves kieg\u00e9sz\u00edt\u0151 a h\u00fasv\u00e9t vid\u00e1m hangulat\u00e1ba rep\u00edtse!<\/p>","protected":false},"excerpt":{"rendered":"<p>Im\u00e1dnival\u00f3 <strong>ny\u00fal s\u00e1rgar\u00e9p\u00e1val<\/strong> . Ez a <strong>12x6x13 cm-es<\/strong> szeretettel megtervezett figura nemcsak b\u00e1jos szemet gy\u00f6ny\u00f6rk\u00f6dtet\u0151, hanem a tavasz \u00e9s az \u00fcnnepi h\u00fasv\u00e9ti mot\u00edvumok \u00f6r\u00f6m\u00e9nek j\u00e1t\u00e9kos szimb\u00f3luma is.<\/p>\n<p>M\u00e1rka: Clayre &amp;Eef <a class=\"continue\" href=\"https:\/\/bbdekorandmore.at\/hu\/produkt\/kaninchen-mit-karotte\/\">Continue Reading<span> Ny\u00fal s\u00e1rgar\u00e9p\u00e1val<\/span><\/a><\/p>","protected":false},"featured_media":2913,"comment_status":"open","ping_status":"closed","template":"","meta":{"site-sidebar-layout":"default","site-content-layout":"","ast-site-content-layout":"default","site-content-style":"default","site-sidebar-style":"default","ast-global-header-display":"","ast-banner-title-visibility":"","ast-main-header-display":"","ast-hfb-above-header-display":"","ast-hfb-below-header-display":"","ast-hfb-mobile-header-display":"","site-post-title":"","ast-breadcrumbs-content":"","ast-featured-img":"","footer-sml-layout":"","ast-disable-related-posts":"","theme-transparent-header-meta":"default","adv-header-id-meta":"","stick-header-meta":"","header-above-stick-meta":"","header-main-stick-meta":"","header-below-stick-meta":"","astra-migrate-meta-layouts":"set","ast-page-background-enabled":"default","ast-page-background-meta":{"desktop":{"background-color":"var(--ast-global-color-4)","background-image":"","background-repeat":"repeat","background-position":"center center","background-size":"auto","background-attachment":"scroll","background-type":"","background-media":"","overlay-type":"","overlay-color":"","overlay-opacity":"","overlay-gradient":""},"tablet":{"background-color":"","background-image":"","background-repeat":"repeat","background-position":"center center","background-size":"auto","background-attachment":"scroll","background-type":"","background-media":"","overlay-type":"","overlay-color":"","overlay-opacity":"","overlay-gradient":""},"mobile":{"background-color":"","background-image":"","background-repeat":"repeat","background-position":"center center","background-size":"auto","background-attachment":"scroll","background-type":"","background-media":"","overlay-type":"","overlay-color":"","overlay-opacity":"","overlay-gradient":""}},"ast-content-background-meta":{"desktop":{"background-color":"var(--ast-global-color-5)","background-image":"","background-repeat":"repeat","background-position":"center center","background-size":"auto","background-attachment":"scroll","background-type":"","background-media":"","overlay-type":"","overlay-color":"","overlay-opacity":"","overlay-gradient":""},"tablet":{"background-color":"var(--ast-global-color-5)","background-image":"","background-repeat":"repeat","background-position":"center center","background-size":"auto","background-attachment":"scroll","background-type":"","background-media":"","overlay-type":"","overlay-color":"","overlay-opacity":"","overlay-gradient":""},"mobile":{"background-color":"var(--ast-global-color-5)","background-image":"","background-repeat":"repeat","background-position":"center center","background-size":"auto","background-attachment":"scroll","background-type":"","background-media":"","overlay-type":"","overlay-color":"","overlay-opacity":"","overlay-gradient":""}}},"product_brand":[],"product_cat":[23,470],"product_tag":[197,458,194,196,459,199],"class_list":{"0":"post-3024","1":"product","2":"type-product","3":"status-publish","4":"has-post-thumbnail","6":"product_cat-ostern","7":"product_cat-figuren-ostern","8":"product_tag-dekoration-ostern","9":"product_tag-hasenfiguren-fur-ostern","10":"product_tag-ostern","11":"product_tag-ostern-deko","12":"product_tag-ostern-hasenfiguren","13":"product_tag-osterndekoration","14":"tm-no-options","15":"desktop-align-left","16":"tablet-align-left","17":"mobile-align-left","19":"first","20":"instock","21":"shipping-taxable","22":"purchasable","23":"product-type-simple"},"_links":{"self":[{"href":"https:\/\/bbdekorandmore.at\/hu\/wp-json\/wp\/v2\/product\/3024","targetHints":{"allow":["GET"]}}],"collection":[{"href":"https:\/\/bbdekorandmore.at\/hu\/wp-json\/wp\/v2\/product"}],"about":[{"href":"https:\/\/bbdekorandmore.at\/hu\/wp-json\/wp\/v2\/types\/product"}],"replies":[{"embeddable":true,"href":"https:\/\/bbdekorandmore.at\/hu\/wp-json\/wp\/v2\/comments?post=3024"}],"wp:featuredmedia":[{"embeddable":true,"href":"https:\/\/bbdekorandmore.at\/hu\/wp-json\/wp\/v2\/media\/2913"}],"wp:attachment":[{"href":"https:\/\/bbdekorandmore.at\/hu\/wp-json\/wp\/v2\/media?parent=3024"}],"wp:term":[{"taxonomy":"product_brand","embeddable":true,"href":"https:\/\/bbdekorandmore.at\/hu\/wp-json\/wp\/v2\/product_brand?post=3024"},{"taxonomy":"product_cat","embeddable":true,"href":"https:\/\/bbdekorandmore.at\/hu\/wp-json\/wp\/v2\/product_cat?post=3024"},{"taxonomy":"product_tag","embeddable":true,"href":"https:\/\/bbdekorandmore.at\/hu\/wp-json\/wp\/v2\/product_tag?post=3024"}],"curies":[{"name":"wp","href":"https:\/\/api.w.org\/{rel}","templated":true}]}}

Nyúl sárgarépával

<p>Varázsolja meg húsvéti dekorációját aranyos nyuszinkkal és sárgarépával. Ez a 12x6x13 cm-es, szeretettel megtervezett figura nemcsak bájos szemet gyönyörködtető, hanem a tavasz és az ünnepi húsvéti motívumok örömének játékos szimbóluma is.</p>
<p>A nyuszimama és a kisnyúl egy lédús répát próbál kihúzni a földből, ami különösen élénk hangulatot kölcsönöz a jelenetnek. A kiváló minőségű kivitelezés és a finom részletek tökéletesen visszaadják a játékos hangulatot.</p>
<p>Helyezze ezt a nyulat sárgarépával bájos dekorációként egy polcra, egy asztalra vagy szemet vonzóan egy húsvéti kosárba. A kompakt méretek sokoldalú elhelyezési lehetőségeket tesznek lehetővé, a vidám jelenet pedig meleg és hívogató hangulatot teremt.</p>
<p>Hozzon egy kis tavaszt és örömöt otthonába ezzel az imádnivaló nyúlfigurával és sárgarépával. Rendelje meg most, és hagyja, hogy ez a kedves kiegészítő a húsvét vidám hangulatába repítse!</p>

<p>Imádnivaló <strong>nyúl sárgarépával</strong> . Ez a <strong>12x6x13 cm-es</strong> szeretettel megtervezett figura nemcsak bájos szemet gyönyörködtető, hanem a tavasz és az ünnepi húsvéti motívumok örömének játékos szimbóluma is.</p>
<p>Márka: Clayre &amp;Eef <a class="continue" href="https://bbdekorandmore.at/hu/produkt/kaninchen-mit-karotte/">Continue Reading<span> Nyúl sárgarépával</span></a></p>
