{"id":3025,"date":"2024-01-30T19:54:43","date_gmt":"2024-01-30T19:54:43","guid":{"rendered":"http:\/\/bbdekorandmore.at\/?post_type=product&#038;p=3025"},"modified":"2025-03-17T11:44:40","modified_gmt":"2025-03-17T11:44:40","slug":"tischlampe-ostern","status":"publish","type":"product","link":"https:\/\/bbdekorandmore.at\/hu\/produkt\/tischlampe-ostern\/","title":{"rendered":"H\u00fasv\u00e9ti asztali l\u00e1mpa"},"content":{"rendered":"<p>Var\u00e1zslatos h\u00fasv\u00e9ti asztali l\u00e1mp\u00e1nkkal ragyog\u00f3 f\u00e9nyt adhatsz h\u00fasv\u00e9ti dekor\u00e1ci\u00f3dnak. A 20\u00d743 cm-es m\u00e9ret\u0171, st\u00edlusos l\u00e1mpa nemcsak praktikus vil\u00e1g\u00edt\u00e1st biztos\u00edt, hanem \u00fcnnepi f\u00e9nypontja is otthon\u00e1nak a h\u00fasv\u00e9ti id\u0151szakban.<\/p>\n<p>A l\u00e1mpa gondosan megtervezett, \u00e9s elb\u0171v\u00f6l\u0151 h\u00fasv\u00e9ti mot\u00edvumokat mutat, amelyek hangs\u00falyozz\u00e1k az \u00fcnnepi hangulatot. Kompakt m\u00e9retei lehet\u0151v\u00e9 teszik a sokoldal\u00fa elhelyez\u00e9st az asztalon, a kom\u00f3don vagy a lak\u00f3t\u00e9r dekorat\u00edv elemek\u00e9nt.<\/p>\n<p>A kiv\u00e1l\u00f3 min\u0151s\u00e9g\u0171 anyag \u00e9s az ig\u00e9nyes kivitelez\u00e9s tart\u00f3s \u00e9s vonz\u00f3 kieg\u00e9sz\u00edt\u0151v\u00e9 teszi ezt az asztali l\u00e1mp\u00e1t. Teremtsen hangulatos hangs\u00falyt otthon\u00e1ban ezzel az eleg\u00e1ns f\u00e9nyforr\u00e1ssal, \u00e9s hagyja, hogy a h\u00fasv\u00e9t \u00f6r\u00f6me meleg f\u00e9nyben ragyogjon.<\/p>\n<p>Rendelje meg most h\u00fasv\u00e9ti asztali l\u00e1mp\u00e1nkat, \u00e9s adjon otthon\u00e1nak \u00fcnnepi hangulatot, tele f\u00e9nnyel \u00e9s \u00f6r\u00f6mmel. \u00c9lvezze a var\u00e1zslatos hangulatot a h\u00fasv\u00e9ti id\u0151szakban!<\/p>","protected":false},"excerpt":{"rendered":"<p>Dobja fel otthon\u00e1t \u00fcnnepi b\u00e1jjal a <strong>H\u00fasv\u00e9ti asztali l\u00e1mpa<\/strong>. Ez a <strong>20\u00d743 cm-es<\/strong> st\u00edlusos l\u00e1mpa nemcsak praktikus f\u00e9nyforr\u00e1s, hanem a h\u00fasv\u00e9ti id\u0151szak var\u00e1zslatos f\u00e9nypontja is. <a class=\"continue\" href=\"https:\/\/bbdekorandmore.at\/hu\/produkt\/tischlampe-ostern\/\">Continue Reading<span> H\u00fasv\u00e9ti asztali l\u00e1mpa<\/span><\/a><\/p>","protected":false},"featured_media":2918,"comment_status":"open","ping_status":"closed","template":"","meta":{"site-sidebar-layout":"default","site-content-layout":"","ast-site-content-layout":"default","site-content-style":"default","site-sidebar-style":"default","ast-global-header-display":"","ast-banner-title-visibility":"","ast-main-header-display":"","ast-hfb-above-header-display":"","ast-hfb-below-header-display":"","ast-hfb-mobile-header-display":"","site-post-title":"","ast-breadcrumbs-content":"","ast-featured-img":"","footer-sml-layout":"","ast-disable-related-posts":"","theme-transparent-header-meta":"default","adv-header-id-meta":"","stick-header-meta":"","header-above-stick-meta":"","header-main-stick-meta":"","header-below-stick-meta":"","astra-migrate-meta-layouts":"set","ast-page-background-enabled":"default","ast-page-background-meta":{"desktop":{"background-color":"var(--ast-global-color-4)","background-image":"","background-repeat":"repeat","background-position":"center center","background-size":"auto","background-attachment":"scroll","background-type":"","background-media":"","overlay-type":"","overlay-color":"","overlay-opacity":"","overlay-gradient":""},"tablet":{"background-color":"","background-image":"","background-repeat":"repeat","background-position":"center center","background-size":"auto","background-attachment":"scroll","background-type":"","background-media":"","overlay-type":"","overlay-color":"","overlay-opacity":"","overlay-gradient":""},"mobile":{"background-color":"","background-image":"","background-repeat":"repeat","background-position":"center center","background-size":"auto","background-attachment":"scroll","background-type":"","background-media":"","overlay-type":"","overlay-color":"","overlay-opacity":"","overlay-gradient":""}},"ast-content-background-meta":{"desktop":{"background-color":"var(--ast-global-color-5)","background-image":"","background-repeat":"repeat","background-position":"center center","background-size":"auto","background-attachment":"scroll","background-type":"","background-media":"","overlay-type":"","overlay-color":"","overlay-opacity":"","overlay-gradient":""},"tablet":{"background-color":"var(--ast-global-color-5)","background-image":"","background-repeat":"repeat","background-position":"center center","background-size":"auto","background-attachment":"scroll","background-type":"","background-media":"","overlay-type":"","overlay-color":"","overlay-opacity":"","overlay-gradient":""},"mobile":{"background-color":"var(--ast-global-color-5)","background-image":"","background-repeat":"repeat","background-position":"center center","background-size":"auto","background-attachment":"scroll","background-type":"","background-media":"","overlay-type":"","overlay-color":"","overlay-opacity":"","overlay-gradient":""}}},"product_brand":[],"product_cat":[23,472],"product_tag":[197,194,196,199],"class_list":{"0":"post-3025","1":"product","2":"type-product","3":"status-publish","4":"has-post-thumbnail","6":"product_cat-ostern","7":"product_cat-accessories","8":"product_tag-dekoration-ostern","9":"product_tag-ostern","10":"product_tag-ostern-deko","11":"product_tag-osterndekoration","12":"tm-no-options","13":"desktop-align-left","14":"tablet-align-left","15":"mobile-align-left","17":"first","18":"outofstock","19":"shipping-taxable","20":"purchasable","21":"product-type-simple"},"_links":{"self":[{"href":"https:\/\/bbdekorandmore.at\/hu\/wp-json\/wp\/v2\/product\/3025","targetHints":{"allow":["GET"]}}],"collection":[{"href":"https:\/\/bbdekorandmore.at\/hu\/wp-json\/wp\/v2\/product"}],"about":[{"href":"https:\/\/bbdekorandmore.at\/hu\/wp-json\/wp\/v2\/types\/product"}],"replies":[{"embeddable":true,"href":"https:\/\/bbdekorandmore.at\/hu\/wp-json\/wp\/v2\/comments?post=3025"}],"wp:featuredmedia":[{"embeddable":true,"href":"https:\/\/bbdekorandmore.at\/hu\/wp-json\/wp\/v2\/media\/2918"}],"wp:attachment":[{"href":"https:\/\/bbdekorandmore.at\/hu\/wp-json\/wp\/v2\/media?parent=3025"}],"wp:term":[{"taxonomy":"product_brand","embeddable":true,"href":"https:\/\/bbdekorandmore.at\/hu\/wp-json\/wp\/v2\/product_brand?post=3025"},{"taxonomy":"product_cat","embeddable":true,"href":"https:\/\/bbdekorandmore.at\/hu\/wp-json\/wp\/v2\/product_cat?post=3025"},{"taxonomy":"product_tag","embeddable":true,"href":"https:\/\/bbdekorandmore.at\/hu\/wp-json\/wp\/v2\/product_tag?post=3025"}],"curies":[{"name":"wp","href":"https:\/\/api.w.org\/{rel}","templated":true}]}}

Húsvéti asztali lámpa

<p>Varázslatos húsvéti asztali lámpánkkal ragyogó fényt adhatsz húsvéti dekorációdnak. A 20×43 cm-es méretű, stílusos lámpa nemcsak praktikus világítást biztosít, hanem ünnepi fénypontja is otthonának a húsvéti időszakban.</p>
<p>A lámpa gondosan megtervezett, és elbűvölő húsvéti motívumokat mutat, amelyek hangsúlyozzák az ünnepi hangulatot. Kompakt méretei lehetővé teszik a sokoldalú elhelyezést az asztalon, a komódon vagy a lakótér dekoratív elemeként.</p>
<p>A kiváló minőségű anyag és az igényes kivitelezés tartós és vonzó kiegészítővé teszi ezt az asztali lámpát. Teremtsen hangulatos hangsúlyt otthonában ezzel az elegáns fényforrással, és hagyja, hogy a húsvét öröme meleg fényben ragyogjon.</p>
<p>Rendelje meg most húsvéti asztali lámpánkat, és adjon otthonának ünnepi hangulatot, tele fénnyel és örömmel. Élvezze a varázslatos hangulatot a húsvéti időszakban!</p>

<p>Dobja fel otthonát ünnepi bájjal a <strong>Húsvéti asztali lámpa</strong>. Ez a <strong>20×43 cm-es</strong> stílusos lámpa nemcsak praktikus fényforrás, hanem a húsvéti időszak varázslatos fénypontja is. <a class="continue" href="https://bbdekorandmore.at/hu/produkt/tischlampe-ostern/">Continue Reading<span> Húsvéti asztali lámpa</span></a></p>
