{"id":3030,"date":"2024-01-30T20:14:07","date_gmt":"2024-01-30T20:14:07","guid":{"rendered":"http:\/\/bbdekorandmore.at\/?post_type=product&#038;p=3030"},"modified":"2024-02-07T11:55:07","modified_gmt":"2024-02-07T11:55:07","slug":"hasenfiguren","status":"publish","type":"product","link":"https:\/\/bbdekorandmore.at\/hu\/produkt\/hasenfiguren\/","title":{"rendered":"Nyuszifigur\u00e1k"},"content":{"rendered":"<p>Var\u00e1zsolja el a h\u00fasv\u00e9ti dekor\u00e1ci\u00f3t im\u00e1dnival\u00f3 nyuszifigur\u00e1inkkal - egy fi\u00fa toj\u00e1ssal \u00e9s egy l\u00e1ny vir\u00e1ggal, amelyek kiv\u00e1l\u00f3 min\u0151s\u00e9g\u0171 polirezinb\u0151l k\u00e9sz\u00fcltek. Ezek a 14 cm-es, szeretettel megtervezett figur\u00e1k nem csak b\u00e1jos szemet gy\u00f6ny\u00f6rk\u00f6dtet\u0151k, hanem a tavasz \u00e9s az \u00fcnnepi h\u00fasv\u00e9ti id\u0151szak vid\u00e1m szimb\u00f3lumai is.<\/p>\n<p>A fi\u00fa b\u00fcszk\u00e9n mutat egy d\u00edszesen feld\u00edsz\u00edtett toj\u00e1st, m\u00edg a l\u00e1ny friss vir\u00e1got tart a kez\u00e9ben. A r\u00e9szletes kialak\u00edt\u00e1s \u00e9s a kiv\u00e1l\u00f3 min\u0151s\u00e9g\u0171 kivitelez\u00e9s t\u00f6k\u00e9letesen megragadja a j\u00e1t\u00e9kos hangulatot.<\/p>\n<p>Helyezze ezeket az im\u00e1dnival\u00f3 ny\u00falfigur\u00e1kat b\u00e1jos dekor\u00e1ci\u00f3k\u00e9nt egy polcra, egy asztalra vagy \u00e9des r\u00e9szletk\u00e9nt egy h\u00fasv\u00e9ti kos\u00e1rba. A kompakt m\u00e9retek sokoldal\u00fa elhelyez\u00e9si lehet\u0151s\u00e9geket tesznek lehet\u0151v\u00e9, m\u00edg a vid\u00e1m jelenetek meleg \u00e9s h\u00edvogat\u00f3 hangulatot teremtenek.<\/p>\n<p>Hozzon egy csipetnyi tavaszt \u00e9s \u00f6r\u00f6m\u00f6t otthon\u00e1ba ezekkel a kedves ny\u00falfigur\u00e1kkal. Rendeljen most, \u00e9s hagyja, hogy ezek az im\u00e1dnival\u00f3 kieg\u00e9sz\u00edt\u0151k a h\u00fasv\u00e9t vid\u00e1m hangulat\u00e1ba rep\u00edts\u00e9k!<\/p>","protected":false},"excerpt":{"rendered":"<p>Im\u00e1dnival\u00f3 <strong>Nyuszifigur\u00e1k<\/strong> polirezinb\u0151l - egy fi\u00fa m\u0171v\u00e9szien d\u00edsz\u00edtett toj\u00e1ssal \u00e9s egy l\u00e1ny friss vir\u00e1gokkal. Ezek a <strong>14 cm-es<\/strong> szeretettel megtervezett figur\u00e1k nemcsak elb\u0171v\u00f6l\u0151 szemet gy\u00f6ny\u00f6rk\u00f6dtet\u0151ek, hanem az \u00fcnnepi h\u00fasv\u00e9ti id\u0151szak vid\u00e1m szimb\u00f3lumai is. <a class=\"continue\" href=\"https:\/\/bbdekorandmore.at\/hu\/produkt\/hasenfiguren\/\">Continue Reading<span> Nyuszifigur\u00e1k<\/span><\/a><\/p>","protected":false},"featured_media":2928,"comment_status":"open","ping_status":"closed","template":"","meta":{"site-sidebar-layout":"default","site-content-layout":"","ast-site-content-layout":"default","site-content-style":"default","site-sidebar-style":"default","ast-global-header-display":"","ast-banner-title-visibility":"","ast-main-header-display":"","ast-hfb-above-header-display":"","ast-hfb-below-header-display":"","ast-hfb-mobile-header-display":"","site-post-title":"","ast-breadcrumbs-content":"","ast-featured-img":"","footer-sml-layout":"","ast-disable-related-posts":"","theme-transparent-header-meta":"default","adv-header-id-meta":"","stick-header-meta":"","header-above-stick-meta":"","header-main-stick-meta":"","header-below-stick-meta":"","astra-migrate-meta-layouts":"set","ast-page-background-enabled":"default","ast-page-background-meta":{"desktop":{"background-color":"var(--ast-global-color-4)","background-image":"","background-repeat":"repeat","background-position":"center center","background-size":"auto","background-attachment":"scroll","background-type":"","background-media":"","overlay-type":"","overlay-color":"","overlay-opacity":"","overlay-gradient":""},"tablet":{"background-color":"","background-image":"","background-repeat":"repeat","background-position":"center center","background-size":"auto","background-attachment":"scroll","background-type":"","background-media":"","overlay-type":"","overlay-color":"","overlay-opacity":"","overlay-gradient":""},"mobile":{"background-color":"","background-image":"","background-repeat":"repeat","background-position":"center center","background-size":"auto","background-attachment":"scroll","background-type":"","background-media":"","overlay-type":"","overlay-color":"","overlay-opacity":"","overlay-gradient":""}},"ast-content-background-meta":{"desktop":{"background-color":"var(--ast-global-color-5)","background-image":"","background-repeat":"repeat","background-position":"center center","background-size":"auto","background-attachment":"scroll","background-type":"","background-media":"","overlay-type":"","overlay-color":"","overlay-opacity":"","overlay-gradient":""},"tablet":{"background-color":"var(--ast-global-color-5)","background-image":"","background-repeat":"repeat","background-position":"center center","background-size":"auto","background-attachment":"scroll","background-type":"","background-media":"","overlay-type":"","overlay-color":"","overlay-opacity":"","overlay-gradient":""},"mobile":{"background-color":"var(--ast-global-color-5)","background-image":"","background-repeat":"repeat","background-position":"center center","background-size":"auto","background-attachment":"scroll","background-type":"","background-media":"","overlay-type":"","overlay-color":"","overlay-opacity":"","overlay-gradient":""}}},"product_brand":[],"product_cat":[23,470],"product_tag":[197,458,194,196,459,199],"class_list":{"0":"post-3030","1":"product","2":"type-product","3":"status-publish","4":"has-post-thumbnail","6":"product_cat-ostern","7":"product_cat-figuren-ostern","8":"product_tag-dekoration-ostern","9":"product_tag-hasenfiguren-fur-ostern","10":"product_tag-ostern","11":"product_tag-ostern-deko","12":"product_tag-ostern-hasenfiguren","13":"product_tag-osterndekoration","14":"tm-no-options","15":"desktop-align-left","16":"tablet-align-left","17":"mobile-align-left","19":"first","20":"instock","21":"shipping-taxable","22":"purchasable","23":"product-type-variable"},"_links":{"self":[{"href":"https:\/\/bbdekorandmore.at\/hu\/wp-json\/wp\/v2\/product\/3030","targetHints":{"allow":["GET"]}}],"collection":[{"href":"https:\/\/bbdekorandmore.at\/hu\/wp-json\/wp\/v2\/product"}],"about":[{"href":"https:\/\/bbdekorandmore.at\/hu\/wp-json\/wp\/v2\/types\/product"}],"replies":[{"embeddable":true,"href":"https:\/\/bbdekorandmore.at\/hu\/wp-json\/wp\/v2\/comments?post=3030"}],"wp:featuredmedia":[{"embeddable":true,"href":"https:\/\/bbdekorandmore.at\/hu\/wp-json\/wp\/v2\/media\/2928"}],"wp:attachment":[{"href":"https:\/\/bbdekorandmore.at\/hu\/wp-json\/wp\/v2\/media?parent=3030"}],"wp:term":[{"taxonomy":"product_brand","embeddable":true,"href":"https:\/\/bbdekorandmore.at\/hu\/wp-json\/wp\/v2\/product_brand?post=3030"},{"taxonomy":"product_cat","embeddable":true,"href":"https:\/\/bbdekorandmore.at\/hu\/wp-json\/wp\/v2\/product_cat?post=3030"},{"taxonomy":"product_tag","embeddable":true,"href":"https:\/\/bbdekorandmore.at\/hu\/wp-json\/wp\/v2\/product_tag?post=3030"}],"curies":[{"name":"wp","href":"https:\/\/api.w.org\/{rel}","templated":true}]}}

Nyuszifigurák

<p>Varázsolja el a húsvéti dekorációt imádnivaló nyuszifiguráinkkal - egy fiú tojással és egy lány virággal, amelyek kiváló minőségű polirezinből készültek. Ezek a 14 cm-es, szeretettel megtervezett figurák nem csak bájos szemet gyönyörködtetők, hanem a tavasz és az ünnepi húsvéti időszak vidám szimbólumai is.</p>
<p>A fiú büszkén mutat egy díszesen feldíszített tojást, míg a lány friss virágot tart a kezében. A részletes kialakítás és a kiváló minőségű kivitelezés tökéletesen megragadja a játékos hangulatot.</p>
<p>Helyezze ezeket az imádnivaló nyúlfigurákat bájos dekorációként egy polcra, egy asztalra vagy édes részletként egy húsvéti kosárba. A kompakt méretek sokoldalú elhelyezési lehetőségeket tesznek lehetővé, míg a vidám jelenetek meleg és hívogató hangulatot teremtenek.</p>
<p>Hozzon egy csipetnyi tavaszt és örömöt otthonába ezekkel a kedves nyúlfigurákkal. Rendeljen most, és hagyja, hogy ezek az imádnivaló kiegészítők a húsvét vidám hangulatába repítsék!</p>

<p>Imádnivaló <strong>Nyuszifigurák</strong> polirezinből - egy fiú művészien díszített tojással és egy lány friss virágokkal. Ezek a <strong>14 cm-es</strong> szeretettel megtervezett figurák nemcsak elbűvölő szemet gyönyörködtetőek, hanem az ünnepi húsvéti időszak vidám szimbólumai is. <a class="continue" href="https://bbdekorandmore.at/hu/produkt/hasenfiguren/">Continue Reading<span> Nyuszifigurák</span></a></p>
