{"id":3033,"date":"2024-01-30T20:18:26","date_gmt":"2024-01-30T20:18:26","guid":{"rendered":"http:\/\/bbdekorandmore.at\/?post_type=product&#038;p=3033"},"modified":"2024-03-07T09:13:04","modified_gmt":"2024-03-07T09:13:04","slug":"hase-mit-pelz","status":"publish","type":"product","link":"https:\/\/bbdekorandmore.at\/hu\/produkt\/hase-mit-pelz\/","title":{"rendered":"Nyuszi bund\u00e1val"},"content":{"rendered":"<p>\u00c9lvezze a gy\u00f6ny\u00f6r\u0171 sz\u0151rm\u00e9s nyulunkkal a h\u00fasv\u00e9ti dekor\u00e1ci\u00f3k luxus\u00e1t. Ez a 12 cm-es, szeretettel megtervezett figura nemcsak vonz\u00f3 szemet gy\u00f6ny\u00f6rk\u00f6dtet\u0151, hanem a tavasz \u00e9s az \u00fcnnepi h\u00fasv\u00e9ti id\u0151szak st\u00edlusos szimb\u00f3luma is.<\/p>\n<p>A sz\u0151rm\u00e9s ny\u00fal a kiv\u00e1l\u00f3 min\u0151s\u00e9g\u0171 anyag \u00e9s az otthonos sz\u0151rzet eleg\u00e1ns kombin\u00e1ci\u00f3j\u00e1ban mutatkozik be, amely k\u00fcl\u00f6nleges jelleget k\u00f6lcs\u00f6n\u00f6z a figur\u00e1nak. A gondos kidolgoz\u00e1s \u00e9s a finom r\u00e9szletek t\u00f6k\u00e9letesen megragadj\u00e1k a j\u00e1t\u00e9kos hangulatot.<\/p>\n<p>Helyezze ezt a gy\u00f6ny\u00f6r\u0171 sz\u0151rm\u00e9s nyulat eleg\u00e1ns d\u00edszk\u00e9nt egy polcra, asztalra vagy st\u00edlusos r\u00e9szletk\u00e9nt egy h\u00fasv\u00e9ti kos\u00e1rba. A kompakt m\u00e9retek sokoldal\u00fa elhelyez\u00e9si lehet\u0151s\u00e9geket tesznek lehet\u0151v\u00e9, m\u00edg a pazar megjelen\u00e9s meleg \u00e9s h\u00edvogat\u00f3 l\u00e9gk\u00f6rt teremt.<\/p>\n<p>Hozzon egy csipetnyi eleganci\u00e1t \u00e9s \u00f6r\u00f6m\u00f6t otthon\u00e1ba ezzel a b\u00e1jos sz\u0151rm\u00e9s ny\u00fallal. Rendelje meg most, \u00e9s hagyja, hogy ez a vonz\u00f3 kieg\u00e9sz\u00edt\u0151 elrep\u00edtse \u00d6nt a h\u00fasv\u00e9t \u00fcnnepi hangulat\u00e1ba!<\/p>","protected":false},"excerpt":{"rendered":"<p>Kit\u0171n\u0151 <strong>Nyuszi bund\u00e1val<\/strong>. Ez a szeretettel megtervezett figura <strong>12 cm magas<\/strong> , nemcsak vizu\u00e1lisan gy\u00f6ny\u00f6rk\u00f6dtet\u0151, hanem a tavasz \u00e9s az \u00fcnnepi h\u00fasv\u00e9ti id\u0151szak st\u00edlusos szimb\u00f3luma is. <a class=\"continue\" href=\"https:\/\/bbdekorandmore.at\/hu\/produkt\/hase-mit-pelz\/\">Continue Reading<span> Nyuszi bund\u00e1val<\/span><\/a><\/p>","protected":false},"featured_media":2938,"comment_status":"open","ping_status":"closed","template":"","meta":{"site-sidebar-layout":"default","site-content-layout":"","ast-site-content-layout":"default","site-content-style":"default","site-sidebar-style":"default","ast-global-header-display":"","ast-banner-title-visibility":"","ast-main-header-display":"","ast-hfb-above-header-display":"","ast-hfb-below-header-display":"","ast-hfb-mobile-header-display":"","site-post-title":"","ast-breadcrumbs-content":"","ast-featured-img":"","footer-sml-layout":"","ast-disable-related-posts":"","theme-transparent-header-meta":"default","adv-header-id-meta":"","stick-header-meta":"","header-above-stick-meta":"","header-main-stick-meta":"","header-below-stick-meta":"","astra-migrate-meta-layouts":"set","ast-page-background-enabled":"default","ast-page-background-meta":{"desktop":{"background-color":"var(--ast-global-color-4)","background-image":"","background-repeat":"repeat","background-position":"center center","background-size":"auto","background-attachment":"scroll","background-type":"","background-media":"","overlay-type":"","overlay-color":"","overlay-opacity":"","overlay-gradient":""},"tablet":{"background-color":"","background-image":"","background-repeat":"repeat","background-position":"center center","background-size":"auto","background-attachment":"scroll","background-type":"","background-media":"","overlay-type":"","overlay-color":"","overlay-opacity":"","overlay-gradient":""},"mobile":{"background-color":"","background-image":"","background-repeat":"repeat","background-position":"center center","background-size":"auto","background-attachment":"scroll","background-type":"","background-media":"","overlay-type":"","overlay-color":"","overlay-opacity":"","overlay-gradient":""}},"ast-content-background-meta":{"desktop":{"background-color":"var(--ast-global-color-5)","background-image":"","background-repeat":"repeat","background-position":"center center","background-size":"auto","background-attachment":"scroll","background-type":"","background-media":"","overlay-type":"","overlay-color":"","overlay-opacity":"","overlay-gradient":""},"tablet":{"background-color":"var(--ast-global-color-5)","background-image":"","background-repeat":"repeat","background-position":"center center","background-size":"auto","background-attachment":"scroll","background-type":"","background-media":"","overlay-type":"","overlay-color":"","overlay-opacity":"","overlay-gradient":""},"mobile":{"background-color":"var(--ast-global-color-5)","background-image":"","background-repeat":"repeat","background-position":"center center","background-size":"auto","background-attachment":"scroll","background-type":"","background-media":"","overlay-type":"","overlay-color":"","overlay-opacity":"","overlay-gradient":""}}},"product_brand":[],"product_cat":[23,470],"product_tag":[197,458,194,196,459,199],"class_list":{"0":"post-3033","1":"product","2":"type-product","3":"status-publish","4":"has-post-thumbnail","6":"product_cat-ostern","7":"product_cat-figuren-ostern","8":"product_tag-dekoration-ostern","9":"product_tag-hasenfiguren-fur-ostern","10":"product_tag-ostern","11":"product_tag-ostern-deko","12":"product_tag-ostern-hasenfiguren","13":"product_tag-osterndekoration","14":"tm-no-options","15":"desktop-align-left","16":"tablet-align-left","17":"mobile-align-left","19":"first","20":"outofstock","21":"shipping-taxable","22":"purchasable","23":"product-type-simple"},"_links":{"self":[{"href":"https:\/\/bbdekorandmore.at\/hu\/wp-json\/wp\/v2\/product\/3033","targetHints":{"allow":["GET"]}}],"collection":[{"href":"https:\/\/bbdekorandmore.at\/hu\/wp-json\/wp\/v2\/product"}],"about":[{"href":"https:\/\/bbdekorandmore.at\/hu\/wp-json\/wp\/v2\/types\/product"}],"replies":[{"embeddable":true,"href":"https:\/\/bbdekorandmore.at\/hu\/wp-json\/wp\/v2\/comments?post=3033"}],"wp:featuredmedia":[{"embeddable":true,"href":"https:\/\/bbdekorandmore.at\/hu\/wp-json\/wp\/v2\/media\/2938"}],"wp:attachment":[{"href":"https:\/\/bbdekorandmore.at\/hu\/wp-json\/wp\/v2\/media?parent=3033"}],"wp:term":[{"taxonomy":"product_brand","embeddable":true,"href":"https:\/\/bbdekorandmore.at\/hu\/wp-json\/wp\/v2\/product_brand?post=3033"},{"taxonomy":"product_cat","embeddable":true,"href":"https:\/\/bbdekorandmore.at\/hu\/wp-json\/wp\/v2\/product_cat?post=3033"},{"taxonomy":"product_tag","embeddable":true,"href":"https:\/\/bbdekorandmore.at\/hu\/wp-json\/wp\/v2\/product_tag?post=3033"}],"curies":[{"name":"wp","href":"https:\/\/api.w.org\/{rel}","templated":true}]}}

Nyuszi bundával

<p>Élvezze a gyönyörű szőrmés nyulunkkal a húsvéti dekorációk luxusát. Ez a 12 cm-es, szeretettel megtervezett figura nemcsak vonzó szemet gyönyörködtető, hanem a tavasz és az ünnepi húsvéti időszak stílusos szimbóluma is.</p>
<p>A szőrmés nyúl a kiváló minőségű anyag és az otthonos szőrzet elegáns kombinációjában mutatkozik be, amely különleges jelleget kölcsönöz a figurának. A gondos kidolgozás és a finom részletek tökéletesen megragadják a játékos hangulatot.</p>
<p>Helyezze ezt a gyönyörű szőrmés nyulat elegáns díszként egy polcra, asztalra vagy stílusos részletként egy húsvéti kosárba. A kompakt méretek sokoldalú elhelyezési lehetőségeket tesznek lehetővé, míg a pazar megjelenés meleg és hívogató légkört teremt.</p>
<p>Hozzon egy csipetnyi eleganciát és örömöt otthonába ezzel a bájos szőrmés nyúllal. Rendelje meg most, és hagyja, hogy ez a vonzó kiegészítő elrepítse Önt a húsvét ünnepi hangulatába!</p>

<p>Kitűnő <strong>Nyuszi bundával</strong>. Ez a szeretettel megtervezett figura <strong>12 cm magas</strong> , nemcsak vizuálisan gyönyörködtető, hanem a tavasz és az ünnepi húsvéti időszak stílusos szimbóluma is. <a class="continue" href="https://bbdekorandmore.at/hu/produkt/hase-mit-pelz/">Continue Reading<span> Nyuszi bundával</span></a></p>
