{"id":3034,"date":"2024-01-30T20:24:22","date_gmt":"2024-01-30T20:24:22","guid":{"rendered":"http:\/\/bbdekorandmore.at\/?post_type=product&#038;p=3034"},"modified":"2025-04-25T07:53:35","modified_gmt":"2025-04-25T07:53:35","slug":"kaninchen-aus-gras","status":"publish","type":"product","link":"https:\/\/bbdekorandmore.at\/hu\/produkt\/kaninchen-aus-gras\/","title":{"rendered":"F\u0171ny\u00fal"},"content":{"rendered":"<p>Var\u00e1zsolj egy kis term\u00e9szetess\u00e9get a h\u00fasv\u00e9ti dekor\u00e1ci\u00f3dba a f\u0171b\u0151l k\u00e9sz\u00fclt var\u00e1zslatos nyuszinkkal. Ez a 10 cm-es, szeretettel megtervezett figura nemcsak b\u00e1jos szemet gy\u00f6ny\u00f6rk\u00f6dtet\u0151, hanem a tavasz \u00e9s az \u00fcnnepi h\u00fasv\u00e9ti id\u0151szak szerves szimb\u00f3luma is.<\/p>\n<p>A m\u0171f\u0171b\u0151l \u00fcgyesen megform\u00e1zott ny\u00fal rusztikus hangulatot k\u00f6lcs\u00f6n\u00f6z a dekor\u00e1ci\u00f3nak. Az apr\u00f3l\u00e9kos kivitelez\u00e9s \u00e9s a r\u00e9szletes kialak\u00edt\u00e1s t\u00f6k\u00e9letesen megragadja a term\u00e9szetes hangulatot.<\/p>\n<p>Helyezze ezt az im\u00e1dnival\u00f3, f\u0171b\u0151l k\u00e9sz\u00fclt nyulat term\u00e9szetes dekor\u00e1ci\u00f3k\u00e9nt egy polcra, asztalra vagy eredeti r\u00e9szletk\u00e9nt egy h\u00fasv\u00e9ti kos\u00e1rba. A kompakt m\u00e9retek sokoldal\u00fa elhelyez\u00e9si lehet\u0151s\u00e9geket tesznek lehet\u0151v\u00e9, m\u00edg az organikus megjelen\u00e9s meleg \u00e9s h\u00edvogat\u00f3 hangulatot teremt.<\/p>\n<p>Hozzon egy kis term\u00e9szetet \u00e9s \u00f6r\u00f6m\u00f6t otthon\u00e1ba ezzel a f\u0171b\u0151l k\u00e9sz\u00fclt kedves ny\u00fallal. Rendelje meg most, \u00e9s hagyja, hogy ez a k\u00f6rnyezetbar\u00e1t kieg\u00e9sz\u00edt\u0151 a h\u00fasv\u00e9t vid\u00e1m hangulat\u00e1ba rep\u00edtse!<\/p>","protected":false},"excerpt":{"rendered":"<p>Im\u00e1dnival\u00f3 <strong>F\u0171ny\u00fal<\/strong>. Ez a <strong>10 cm magas<\/strong> szeretettel megtervezett figura nemcsak b\u00e1jos szemet gy\u00f6ny\u00f6rk\u00f6dtet\u0151, hanem a melegebb \u00e9vszak kezdet\u00e9nek \u00e9s az \u00fcnnepi h\u00fasv\u00e9ti id\u0151szaknak szerves szimb\u00f3luma is. <a class=\"continue\" href=\"https:\/\/bbdekorandmore.at\/hu\/produkt\/kaninchen-aus-gras\/\">Continue Reading<span> F\u0171ny\u00fal<\/span><\/a><\/p>","protected":false},"featured_media":2902,"comment_status":"open","ping_status":"closed","template":"","meta":{"site-sidebar-layout":"default","site-content-layout":"","ast-site-content-layout":"default","site-content-style":"default","site-sidebar-style":"default","ast-global-header-display":"","ast-banner-title-visibility":"","ast-main-header-display":"","ast-hfb-above-header-display":"","ast-hfb-below-header-display":"","ast-hfb-mobile-header-display":"","site-post-title":"","ast-breadcrumbs-content":"","ast-featured-img":"","footer-sml-layout":"","ast-disable-related-posts":"","theme-transparent-header-meta":"default","adv-header-id-meta":"","stick-header-meta":"","header-above-stick-meta":"","header-main-stick-meta":"","header-below-stick-meta":"","astra-migrate-meta-layouts":"set","ast-page-background-enabled":"default","ast-page-background-meta":{"desktop":{"background-color":"var(--ast-global-color-4)","background-image":"","background-repeat":"repeat","background-position":"center center","background-size":"auto","background-attachment":"scroll","background-type":"","background-media":"","overlay-type":"","overlay-color":"","overlay-opacity":"","overlay-gradient":""},"tablet":{"background-color":"","background-image":"","background-repeat":"repeat","background-position":"center center","background-size":"auto","background-attachment":"scroll","background-type":"","background-media":"","overlay-type":"","overlay-color":"","overlay-opacity":"","overlay-gradient":""},"mobile":{"background-color":"","background-image":"","background-repeat":"repeat","background-position":"center center","background-size":"auto","background-attachment":"scroll","background-type":"","background-media":"","overlay-type":"","overlay-color":"","overlay-opacity":"","overlay-gradient":""}},"ast-content-background-meta":{"desktop":{"background-color":"var(--ast-global-color-5)","background-image":"","background-repeat":"repeat","background-position":"center center","background-size":"auto","background-attachment":"scroll","background-type":"","background-media":"","overlay-type":"","overlay-color":"","overlay-opacity":"","overlay-gradient":""},"tablet":{"background-color":"var(--ast-global-color-5)","background-image":"","background-repeat":"repeat","background-position":"center center","background-size":"auto","background-attachment":"scroll","background-type":"","background-media":"","overlay-type":"","overlay-color":"","overlay-opacity":"","overlay-gradient":""},"mobile":{"background-color":"var(--ast-global-color-5)","background-image":"","background-repeat":"repeat","background-position":"center center","background-size":"auto","background-attachment":"scroll","background-type":"","background-media":"","overlay-type":"","overlay-color":"","overlay-opacity":"","overlay-gradient":""}}},"product_brand":[],"product_cat":[23,470],"product_tag":[197,458,194,196,459,199],"class_list":{"0":"post-3034","1":"product","2":"type-product","3":"status-publish","4":"has-post-thumbnail","6":"product_cat-ostern","7":"product_cat-figuren-ostern","8":"product_tag-dekoration-ostern","9":"product_tag-hasenfiguren-fur-ostern","10":"product_tag-ostern","11":"product_tag-ostern-deko","12":"product_tag-ostern-hasenfiguren","13":"product_tag-osterndekoration","14":"tm-no-options","15":"desktop-align-left","16":"tablet-align-left","17":"mobile-align-left","19":"first","20":"instock","21":"shipping-taxable","22":"purchasable","23":"product-type-simple"},"_links":{"self":[{"href":"https:\/\/bbdekorandmore.at\/hu\/wp-json\/wp\/v2\/product\/3034","targetHints":{"allow":["GET"]}}],"collection":[{"href":"https:\/\/bbdekorandmore.at\/hu\/wp-json\/wp\/v2\/product"}],"about":[{"href":"https:\/\/bbdekorandmore.at\/hu\/wp-json\/wp\/v2\/types\/product"}],"replies":[{"embeddable":true,"href":"https:\/\/bbdekorandmore.at\/hu\/wp-json\/wp\/v2\/comments?post=3034"}],"wp:featuredmedia":[{"embeddable":true,"href":"https:\/\/bbdekorandmore.at\/hu\/wp-json\/wp\/v2\/media\/2902"}],"wp:attachment":[{"href":"https:\/\/bbdekorandmore.at\/hu\/wp-json\/wp\/v2\/media?parent=3034"}],"wp:term":[{"taxonomy":"product_brand","embeddable":true,"href":"https:\/\/bbdekorandmore.at\/hu\/wp-json\/wp\/v2\/product_brand?post=3034"},{"taxonomy":"product_cat","embeddable":true,"href":"https:\/\/bbdekorandmore.at\/hu\/wp-json\/wp\/v2\/product_cat?post=3034"},{"taxonomy":"product_tag","embeddable":true,"href":"https:\/\/bbdekorandmore.at\/hu\/wp-json\/wp\/v2\/product_tag?post=3034"}],"curies":[{"name":"wp","href":"https:\/\/api.w.org\/{rel}","templated":true}]}}

Fűnyúl

<p>Varázsolj egy kis természetességet a húsvéti dekorációdba a fűből készült varázslatos nyuszinkkal. Ez a 10 cm-es, szeretettel megtervezett figura nemcsak bájos szemet gyönyörködtető, hanem a tavasz és az ünnepi húsvéti időszak szerves szimbóluma is.</p>
<p>A műfűből ügyesen megformázott nyúl rusztikus hangulatot kölcsönöz a dekorációnak. Az aprólékos kivitelezés és a részletes kialakítás tökéletesen megragadja a természetes hangulatot.</p>
<p>Helyezze ezt az imádnivaló, fűből készült nyulat természetes dekorációként egy polcra, asztalra vagy eredeti részletként egy húsvéti kosárba. A kompakt méretek sokoldalú elhelyezési lehetőségeket tesznek lehetővé, míg az organikus megjelenés meleg és hívogató hangulatot teremt.</p>
<p>Hozzon egy kis természetet és örömöt otthonába ezzel a fűből készült kedves nyúllal. Rendelje meg most, és hagyja, hogy ez a környezetbarát kiegészítő a húsvét vidám hangulatába repítse!</p>

<p>Imádnivaló <strong>Fűnyúl</strong>. Ez a <strong>10 cm magas</strong> szeretettel megtervezett figura nemcsak bájos szemet gyönyörködtető, hanem a melegebb évszak kezdetének és az ünnepi húsvéti időszaknak szerves szimbóluma is. <a class="continue" href="https://bbdekorandmore.at/hu/produkt/kaninchen-aus-gras/">Continue Reading<span> Fűnyúl</span></a></p>
