{"id":3147,"date":"2024-02-07T09:50:48","date_gmt":"2024-02-07T09:50:48","guid":{"rendered":"http:\/\/bbdekorandmore.at\/?post_type=product&#038;p=3147"},"modified":"2024-03-26T11:00:11","modified_gmt":"2024-03-26T11:00:11","slug":"kaninchenfiguren-mit-rad-aus-holz","status":"publish","type":"product","link":"https:\/\/bbdekorandmore.at\/hu\/produkt\/kaninchenfiguren-mit-rad-aus-holz\/","title":{"rendered":"F\u00e1b\u00f3l k\u00e9sz\u00fclt ny\u00falfigur\u00e1k biciklivel"},"content":{"rendered":"<p>Adj egy kis nosztalgi\u00e1t a h\u00fasv\u00e9ti dekor\u00e1ci\u00f3hoz im\u00e1dnival\u00f3, biciklis fa ny\u00falfigur\u00e1inkkal. A l\u00e1ny 14\u00d718 cm-es, m\u00edg a fi\u00fa 14\u00d719 cm-es. Ezek a szeretettel megtervezett figur\u00e1k nemcsak elb\u0171v\u00f6l\u0151 szemet gy\u00f6ny\u00f6rk\u00f6dtet\u0151ek, hanem a tavasz \u00e9s az \u00fcnnepi h\u00fasv\u00e9ti id\u0151szak b\u00e1jos szimb\u00f3lumai is.<\/p>\n<p>A f\u00e1b\u00f3l \u00fcgyesen megmunk\u00e1lt ny\u00falfigur\u00e1k rusztikus b\u00e1jt sug\u00e1roznak. A kiv\u00e1l\u00f3 min\u0151s\u00e9g\u0171 kivitelez\u00e9s \u00e9s a finom r\u00e9szletek t\u00f6k\u00e9letesen megragadj\u00e1k a nosztalgikus hangulatot.<\/p>\n<p>Helyezze ezeket az im\u00e1dnival\u00f3 biciklis fa ny\u00falfigur\u00e1kat eredeti dekor\u00e1ci\u00f3k\u00e9nt egy polcra, egy asztalra vagy egy h\u00fasv\u00e9ti kos\u00e1rba j\u00e1t\u00e9kos r\u00e9szletk\u00e9nt. A kompakt m\u00e9retek sokoldal\u00fa elhelyez\u00e9si lehet\u0151s\u00e9geket tesznek lehet\u0151v\u00e9, m\u00edg a nosztalgikus hangulat meleg \u00e9s h\u00edvogat\u00f3 l\u00e9gk\u00f6rt teremt.<\/p>\n<p>Hozzon egy kis nosztalgi\u00e1t \u00e9s \u00f6r\u00f6m\u00f6t otthon\u00e1ba ezekkel a kedves biciklis fa ny\u00falfigur\u00e1kkal. Rendeljen most, \u00e9s hagyja, hogy ezek a b\u00e1jos kieg\u00e9sz\u00edt\u0151k a h\u00fasv\u00e9t vid\u00e1m hangulat\u00e1ba rep\u00edts\u00e9k!<\/p>","protected":false},"excerpt":{"rendered":"<p>Im\u00e1dnival\u00f3 f\u00e1b\u00f3l k\u00e9sz\u00fclt ny\u00fal figur\u00e1k biciklivel. A 14\u00d718 cm-es l\u00e1ny \u00e9s 14\u00d719 cm-es fi\u00fa figur\u00e1k nemcsak var\u00e1zslatos b\u00e1jt k\u00f6lcs\u00f6n\u00f6znek a h\u00fasv\u00e9ti dekor\u00e1ci\u00f3nak, hanem egy csipetnyi hagyom\u00e1nyos hangulatot is. <a class=\"continue\" href=\"https:\/\/bbdekorandmore.at\/hu\/produkt\/kaninchenfiguren-mit-rad-aus-holz\/\">Continue Reading<span> F\u00e1b\u00f3l k\u00e9sz\u00fclt ny\u00falfigur\u00e1k biciklivel<\/span><\/a><\/p>","protected":false},"featured_media":2896,"comment_status":"open","ping_status":"closed","template":"","meta":{"site-sidebar-layout":"default","site-content-layout":"","ast-site-content-layout":"default","site-content-style":"default","site-sidebar-style":"default","ast-global-header-display":"","ast-banner-title-visibility":"","ast-main-header-display":"","ast-hfb-above-header-display":"","ast-hfb-below-header-display":"","ast-hfb-mobile-header-display":"","site-post-title":"","ast-breadcrumbs-content":"","ast-featured-img":"","footer-sml-layout":"","ast-disable-related-posts":"","theme-transparent-header-meta":"default","adv-header-id-meta":"","stick-header-meta":"","header-above-stick-meta":"","header-main-stick-meta":"","header-below-stick-meta":"","astra-migrate-meta-layouts":"set","ast-page-background-enabled":"default","ast-page-background-meta":{"desktop":{"background-color":"var(--ast-global-color-4)","background-image":"","background-repeat":"repeat","background-position":"center center","background-size":"auto","background-attachment":"scroll","background-type":"","background-media":"","overlay-type":"","overlay-color":"","overlay-opacity":"","overlay-gradient":""},"tablet":{"background-color":"","background-image":"","background-repeat":"repeat","background-position":"center center","background-size":"auto","background-attachment":"scroll","background-type":"","background-media":"","overlay-type":"","overlay-color":"","overlay-opacity":"","overlay-gradient":""},"mobile":{"background-color":"","background-image":"","background-repeat":"repeat","background-position":"center center","background-size":"auto","background-attachment":"scroll","background-type":"","background-media":"","overlay-type":"","overlay-color":"","overlay-opacity":"","overlay-gradient":""}},"ast-content-background-meta":{"desktop":{"background-color":"var(--ast-global-color-5)","background-image":"","background-repeat":"repeat","background-position":"center center","background-size":"auto","background-attachment":"scroll","background-type":"","background-media":"","overlay-type":"","overlay-color":"","overlay-opacity":"","overlay-gradient":""},"tablet":{"background-color":"var(--ast-global-color-5)","background-image":"","background-repeat":"repeat","background-position":"center center","background-size":"auto","background-attachment":"scroll","background-type":"","background-media":"","overlay-type":"","overlay-color":"","overlay-opacity":"","overlay-gradient":""},"mobile":{"background-color":"var(--ast-global-color-5)","background-image":"","background-repeat":"repeat","background-position":"center center","background-size":"auto","background-attachment":"scroll","background-type":"","background-media":"","overlay-type":"","overlay-color":"","overlay-opacity":"","overlay-gradient":""}}},"product_brand":[],"product_cat":[23,470],"product_tag":[197,458,194,196,459,199],"class_list":{"0":"post-3147","1":"product","2":"type-product","3":"status-publish","4":"has-post-thumbnail","6":"product_cat-ostern","7":"product_cat-figuren-ostern","8":"product_tag-dekoration-ostern","9":"product_tag-hasenfiguren-fur-ostern","10":"product_tag-ostern","11":"product_tag-ostern-deko","12":"product_tag-ostern-hasenfiguren","13":"product_tag-osterndekoration","14":"tm-no-options","15":"desktop-align-left","16":"tablet-align-left","17":"mobile-align-left","19":"first","20":"instock","21":"shipping-taxable","22":"purchasable","23":"product-type-variable"},"_links":{"self":[{"href":"https:\/\/bbdekorandmore.at\/hu\/wp-json\/wp\/v2\/product\/3147","targetHints":{"allow":["GET"]}}],"collection":[{"href":"https:\/\/bbdekorandmore.at\/hu\/wp-json\/wp\/v2\/product"}],"about":[{"href":"https:\/\/bbdekorandmore.at\/hu\/wp-json\/wp\/v2\/types\/product"}],"replies":[{"embeddable":true,"href":"https:\/\/bbdekorandmore.at\/hu\/wp-json\/wp\/v2\/comments?post=3147"}],"wp:featuredmedia":[{"embeddable":true,"href":"https:\/\/bbdekorandmore.at\/hu\/wp-json\/wp\/v2\/media\/2896"}],"wp:attachment":[{"href":"https:\/\/bbdekorandmore.at\/hu\/wp-json\/wp\/v2\/media?parent=3147"}],"wp:term":[{"taxonomy":"product_brand","embeddable":true,"href":"https:\/\/bbdekorandmore.at\/hu\/wp-json\/wp\/v2\/product_brand?post=3147"},{"taxonomy":"product_cat","embeddable":true,"href":"https:\/\/bbdekorandmore.at\/hu\/wp-json\/wp\/v2\/product_cat?post=3147"},{"taxonomy":"product_tag","embeddable":true,"href":"https:\/\/bbdekorandmore.at\/hu\/wp-json\/wp\/v2\/product_tag?post=3147"}],"curies":[{"name":"wp","href":"https:\/\/api.w.org\/{rel}","templated":true}]}}

Fából készült nyúlfigurák biciklivel

<p>Adj egy kis nosztalgiát a húsvéti dekorációhoz imádnivaló, biciklis fa nyúlfiguráinkkal. A lány 14×18 cm-es, míg a fiú 14×19 cm-es. Ezek a szeretettel megtervezett figurák nemcsak elbűvölő szemet gyönyörködtetőek, hanem a tavasz és az ünnepi húsvéti időszak bájos szimbólumai is.</p>
<p>A fából ügyesen megmunkált nyúlfigurák rusztikus bájt sugároznak. A kiváló minőségű kivitelezés és a finom részletek tökéletesen megragadják a nosztalgikus hangulatot.</p>
<p>Helyezze ezeket az imádnivaló biciklis fa nyúlfigurákat eredeti dekorációként egy polcra, egy asztalra vagy egy húsvéti kosárba játékos részletként. A kompakt méretek sokoldalú elhelyezési lehetőségeket tesznek lehetővé, míg a nosztalgikus hangulat meleg és hívogató légkört teremt.</p>
<p>Hozzon egy kis nosztalgiát és örömöt otthonába ezekkel a kedves biciklis fa nyúlfigurákkal. Rendeljen most, és hagyja, hogy ezek a bájos kiegészítők a húsvét vidám hangulatába repítsék!</p>

<p>Imádnivaló fából készült nyúl figurák biciklivel. A 14×18 cm-es lány és 14×19 cm-es fiú figurák nemcsak varázslatos bájt kölcsönöznek a húsvéti dekorációnak, hanem egy csipetnyi hagyományos hangulatot is. <a class="continue" href="https://bbdekorandmore.at/hu/produkt/kaninchenfiguren-mit-rad-aus-holz/">Continue Reading<span> Fából készült nyúlfigurák biciklivel</span></a></p>
