{"id":3152,"date":"2024-02-07T10:12:43","date_gmt":"2024-02-07T10:12:43","guid":{"rendered":"http:\/\/bbdekorandmore.at\/?post_type=product&#038;p=3152"},"modified":"2024-02-07T10:12:43","modified_gmt":"2024-02-07T10:12:43","slug":"hase-im-korb-hangende-dekofigur","status":"publish","type":"product","link":"https:\/\/bbdekorandmore.at\/hu\/produkt\/hase-im-korb-hangende-dekofigur\/","title":{"rendered":"Ny\u00fal kos\u00e1rban f\u00fcgg\u0151 dekor\u00e1ci\u00f3s figura"},"content":{"rendered":"<p>Gazdag\u00edtsa h\u00fasv\u00e9ti dekor\u00e1ci\u00f3j\u00e1t a kiv\u00e1l\u00f3 min\u0151s\u00e9g\u0171 polirezinb\u0151l k\u00e9sz\u00fclt \"Nyuszi a kos\u00e1rban\" elragad\u00f3 f\u00fcgg\u0151 dekor\u00e1ci\u00f3s figur\u00e1val. Az 5x4x6 cm m\u00e9ret\u0171, szeretettel megtervezett figura nemcsak b\u00e1jos szemet gy\u00f6ny\u00f6rk\u00f6dtet\u0151, hanem a tavasz \u00e9s az \u00fcnnepi h\u00fasv\u00e9ti id\u0151szak j\u00e1t\u00e9kos szimb\u00f3luma is.<\/p>\n<p>Az aranyos nyuszi egy m\u0171v\u00e9szien megtervezett kos\u00e1rban tr\u00f3nol, \u00e9s egy csipetnyi \u00e9des eleganci\u00e1t k\u00f6lcs\u00f6n\u00f6z a h\u00fasv\u00e9ti dekor\u00e1ci\u00f3nak. A prec\u00edz kivitelez\u00e9s \u00e9s a finom r\u00e9szletek t\u00f6k\u00e9letesen megragadj\u00e1k a j\u00e1t\u00e9kos hangulatot.<\/p>\n<p>Akassza fel ezt az im\u00e1dnival\u00f3 \"Nyuszi a kos\u00e1rban\" dekor\u00e1ci\u00f3s figur\u00e1t h\u00fasv\u00e9ti \u00e1gakra, ajt\u00f3kilincsre, vagy helyezze el vid\u00e1m r\u00e9szletk\u00e9nt otthon\u00e1ban. A kompakt m\u00e9retek sokoldal\u00fa dekor\u00e1ci\u00f3s lehet\u0151s\u00e9geket tesznek lehet\u0151v\u00e9, m\u00edg a kedves mot\u00edvum meleg \u00e9s h\u00edvogat\u00f3 hangulatot teremt.<\/p>\n<p>Hozzon egy csipetnyi tavaszt \u00e9s \u00f6r\u00f6m\u00f6t otthon\u00e1ba ezzel a kedves \"Nyuszi a kos\u00e1rban\" dekor\u00e1ci\u00f3s figur\u00e1val. Rendelje meg most, \u00e9s hagyja, hogy ez a var\u00e1zslatos kieg\u00e9sz\u00edt\u0151 elrep\u00edtse \u00d6nt a h\u00fasv\u00e9t \u00fcnnepi hangulat\u00e1ba!<\/p>","protected":false},"excerpt":{"rendered":"<p>Ny\u00fal kos\u00e1rban, f\u00fcgg\u0151 dekor\u00e1ci\u00f3s figura. Az 5x4x6 cm-es, szeretettel megtervezett polirezin nyuszi t\u00f6k\u00e9letesen \u00e9rz\u00e9kelteti a tavasz vid\u00e1m hangulat\u00e1t, \u00e9s ide\u00e1lis a h\u00fasv\u00e9ti \u00e1gakra akasztva vagy otthonod var\u00e1zslatos r\u00e9szletek\u00e9nt. Adjon egy csipetnyi tavaszt \u00e9s vid\u00e1ms\u00e1got h\u00fasv\u00e9ti dekor\u00e1ci\u00f3j\u00e1hoz ezzel a b\u00e1jos kieg\u00e9sz\u00edt\u0151vel. <a class=\"continue\" href=\"https:\/\/bbdekorandmore.at\/hu\/produkt\/hase-im-korb-hangende-dekofigur\/\">Continue Reading<span> Ny\u00fal kos\u00e1rban f\u00fcgg\u0151 dekor\u00e1ci\u00f3s figura<\/span><\/a><\/p>","protected":false},"featured_media":2932,"comment_status":"open","ping_status":"closed","template":"","meta":{"site-sidebar-layout":"default","site-content-layout":"","ast-site-content-layout":"default","site-content-style":"default","site-sidebar-style":"default","ast-global-header-display":"","ast-banner-title-visibility":"","ast-main-header-display":"","ast-hfb-above-header-display":"","ast-hfb-below-header-display":"","ast-hfb-mobile-header-display":"","site-post-title":"","ast-breadcrumbs-content":"","ast-featured-img":"","footer-sml-layout":"","ast-disable-related-posts":"","theme-transparent-header-meta":"default","adv-header-id-meta":"","stick-header-meta":"","header-above-stick-meta":"","header-main-stick-meta":"","header-below-stick-meta":"","astra-migrate-meta-layouts":"set","ast-page-background-enabled":"default","ast-page-background-meta":{"desktop":{"background-color":"var(--ast-global-color-4)","background-image":"","background-repeat":"repeat","background-position":"center center","background-size":"auto","background-attachment":"scroll","background-type":"","background-media":"","overlay-type":"","overlay-color":"","overlay-opacity":"","overlay-gradient":""},"tablet":{"background-color":"","background-image":"","background-repeat":"repeat","background-position":"center center","background-size":"auto","background-attachment":"scroll","background-type":"","background-media":"","overlay-type":"","overlay-color":"","overlay-opacity":"","overlay-gradient":""},"mobile":{"background-color":"","background-image":"","background-repeat":"repeat","background-position":"center center","background-size":"auto","background-attachment":"scroll","background-type":"","background-media":"","overlay-type":"","overlay-color":"","overlay-opacity":"","overlay-gradient":""}},"ast-content-background-meta":{"desktop":{"background-color":"var(--ast-global-color-5)","background-image":"","background-repeat":"repeat","background-position":"center center","background-size":"auto","background-attachment":"scroll","background-type":"","background-media":"","overlay-type":"","overlay-color":"","overlay-opacity":"","overlay-gradient":""},"tablet":{"background-color":"var(--ast-global-color-5)","background-image":"","background-repeat":"repeat","background-position":"center center","background-size":"auto","background-attachment":"scroll","background-type":"","background-media":"","overlay-type":"","overlay-color":"","overlay-opacity":"","overlay-gradient":""},"mobile":{"background-color":"var(--ast-global-color-5)","background-image":"","background-repeat":"repeat","background-position":"center center","background-size":"auto","background-attachment":"scroll","background-type":"","background-media":"","overlay-type":"","overlay-color":"","overlay-opacity":"","overlay-gradient":""}}},"product_brand":[],"product_cat":[23,470],"product_tag":[197,458,194,196,459,199],"class_list":{"0":"post-3152","1":"product","2":"type-product","3":"status-publish","4":"has-post-thumbnail","6":"product_cat-ostern","7":"product_cat-figuren-ostern","8":"product_tag-dekoration-ostern","9":"product_tag-hasenfiguren-fur-ostern","10":"product_tag-ostern","11":"product_tag-ostern-deko","12":"product_tag-ostern-hasenfiguren","13":"product_tag-osterndekoration","14":"tm-no-options","15":"desktop-align-left","16":"tablet-align-left","17":"mobile-align-left","19":"first","20":"instock","21":"shipping-taxable","22":"purchasable","23":"product-type-simple"},"_links":{"self":[{"href":"https:\/\/bbdekorandmore.at\/hu\/wp-json\/wp\/v2\/product\/3152","targetHints":{"allow":["GET"]}}],"collection":[{"href":"https:\/\/bbdekorandmore.at\/hu\/wp-json\/wp\/v2\/product"}],"about":[{"href":"https:\/\/bbdekorandmore.at\/hu\/wp-json\/wp\/v2\/types\/product"}],"replies":[{"embeddable":true,"href":"https:\/\/bbdekorandmore.at\/hu\/wp-json\/wp\/v2\/comments?post=3152"}],"wp:featuredmedia":[{"embeddable":true,"href":"https:\/\/bbdekorandmore.at\/hu\/wp-json\/wp\/v2\/media\/2932"}],"wp:attachment":[{"href":"https:\/\/bbdekorandmore.at\/hu\/wp-json\/wp\/v2\/media?parent=3152"}],"wp:term":[{"taxonomy":"product_brand","embeddable":true,"href":"https:\/\/bbdekorandmore.at\/hu\/wp-json\/wp\/v2\/product_brand?post=3152"},{"taxonomy":"product_cat","embeddable":true,"href":"https:\/\/bbdekorandmore.at\/hu\/wp-json\/wp\/v2\/product_cat?post=3152"},{"taxonomy":"product_tag","embeddable":true,"href":"https:\/\/bbdekorandmore.at\/hu\/wp-json\/wp\/v2\/product_tag?post=3152"}],"curies":[{"name":"wp","href":"https:\/\/api.w.org\/{rel}","templated":true}]}}

Nyúl kosárban függő dekorációs figura

<p>Gazdagítsa húsvéti dekorációját a kiváló minőségű polirezinből készült "Nyuszi a kosárban" elragadó függő dekorációs figurával. Az 5x4x6 cm méretű, szeretettel megtervezett figura nemcsak bájos szemet gyönyörködtető, hanem a tavasz és az ünnepi húsvéti időszak játékos szimbóluma is.</p>
<p>Az aranyos nyuszi egy művészien megtervezett kosárban trónol, és egy csipetnyi édes eleganciát kölcsönöz a húsvéti dekorációnak. A precíz kivitelezés és a finom részletek tökéletesen megragadják a játékos hangulatot.</p>
<p>Akassza fel ezt az imádnivaló "Nyuszi a kosárban" dekorációs figurát húsvéti ágakra, ajtókilincsre, vagy helyezze el vidám részletként otthonában. A kompakt méretek sokoldalú dekorációs lehetőségeket tesznek lehetővé, míg a kedves motívum meleg és hívogató hangulatot teremt.</p>
<p>Hozzon egy csipetnyi tavaszt és örömöt otthonába ezzel a kedves "Nyuszi a kosárban" dekorációs figurával. Rendelje meg most, és hagyja, hogy ez a varázslatos kiegészítő elrepítse Önt a húsvét ünnepi hangulatába!</p>

<p>Nyúl kosárban, függő dekorációs figura. Az 5x4x6 cm-es, szeretettel megtervezett polirezin nyuszi tökéletesen érzékelteti a tavasz vidám hangulatát, és ideális a húsvéti ágakra akasztva vagy otthonod varázslatos részleteként. Adjon egy csipetnyi tavaszt és vidámságot húsvéti dekorációjához ezzel a bájos kiegészítővel. <a class="continue" href="https://bbdekorandmore.at/hu/produkt/hase-im-korb-hangende-dekofigur/">Continue Reading<span> Nyúl kosárban függő dekorációs figura</span></a></p>
