{"id":3185,"date":"2024-02-07T21:21:12","date_gmt":"2024-02-07T21:21:12","guid":{"rendered":"http:\/\/bbdekorandmore.at\/?post_type=product&#038;p=3185"},"modified":"2025-02-12T10:29:05","modified_gmt":"2025-02-12T10:29:05","slug":"silberne-eier","status":"publish","type":"product","link":"https:\/\/bbdekorandmore.at\/hu\/produkt\/silberne-eier\/","title":{"rendered":"Ez\u00fcst toj\u00e1sok"},"content":{"rendered":"<p>Dobja fel h\u00fasv\u00e9ti dekor\u00e1ci\u00f3j\u00e1t a k\u00fcl\u00f6nb\u00f6z\u0151 m\u00e9ret\u0171 \u00e9s mint\u00e1j\u00fa ez\u00fcsttoj\u00e1sok v\u00e1laszt\u00e9k\u00e1val. A nagy, 12 cm-es matt toj\u00e1s kifinomult hat\u00e1st kelt, m\u00edg a k\u00f6zepes m\u00e9ret\u0171, 10 cm-es matt toj\u00e1s modern eleganci\u00e1t sug\u00e1roz. A 8,50 cm-es, bord\u00e1zott kis toj\u00e1s st\u00edlusos b\u00e1jjal teszi teljess\u00e9 az \u00f6ssze\u00e1ll\u00edt\u00e1st.<\/p>\n<p>A prec\u00edz kivitelez\u00e9s \u00e9s a k\u00fcl\u00f6nb\u00f6z\u0151 fel\u00fcleti text\u00far\u00e1k m\u0171v\u00e9szi szemet gy\u00f6ny\u00f6rk\u00f6dtet\u0151v\u00e9 teszik ezeket az ez\u00fcst toj\u00e1sokat. Ak\u00e1r egyenk\u00e9nt elhelyezve, ak\u00e1r harmonikus csoportba rendezve, ezek az ez\u00fcst toj\u00e1sok \u00fcnnepi \u00e9s vonz\u00f3 hangulatot k\u00f6lcs\u00f6n\u00f6znek otthon\u00e1nak.<\/p>\n<p>Adjon egy csipetnyi kifinomults\u00e1got a h\u00fasv\u00e9ti dekor\u00e1ci\u00f3hoz ezekkel az eleg\u00e1ns ez\u00fcst toj\u00e1sokkal. Rendeljen most, \u00e9s hagyja, hogy ezek az eleg\u00e1ns kieg\u00e9sz\u00edt\u0151k elrep\u00edts\u00e9k \u00d6nt a h\u00fasv\u00e9t \u00fcnnepi hangulat\u00e1ba!<\/p>","protected":false},"excerpt":{"rendered":"<p>K\u00fcl\u00f6nb\u00f6z\u0151 m\u00e9ret\u0171 ez\u00fcst toj\u00e1sok. A matt, nagy, 12 cm-es toj\u00e1s eleganci\u00e1t k\u00f6lcs\u00f6n\u00f6z, a k\u00f6zepes m\u00e9ret\u0171, matt, 10 cm-es toj\u00e1s modern kifinomults\u00e1got sug\u00e1roz, a kis, bord\u00e1zott, 8,50 cm-es toj\u00e1s pedig eleg\u00e1ns b\u00e1jt k\u00f6lcs\u00f6n\u00f6z. Ezek a m\u0171v\u00e9szien megtervezett ez\u00fcsttoj\u00e1sok ak\u00e1r egyenk\u00e9nt, ak\u00e1r harmonikus csoportba rendezve \u00fcnnepi \u00e9s vonz\u00f3 hangulatot teremtenek otthon\u00e1ban. <a class=\"continue\" href=\"https:\/\/bbdekorandmore.at\/hu\/produkt\/silberne-eier\/\">Continue Reading<span> Ez\u00fcst toj\u00e1sok<\/span><\/a><\/p>","protected":false},"featured_media":2944,"comment_status":"open","ping_status":"closed","template":"","meta":{"site-sidebar-layout":"default","site-content-layout":"","ast-site-content-layout":"default","site-content-style":"default","site-sidebar-style":"default","ast-global-header-display":"","ast-banner-title-visibility":"","ast-main-header-display":"","ast-hfb-above-header-display":"","ast-hfb-below-header-display":"","ast-hfb-mobile-header-display":"","site-post-title":"","ast-breadcrumbs-content":"","ast-featured-img":"","footer-sml-layout":"","ast-disable-related-posts":"","theme-transparent-header-meta":"default","adv-header-id-meta":"","stick-header-meta":"","header-above-stick-meta":"","header-main-stick-meta":"","header-below-stick-meta":"","astra-migrate-meta-layouts":"set","ast-page-background-enabled":"default","ast-page-background-meta":{"desktop":{"background-color":"var(--ast-global-color-4)","background-image":"","background-repeat":"repeat","background-position":"center center","background-size":"auto","background-attachment":"scroll","background-type":"","background-media":"","overlay-type":"","overlay-color":"","overlay-opacity":"","overlay-gradient":""},"tablet":{"background-color":"","background-image":"","background-repeat":"repeat","background-position":"center center","background-size":"auto","background-attachment":"scroll","background-type":"","background-media":"","overlay-type":"","overlay-color":"","overlay-opacity":"","overlay-gradient":""},"mobile":{"background-color":"","background-image":"","background-repeat":"repeat","background-position":"center center","background-size":"auto","background-attachment":"scroll","background-type":"","background-media":"","overlay-type":"","overlay-color":"","overlay-opacity":"","overlay-gradient":""}},"ast-content-background-meta":{"desktop":{"background-color":"var(--ast-global-color-5)","background-image":"","background-repeat":"repeat","background-position":"center center","background-size":"auto","background-attachment":"scroll","background-type":"","background-media":"","overlay-type":"","overlay-color":"","overlay-opacity":"","overlay-gradient":""},"tablet":{"background-color":"var(--ast-global-color-5)","background-image":"","background-repeat":"repeat","background-position":"center center","background-size":"auto","background-attachment":"scroll","background-type":"","background-media":"","overlay-type":"","overlay-color":"","overlay-opacity":"","overlay-gradient":""},"mobile":{"background-color":"var(--ast-global-color-5)","background-image":"","background-repeat":"repeat","background-position":"center center","background-size":"auto","background-attachment":"scroll","background-type":"","background-media":"","overlay-type":"","overlay-color":"","overlay-opacity":"","overlay-gradient":""}}},"product_brand":[],"product_cat":[23,470],"product_tag":[197,510,194,196,199],"class_list":{"0":"post-3185","1":"product","2":"type-product","3":"status-publish","4":"has-post-thumbnail","6":"product_cat-ostern","7":"product_cat-figuren-ostern","8":"product_tag-dekoration-ostern","9":"product_tag-osterei-dekoration","10":"product_tag-ostern","11":"product_tag-ostern-deko","12":"product_tag-osterndekoration","13":"tm-no-options","14":"desktop-align-left","15":"tablet-align-left","16":"mobile-align-left","18":"first","19":"instock","20":"shipping-taxable","21":"purchasable","22":"product-type-variable"},"_links":{"self":[{"href":"https:\/\/bbdekorandmore.at\/hu\/wp-json\/wp\/v2\/product\/3185","targetHints":{"allow":["GET"]}}],"collection":[{"href":"https:\/\/bbdekorandmore.at\/hu\/wp-json\/wp\/v2\/product"}],"about":[{"href":"https:\/\/bbdekorandmore.at\/hu\/wp-json\/wp\/v2\/types\/product"}],"replies":[{"embeddable":true,"href":"https:\/\/bbdekorandmore.at\/hu\/wp-json\/wp\/v2\/comments?post=3185"}],"wp:featuredmedia":[{"embeddable":true,"href":"https:\/\/bbdekorandmore.at\/hu\/wp-json\/wp\/v2\/media\/2944"}],"wp:attachment":[{"href":"https:\/\/bbdekorandmore.at\/hu\/wp-json\/wp\/v2\/media?parent=3185"}],"wp:term":[{"taxonomy":"product_brand","embeddable":true,"href":"https:\/\/bbdekorandmore.at\/hu\/wp-json\/wp\/v2\/product_brand?post=3185"},{"taxonomy":"product_cat","embeddable":true,"href":"https:\/\/bbdekorandmore.at\/hu\/wp-json\/wp\/v2\/product_cat?post=3185"},{"taxonomy":"product_tag","embeddable":true,"href":"https:\/\/bbdekorandmore.at\/hu\/wp-json\/wp\/v2\/product_tag?post=3185"}],"curies":[{"name":"wp","href":"https:\/\/api.w.org\/{rel}","templated":true}]}}

Ezüst tojások

<p>Dobja fel húsvéti dekorációját a különböző méretű és mintájú ezüsttojások választékával. A nagy, 12 cm-es matt tojás kifinomult hatást kelt, míg a közepes méretű, 10 cm-es matt tojás modern eleganciát sugároz. A 8,50 cm-es, bordázott kis tojás stílusos bájjal teszi teljessé az összeállítást.</p>
<p>A precíz kivitelezés és a különböző felületi textúrák művészi szemet gyönyörködtetővé teszik ezeket az ezüst tojásokat. Akár egyenként elhelyezve, akár harmonikus csoportba rendezve, ezek az ezüst tojások ünnepi és vonzó hangulatot kölcsönöznek otthonának.</p>
<p>Adjon egy csipetnyi kifinomultságot a húsvéti dekorációhoz ezekkel az elegáns ezüst tojásokkal. Rendeljen most, és hagyja, hogy ezek az elegáns kiegészítők elrepítsék Önt a húsvét ünnepi hangulatába!</p>

<p>Különböző méretű ezüst tojások. A matt, nagy, 12 cm-es tojás eleganciát kölcsönöz, a közepes méretű, matt, 10 cm-es tojás modern kifinomultságot sugároz, a kis, bordázott, 8,50 cm-es tojás pedig elegáns bájt kölcsönöz. Ezek a művészien megtervezett ezüsttojások akár egyenként, akár harmonikus csoportba rendezve ünnepi és vonzó hangulatot teremtenek otthonában. <a class="continue" href="https://bbdekorandmore.at/hu/produkt/silberne-eier/">Continue Reading<span> Ezüst tojások</span></a></p>
