{"id":3202,"date":"2024-02-08T20:55:28","date_gmt":"2024-02-08T20:55:28","guid":{"rendered":"http:\/\/bbdekorandmore.at\/?post_type=product&#038;p=3202"},"modified":"2024-02-11T07:54:07","modified_gmt":"2024-02-11T07:54:07","slug":"voll-mit-blumen-turkranz-fur-ostern","status":"publish","type":"product","link":"https:\/\/bbdekorandmore.at\/hu\/produkt\/voll-mit-blumen-turkranz-fur-ostern\/","title":{"rendered":"\"Vir\u00e1gokkal teli\" ajt\u00f3koszor\u00fa h\u00fasv\u00e9tra"},"content":{"rendered":"<p>\u00dcdv\u00f6z\u00f6lje a tavaszt a var\u00e1zslatos \" Vir\u00e1gokkal teli \" ajt\u00f3koszor\u00faval h\u00fasv\u00e9tra! A 36-37 cm \u00e1tm\u00e9r\u0151j\u0171 koszor\u00fa a sz\u00ednek vibr\u00e1l\u00f3 \u00fcnnepe, gy\u00f6ny\u00f6r\u0171 selyemvir\u00e1gokkal bor\u00edtva, amelyek vid\u00e1m hangulatot teremtenek. K\u00fcl\u00f6nleges f\u00e9nypontk\u00e9nt egy im\u00e1dnival\u00f3 ny\u00falfigura tr\u00f3nol, amely j\u00e1t\u00e9kos jelleget k\u00f6lcs\u00f6n\u00f6z a koszor\u00fanak.<\/p>\n<p>Az \u00fcgyesen elrendezett selyemvir\u00e1gok \u00e9s a b\u00e1jos ny\u00fal \u00fcnnepi h\u00fasv\u00e9ti dekor\u00e1ci\u00f3t alkotnak, amely nemcsak ajtaj\u00e1t sz\u00e9p\u00edti meg, hanem a tavasz frissess\u00e9g\u00e9t \u00e9s \u00e9let\u00f6r\u00f6m\u00e9t is elhozza otthon\u00e1ba. Rendelje meg most ezt az egyedi \"Vir\u00e1gokkal teli\" ajt\u00f3koszor\u00fat, \u00e9s hagyja, hogy otthona a h\u00fasv\u00e9t \u00fcnnepi pomp\u00e1j\u00e1ban ragyogjon!<\/p>","protected":false},"excerpt":{"rendered":"<p>\u00dcdv\u00f6z\u00f6lje a tavaszt a \"Vir\u00e1gokkal teli\" ajt\u00f3koszor\u00faval h\u00fasv\u00e9tra! A 36-37 cm \u00e1tm\u00e9r\u0151j\u0171 koszor\u00fa vir\u00e1gos szemet gy\u00f6ny\u00f6rk\u00f6dtet\u0151. A gy\u00f6ny\u00f6r\u0171 selyemvir\u00e1gok sokas\u00e1ga \u00e9s az im\u00e1dnival\u00f3 ny\u00fal \u00fcnnepi \u00e9s vid\u00e1m hangulatot k\u00f6lcs\u00f6n\u00f6z ajtaj\u00e1nak, amely t\u00f6k\u00e9letesen megragadja a h\u00fasv\u00e9t szellem\u00e9t. <a class=\"continue\" href=\"https:\/\/bbdekorandmore.at\/hu\/produkt\/voll-mit-blumen-turkranz-fur-ostern\/\">Continue Reading<span> \"Vir\u00e1gokkal teli\" ajt\u00f3koszor\u00fa h\u00fasv\u00e9tra<\/span><\/a><\/p>","protected":false},"featured_media":3206,"comment_status":"open","ping_status":"closed","template":"","meta":{"site-sidebar-layout":"default","site-content-layout":"","ast-site-content-layout":"default","site-content-style":"default","site-sidebar-style":"default","ast-global-header-display":"","ast-banner-title-visibility":"","ast-main-header-display":"","ast-hfb-above-header-display":"","ast-hfb-below-header-display":"","ast-hfb-mobile-header-display":"","site-post-title":"","ast-breadcrumbs-content":"","ast-featured-img":"","footer-sml-layout":"","ast-disable-related-posts":"","theme-transparent-header-meta":"default","adv-header-id-meta":"","stick-header-meta":"","header-above-stick-meta":"","header-main-stick-meta":"","header-below-stick-meta":"","astra-migrate-meta-layouts":"set","ast-page-background-enabled":"default","ast-page-background-meta":{"desktop":{"background-color":"var(--ast-global-color-4)","background-image":"","background-repeat":"repeat","background-position":"center center","background-size":"auto","background-attachment":"scroll","background-type":"","background-media":"","overlay-type":"","overlay-color":"","overlay-opacity":"","overlay-gradient":""},"tablet":{"background-color":"","background-image":"","background-repeat":"repeat","background-position":"center center","background-size":"auto","background-attachment":"scroll","background-type":"","background-media":"","overlay-type":"","overlay-color":"","overlay-opacity":"","overlay-gradient":""},"mobile":{"background-color":"","background-image":"","background-repeat":"repeat","background-position":"center center","background-size":"auto","background-attachment":"scroll","background-type":"","background-media":"","overlay-type":"","overlay-color":"","overlay-opacity":"","overlay-gradient":""}},"ast-content-background-meta":{"desktop":{"background-color":"var(--ast-global-color-5)","background-image":"","background-repeat":"repeat","background-position":"center center","background-size":"auto","background-attachment":"scroll","background-type":"","background-media":"","overlay-type":"","overlay-color":"","overlay-opacity":"","overlay-gradient":""},"tablet":{"background-color":"var(--ast-global-color-5)","background-image":"","background-repeat":"repeat","background-position":"center center","background-size":"auto","background-attachment":"scroll","background-type":"","background-media":"","overlay-type":"","overlay-color":"","overlay-opacity":"","overlay-gradient":""},"mobile":{"background-color":"var(--ast-global-color-5)","background-image":"","background-repeat":"repeat","background-position":"center center","background-size":"auto","background-attachment":"scroll","background-type":"","background-media":"","overlay-type":"","overlay-color":"","overlay-opacity":"","overlay-gradient":""}}},"product_brand":[],"product_cat":[23,516],"product_tag":[197,510,194,196,199,519,518],"class_list":{"0":"post-3202","1":"product","2":"type-product","3":"status-publish","4":"has-post-thumbnail","6":"product_cat-ostern","7":"product_cat-turkranz","8":"product_tag-dekoration-ostern","9":"product_tag-osterei-dekoration","10":"product_tag-ostern","11":"product_tag-ostern-deko","12":"product_tag-osterndekoration","13":"product_tag-turkranz-mit-seidenblume","14":"product_tag-turkranz-ostern","15":"tm-no-options","16":"desktop-align-left","17":"tablet-align-left","18":"mobile-align-left","20":"first","21":"instock","22":"shipping-taxable","23":"purchasable","24":"product-type-simple"},"_links":{"self":[{"href":"https:\/\/bbdekorandmore.at\/hu\/wp-json\/wp\/v2\/product\/3202","targetHints":{"allow":["GET"]}}],"collection":[{"href":"https:\/\/bbdekorandmore.at\/hu\/wp-json\/wp\/v2\/product"}],"about":[{"href":"https:\/\/bbdekorandmore.at\/hu\/wp-json\/wp\/v2\/types\/product"}],"replies":[{"embeddable":true,"href":"https:\/\/bbdekorandmore.at\/hu\/wp-json\/wp\/v2\/comments?post=3202"}],"wp:featuredmedia":[{"embeddable":true,"href":"https:\/\/bbdekorandmore.at\/hu\/wp-json\/wp\/v2\/media\/3206"}],"wp:attachment":[{"href":"https:\/\/bbdekorandmore.at\/hu\/wp-json\/wp\/v2\/media?parent=3202"}],"wp:term":[{"taxonomy":"product_brand","embeddable":true,"href":"https:\/\/bbdekorandmore.at\/hu\/wp-json\/wp\/v2\/product_brand?post=3202"},{"taxonomy":"product_cat","embeddable":true,"href":"https:\/\/bbdekorandmore.at\/hu\/wp-json\/wp\/v2\/product_cat?post=3202"},{"taxonomy":"product_tag","embeddable":true,"href":"https:\/\/bbdekorandmore.at\/hu\/wp-json\/wp\/v2\/product_tag?post=3202"}],"curies":[{"name":"wp","href":"https:\/\/api.w.org\/{rel}","templated":true}]}}

"Virágokkal teli" ajtókoszorú húsvétra

<p>Üdvözölje a tavaszt a varázslatos " Virágokkal teli " ajtókoszorúval húsvétra! A 36-37 cm átmérőjű koszorú a színek vibráló ünnepe, gyönyörű selyemvirágokkal borítva, amelyek vidám hangulatot teremtenek. Különleges fénypontként egy imádnivaló nyúlfigura trónol, amely játékos jelleget kölcsönöz a koszorúnak.</p>
<p>Az ügyesen elrendezett selyemvirágok és a bájos nyúl ünnepi húsvéti dekorációt alkotnak, amely nemcsak ajtaját szépíti meg, hanem a tavasz frissességét és életörömét is elhozza otthonába. Rendelje meg most ezt az egyedi "Virágokkal teli" ajtókoszorút, és hagyja, hogy otthona a húsvét ünnepi pompájában ragyogjon!</p>

<p>Üdvözölje a tavaszt a "Virágokkal teli" ajtókoszorúval húsvétra! A 36-37 cm átmérőjű koszorú virágos szemet gyönyörködtető. A gyönyörű selyemvirágok sokasága és az imádnivaló nyúl ünnepi és vidám hangulatot kölcsönöz ajtajának, amely tökéletesen megragadja a húsvét szellemét. <a class="continue" href="https://bbdekorandmore.at/hu/produkt/voll-mit-blumen-turkranz-fur-ostern/">Continue Reading<span> "Virágokkal teli" ajtókoszorú húsvétra</span></a></p>
