{"id":3372,"date":"2024-02-24T06:44:45","date_gmt":"2024-02-24T06:44:45","guid":{"rendered":"http:\/\/bbdekorandmore.at\/?post_type=product&#038;p=3372"},"modified":"2025-03-03T11:45:21","modified_gmt":"2025-03-03T11:45:21","slug":"hase-auf-der-blumenwiese","status":"publish","type":"product","link":"https:\/\/bbdekorandmore.at\/hu\/produkt\/hase-auf-der-blumenwiese\/","title":{"rendered":"Nyuszi a vir\u00e1gos r\u00e9ten"},"content":{"rendered":"<h4 data-sourcepos=\"1:1-1:72\">Nyuszi a vir\u00e1gos r\u00e9ten - Dekorat\u00edv fat\u00e1ny\u00e9r tavaszi var\u00e1zslattal<\/h4>\n<p data-sourcepos=\"3:1-3:119\">Adjon egy kis tavaszi hangulatot otthonodn\u00e1nak ezzel a var\u00e1zslatos \"Nyuszi a vir\u00e1gos r\u00e9ten\" f\u00e1b\u00f3l k\u00e9sz\u00fclt t\u00e1ny\u00e9rral.<\/p>\n<p data-sourcepos=\"5:1-5:51\">Kiv\u00e1l\u00f3 min\u0151s\u00e9g\u0171 anyagok \u00e9s szeretetteljes r\u00e9szletek:<\/p>\n<ul data-sourcepos=\"7:1-11:0\">\n<li data-sourcepos=\"7:1-7:132\">Massiver Holzteller: Der 20&#215;20 cm gro\u00dfe Teller aus robustem Holz bildet die perfekte Grundlage f\u00fcr die zauberhafte Dekoration.<\/li>\n<li data-sourcepos=\"8:1-8:122\">Selyemvir\u00e1gok: A finom sz\u00ednekben pomp\u00e1z\u00f3, r\u00e9szletgazdag selyemvir\u00e1gok a tavasz vid\u00e1ms\u00e1g\u00e1t hozz\u00e1k el otthon\u00e1ba.<\/li>\n<li data-sourcepos=\"9:1-9:152\">Ker\u00e1mia pillang\u00f3: A filigr\u00e1n ker\u00e1mia pillang\u00f3 eleg\u00e1ns hangs\u00falyt ad, \u00e9s kiemeli az \u00f6ssze\u00e1ll\u00edt\u00e1s term\u00e9szetess\u00e9g\u00e9t.<\/li>\n<li data-sourcepos=\"10:1-11:0\">Clayre &amp; Eef figura: A n\u00e9pszer\u0171 Clayre &amp; Eef kollekci\u00f3b\u00f3l sz\u00e1rmaz\u00f3 aranyos nyuszi b\u00e1jos, szemet gy\u00f6ny\u00f6rk\u00f6dtet\u0151.<\/li>\n<\/ul>\n<p data-sourcepos=\"12:1-12:294\">Mit einer Gesamtbreite von 22 cm und einer H\u00f6he von 32 cm ist der Deko-Teller ein ideales Geschenk f\u00fcr alle, die Freude an fr\u00fchlingshafter Dekoration haben. Ob auf dem Esstisch, im Wohnzimmer oder auf der Fensterbank &#8211; der &#8222;Hase auf der Blumenwiese&#8220; zaubert \u00fcberall ein L\u00e4cheln ins Gesicht.<\/p>\n<p data-sourcepos=\"14:1-14:26\">Tov\u00e1bbi inform\u00e1ci\u00f3k:<\/p>\n<ul data-sourcepos=\"16:1-19:0\">\n<li data-sourcepos=\"16:1-16:63\">Anyagok: fa, selyem, ker\u00e1mia, Clayre &amp; Eef figura<\/li>\n<li data-sourcepos=\"17:1-17:50\">Ma\u00dfe: Teller: 20&#215;20 cm, Dekoration: 32&#215;22 cm<\/li>\n<li data-sourcepos=\"18:1-19:0\">Preis: 49,40\u20ac<\/li>\n<\/ul>\n<p data-sourcepos=\"20:1-20:65\">Rendelje meg most, \u00e9s var\u00e1zsolja be a tavaszt otthon\u00e1ba!<\/p>","protected":false},"excerpt":{"rendered":"<p><strong>Hase auf der Blumenwiese &#8211; Dekorativer Holzteller mit Hase, Seidenblumen &amp; Ostereier<\/strong><\/p>\n<p>- t\u00f6m\u00f6r fat\u00e1ny\u00e9r (20\u00d720 cm)<br \/>\n- R\u00e9szletes selyemvir\u00e1gok<br \/>\n\u2022 Ostereier mit Motiven<br \/>\n- Aranyos Clayre &amp; Eef nyuszi figura<br \/>\n\u2022 Gesamtgr\u00f6\u00dfe: 32&#215;22 cm<br \/>\n- tavaszias hangulatot var\u00e1zsol<br \/>\n- Ide\u00e1lis aj\u00e1nd\u00e9k<\/p>\n<p><strong>Rendelje meg most, \u00e9s var\u00e1zsolja be a tavaszt otthon\u00e1ba!<\/strong> <a class=\"continue\" href=\"https:\/\/bbdekorandmore.at\/hu\/produkt\/hase-auf-der-blumenwiese\/\">Continue Reading<span> Nyuszi a vir\u00e1gos r\u00e9ten<\/span><\/a><\/p>","protected":false},"featured_media":3610,"comment_status":"open","ping_status":"closed","template":"","meta":{"site-sidebar-layout":"default","site-content-layout":"","ast-site-content-layout":"default","site-content-style":"default","site-sidebar-style":"default","ast-global-header-display":"","ast-banner-title-visibility":"","ast-main-header-display":"","ast-hfb-above-header-display":"","ast-hfb-below-header-display":"","ast-hfb-mobile-header-display":"","site-post-title":"","ast-breadcrumbs-content":"","ast-featured-img":"","footer-sml-layout":"","ast-disable-related-posts":"","theme-transparent-header-meta":"default","adv-header-id-meta":"","stick-header-meta":"","header-above-stick-meta":"","header-main-stick-meta":"","header-below-stick-meta":"","astra-migrate-meta-layouts":"set","ast-page-background-enabled":"default","ast-page-background-meta":{"desktop":{"background-color":"var(--ast-global-color-4)","background-image":"","background-repeat":"repeat","background-position":"center center","background-size":"auto","background-attachment":"scroll","background-type":"","background-media":"","overlay-type":"","overlay-color":"","overlay-opacity":"","overlay-gradient":""},"tablet":{"background-color":"","background-image":"","background-repeat":"repeat","background-position":"center center","background-size":"auto","background-attachment":"scroll","background-type":"","background-media":"","overlay-type":"","overlay-color":"","overlay-opacity":"","overlay-gradient":""},"mobile":{"background-color":"","background-image":"","background-repeat":"repeat","background-position":"center center","background-size":"auto","background-attachment":"scroll","background-type":"","background-media":"","overlay-type":"","overlay-color":"","overlay-opacity":"","overlay-gradient":""}},"ast-content-background-meta":{"desktop":{"background-color":"var(--ast-global-color-5)","background-image":"","background-repeat":"repeat","background-position":"center center","background-size":"auto","background-attachment":"scroll","background-type":"","background-media":"","overlay-type":"","overlay-color":"","overlay-opacity":"","overlay-gradient":""},"tablet":{"background-color":"var(--ast-global-color-5)","background-image":"","background-repeat":"repeat","background-position":"center center","background-size":"auto","background-attachment":"scroll","background-type":"","background-media":"","overlay-type":"","overlay-color":"","overlay-opacity":"","overlay-gradient":""},"mobile":{"background-color":"var(--ast-global-color-5)","background-image":"","background-repeat":"repeat","background-position":"center center","background-size":"auto","background-attachment":"scroll","background-type":"","background-media":"","overlay-type":"","overlay-color":"","overlay-opacity":"","overlay-gradient":""}}},"product_brand":[],"product_cat":[23,517],"product_tag":[197,194,196,199,520],"class_list":{"0":"post-3372","1":"product","2":"type-product","3":"status-publish","4":"has-post-thumbnail","6":"product_cat-ostern","7":"product_cat-tischdeko","8":"product_tag-dekoration-ostern","9":"product_tag-ostern","10":"product_tag-ostern-deko","11":"product_tag-osterndekoration","12":"product_tag-tischdeko-ostern","13":"tm-no-options","14":"desktop-align-left","15":"tablet-align-left","16":"mobile-align-left","18":"first","19":"outofstock","20":"shipping-taxable","21":"purchasable","22":"product-type-simple"},"_links":{"self":[{"href":"https:\/\/bbdekorandmore.at\/hu\/wp-json\/wp\/v2\/product\/3372","targetHints":{"allow":["GET"]}}],"collection":[{"href":"https:\/\/bbdekorandmore.at\/hu\/wp-json\/wp\/v2\/product"}],"about":[{"href":"https:\/\/bbdekorandmore.at\/hu\/wp-json\/wp\/v2\/types\/product"}],"replies":[{"embeddable":true,"href":"https:\/\/bbdekorandmore.at\/hu\/wp-json\/wp\/v2\/comments?post=3372"}],"wp:featuredmedia":[{"embeddable":true,"href":"https:\/\/bbdekorandmore.at\/hu\/wp-json\/wp\/v2\/media\/3610"}],"wp:attachment":[{"href":"https:\/\/bbdekorandmore.at\/hu\/wp-json\/wp\/v2\/media?parent=3372"}],"wp:term":[{"taxonomy":"product_brand","embeddable":true,"href":"https:\/\/bbdekorandmore.at\/hu\/wp-json\/wp\/v2\/product_brand?post=3372"},{"taxonomy":"product_cat","embeddable":true,"href":"https:\/\/bbdekorandmore.at\/hu\/wp-json\/wp\/v2\/product_cat?post=3372"},{"taxonomy":"product_tag","embeddable":true,"href":"https:\/\/bbdekorandmore.at\/hu\/wp-json\/wp\/v2\/product_tag?post=3372"}],"curies":[{"name":"wp","href":"https:\/\/api.w.org\/{rel}","templated":true}]}}

Nyuszi a virágos réten

<h4 data-sourcepos="1:1-1:72">Nyuszi a virágos réten - Dekoratív fatányér tavaszi varázslattal</h4>
<p data-sourcepos="3:1-3:119">Adjon egy kis tavaszi hangulatot otthonodnának ezzel a varázslatos "Nyuszi a virágos réten" fából készült tányérral.</p>
<p data-sourcepos="5:1-5:51">Kiváló minőségű anyagok és szeretetteljes részletek:</p>
<ul data-sourcepos="7:1-11:0">
<li data-sourcepos="7:1-7:132">Massiver Holzteller: Der 20&#215;20 cm große Teller aus robustem Holz bildet die perfekte Grundlage für die zauberhafte Dekoration.</li>
<li data-sourcepos="8:1-8:122">Selyemvirágok: A finom színekben pompázó, részletgazdag selyemvirágok a tavasz vidámságát hozzák el otthonába.</li>
<li data-sourcepos="9:1-9:152">Kerámia pillangó: A filigrán kerámia pillangó elegáns hangsúlyt ad, és kiemeli az összeállítás természetességét.</li>
<li data-sourcepos="10:1-11:0">Clayre &amp; Eef figura: A népszerű Clayre &amp; Eef kollekcióból származó aranyos nyuszi bájos, szemet gyönyörködtető.</li>
</ul>
<p data-sourcepos="12:1-12:294">Mit einer Gesamtbreite von 22 cm und einer Höhe von 32 cm ist der Deko-Teller ein ideales Geschenk für alle, die Freude an frühlingshafter Dekoration haben. Ob auf dem Esstisch, im Wohnzimmer oder auf der Fensterbank &#8211; der &#8222;Hase auf der Blumenwiese&#8220; zaubert überall ein Lächeln ins Gesicht.</p>
<p data-sourcepos="14:1-14:26">További információk:</p>
<ul data-sourcepos="16:1-19:0">
<li data-sourcepos="16:1-16:63">Anyagok: fa, selyem, kerámia, Clayre &amp; Eef figura</li>
<li data-sourcepos="17:1-17:50">Maße: Teller: 20&#215;20 cm, Dekoration: 32&#215;22 cm</li>
<li data-sourcepos="18:1-19:0">Preis: 49,40€</li>
</ul>
<p data-sourcepos="20:1-20:65">Rendelje meg most, és varázsolja be a tavaszt otthonába!</p>

<p><strong>Hase auf der Blumenwiese &#8211; Dekorativer Holzteller mit Hase, Seidenblumen &amp; Ostereier</strong></p>
<p>- tömör fatányér (20×20 cm)<br />
- Részletes selyemvirágok<br />
• Ostereier mit Motiven<br />
- Aranyos Clayre &amp; Eef nyuszi figura<br />
• Gesamtgröße: 32&#215;22 cm<br />
- tavaszias hangulatot varázsol<br />
- Ideális ajándék</p>
<p><strong>Rendelje meg most, és varázsolja be a tavaszt otthonába!</strong> <a class="continue" href="https://bbdekorandmore.at/hu/produkt/hase-auf-der-blumenwiese/">Continue Reading<span> Nyuszi a virágos réten</span></a></p>
