{"id":3459,"date":"2024-02-28T21:09:18","date_gmt":"2024-02-28T21:09:18","guid":{"rendered":"http:\/\/bbdekorandmore.at\/?post_type=product&#038;p=3459"},"modified":"2026-02-20T09:17:37","modified_gmt":"2026-02-20T09:17:37","slug":"zwei-kaninchen-mit-luftballons","status":"publish","type":"product","link":"https:\/\/bbdekorandmore.at\/hu\/produkt\/zwei-kaninchen-mit-luftballons\/","title":{"rendered":"K\u00e9t ny\u00fal lufikkal"},"content":{"rendered":"<p data-sourcepos=\"3:1-3:24\">Term\u00e9kle\u00edr\u00e1s:<\/p>\n<p data-sourcepos=\"5:1-5:395\">A Clayre &amp; Eef var\u00e1zslatos \"K\u00e9t ny\u00fal l\u00e9gg\u00f6mb\u00f6kkel\" figurak\u00e9szlete k\u00e9pzeletbeli utaz\u00e1sra visz a magasba. A k\u00e9t vid\u00e1m, r\u00e9szletesen kidolgozott polirezinb\u0151l k\u00e9sz\u00fclt nyuszi egy k\u00fcl\u00f6nleges l\u00e9gg\u00f6mb\u00f6s utaz\u00e1sra visz el t\u00e9ged. Sz\u00ednes l\u00e9gg\u00f6mbjeikben, amelyeket hat\u00e1rozottan a mancsaikban tartanak, b\u00e1tran dacolnak a sz\u00e9llel, \u00e9s szabadj\u00e1ra engedik a k\u00e9pzelet\u00fcket.<\/p>\n<p data-sourcepos=\"15:1-15:23\">K\u00fcl\u00f6nleges jellemz\u0151k:<\/p>\n<ul data-sourcepos=\"17:1-21:0\">\n<li data-sourcepos=\"17:1-17:123\">J\u00e1t\u00e9kos design: A k\u00e9t ny\u00fal \u00e9s a sz\u00ednes lufik mosolyt csalnak mindenki arc\u00e1ra, aki megl\u00e1tja \u0151ket.<\/li>\n<li data-sourcepos=\"18:1-18:130\">Kiv\u00e1l\u00f3 min\u0151s\u00e9g\u0171 anyagok: A figurak\u00e9szlet robusztus polirezinb\u0151l k\u00e9sz\u00fclt, ez\u00e9rt hossz\u00fa \u00e9lettartamot garant\u00e1l.<\/li>\n<li data-sourcepos=\"19:1-19:147\">Kompakt m\u00e9ret: Kompakt m\u00e9reteinek k\u00f6sz\u00f6nhet\u0151en a k\u00e9szlet b\u00e1rhol elhelyezhet\u0151 - ak\u00e1r ablakp\u00e1rk\u00e1nyon, polcon vagy \u00edr\u00f3asztalon.<\/li>\n<li data-sourcepos=\"20:1-21:0\">Ide\u00e1lis aj\u00e1nd\u00e9k: A k\u00e9szlet t\u00f6k\u00e9letes aj\u00e1nd\u00e9k fiatal \u00e9s id\u0151sebb kalandoroknak, \u00e1llatbar\u00e1toknak \u00e9s a Clayre &amp; Eef \u00f6sszet\u00e9veszthetetlen st\u00edlus\u00e1nak rajong\u00f3inak.<\/li>\n<\/ul>\n<p data-sourcepos=\"22:1-22:25\">Lehets\u00e9ges felhaszn\u00e1l\u00e1si ter\u00fcletek:<\/p>\n<ul data-sourcepos=\"24:1-27:0\">\n<li data-sourcepos=\"24:1-24:110\">Dekor\u00e1ci\u00f3: A figurak\u00e9szlet ide\u00e1lis dekor\u00e1ci\u00f3s elem nappalikba, gyerekszob\u00e1kba \u00e9s t\u00e9likertekbe.<\/li>\n<li data-sourcepos=\"25:1-25:133\">Aj\u00e1nd\u00e9k: A k\u00e9szlet t\u00f6k\u00e9letes aj\u00e1nd\u00e9k sz\u00fclet\u00e9snapra, h\u00fasv\u00e9tra, kar\u00e1csonyra vagy egyszer\u0171en csak egy kis aj\u00e1nd\u00e9knak.<\/li>\n<li data-sourcepos=\"26:1-27:0\">Gy\u0171jt\u0151i darab: A k\u00e9szlet nagyszer\u0171 gy\u0171jt\u0151i darab a Clayre &amp; Eef rajong\u00f3k sz\u00e1m\u00e1ra.<\/li>\n<\/ul>\n<p data-sourcepos=\"28:1-28:13\">Megjegyz\u00e9sek:<\/p>\n<ul data-sourcepos=\"30:1-32:0\">\n<li data-sourcepos=\"30:1-30:65\">A figurak\u00e9szlet nem alkalmas 3 \u00e9v alatti gyermekek sz\u00e1m\u00e1ra.<\/li>\n<li data-sourcepos=\"31:1-32:0\">Dekor\u00e1ci\u00f3s t\u00e1rgyak - nem j\u00e1t\u00e9kok.<\/li>\n<\/ul>","protected":false},"excerpt":{"rendered":"<p>K\u00e9t ny\u00fal lufikkal. Mer\u00fclj el Clayre &amp; Eef var\u00e1zslatos vil\u00e1g\u00e1ban, \u00e9s hagyd, hogy ez a var\u00e1zslatos figurak\u00e9szlet mennyei utaz\u00e1sra vigyen!<\/p>\n<p data-sourcepos=\"28:1-28:26\">Tov\u00e1bbi inform\u00e1ci\u00f3k:<\/p>\n<ul data-sourcepos=\"30:1-35:0\">\n<li data-sourcepos=\"30:1-30:29\">M\u00e1rka: Clayre &amp;Eef<\/li>\n<li data-sourcepos=\"31:1-31:25\">Anyag: polirezin<\/li>\n<li data-sourcepos=\"32:1-32:22\">M\u00e9retek: 10x6x22 cm<\/li>\n<li data-sourcepos=\"33:1-33:17\">Sz\u00edn: Sz\u00ednes<\/li>\n<li data-sourcepos=\"34:1-35:0\">A csomag tartalma: 1x \"K\u00e9t ny\u00fal lufival\" figurak\u00e9szlet.<\/li>\n<\/ul>\n<p> <a class=\"continue\" href=\"https:\/\/bbdekorandmore.at\/hu\/produkt\/zwei-kaninchen-mit-luftballons\/\">Continue Reading<span> K\u00e9t ny\u00fal lufikkal<\/span><\/a><\/p>","protected":false},"featured_media":3446,"comment_status":"open","ping_status":"closed","template":"","meta":{"site-sidebar-layout":"default","site-content-layout":"","ast-site-content-layout":"default","site-content-style":"default","site-sidebar-style":"default","ast-global-header-display":"","ast-banner-title-visibility":"","ast-main-header-display":"","ast-hfb-above-header-display":"","ast-hfb-below-header-display":"","ast-hfb-mobile-header-display":"","site-post-title":"","ast-breadcrumbs-content":"","ast-featured-img":"","footer-sml-layout":"","ast-disable-related-posts":"","theme-transparent-header-meta":"default","adv-header-id-meta":"","stick-header-meta":"","header-above-stick-meta":"","header-main-stick-meta":"","header-below-stick-meta":"","astra-migrate-meta-layouts":"set","ast-page-background-enabled":"default","ast-page-background-meta":{"desktop":{"background-color":"var(--ast-global-color-4)","background-image":"","background-repeat":"repeat","background-position":"center center","background-size":"auto","background-attachment":"scroll","background-type":"","background-media":"","overlay-type":"","overlay-color":"","overlay-opacity":"","overlay-gradient":""},"tablet":{"background-color":"","background-image":"","background-repeat":"repeat","background-position":"center center","background-size":"auto","background-attachment":"scroll","background-type":"","background-media":"","overlay-type":"","overlay-color":"","overlay-opacity":"","overlay-gradient":""},"mobile":{"background-color":"","background-image":"","background-repeat":"repeat","background-position":"center center","background-size":"auto","background-attachment":"scroll","background-type":"","background-media":"","overlay-type":"","overlay-color":"","overlay-opacity":"","overlay-gradient":""}},"ast-content-background-meta":{"desktop":{"background-color":"var(--ast-global-color-5)","background-image":"","background-repeat":"repeat","background-position":"center center","background-size":"auto","background-attachment":"scroll","background-type":"","background-media":"","overlay-type":"","overlay-color":"","overlay-opacity":"","overlay-gradient":""},"tablet":{"background-color":"var(--ast-global-color-5)","background-image":"","background-repeat":"repeat","background-position":"center center","background-size":"auto","background-attachment":"scroll","background-type":"","background-media":"","overlay-type":"","overlay-color":"","overlay-opacity":"","overlay-gradient":""},"mobile":{"background-color":"var(--ast-global-color-5)","background-image":"","background-repeat":"repeat","background-position":"center center","background-size":"auto","background-attachment":"scroll","background-type":"","background-media":"","overlay-type":"","overlay-color":"","overlay-opacity":"","overlay-gradient":""}}},"product_brand":[],"product_cat":[23,470],"product_tag":[550,547,538,119,541,543,544,542,539,545,549,194,546],"class_list":{"0":"post-3459","1":"product","2":"type-product","3":"status-publish","4":"has-post-thumbnail","6":"product_cat-ostern","7":"product_cat-figuren-ostern","8":"product_tag-10x6x22-cm","9":"product_tag-bunt","10":"product_tag-clayre-eef","11":"product_tag-deko","12":"product_tag-figur","13":"product_tag-fruhling","14":"product_tag-geburtstag","15":"product_tag-geschenk","16":"product_tag-kaninchen","17":"product_tag-kinder","18":"product_tag-luftballons","19":"product_tag-ostern","20":"product_tag-polyresin","21":"tm-no-options","22":"desktop-align-left","23":"tablet-align-left","24":"mobile-align-left","26":"first","27":"outofstock","28":"shipping-taxable","29":"purchasable","30":"product-type-simple"},"_links":{"self":[{"href":"https:\/\/bbdekorandmore.at\/hu\/wp-json\/wp\/v2\/product\/3459","targetHints":{"allow":["GET"]}}],"collection":[{"href":"https:\/\/bbdekorandmore.at\/hu\/wp-json\/wp\/v2\/product"}],"about":[{"href":"https:\/\/bbdekorandmore.at\/hu\/wp-json\/wp\/v2\/types\/product"}],"replies":[{"embeddable":true,"href":"https:\/\/bbdekorandmore.at\/hu\/wp-json\/wp\/v2\/comments?post=3459"}],"wp:featuredmedia":[{"embeddable":true,"href":"https:\/\/bbdekorandmore.at\/hu\/wp-json\/wp\/v2\/media\/3446"}],"wp:attachment":[{"href":"https:\/\/bbdekorandmore.at\/hu\/wp-json\/wp\/v2\/media?parent=3459"}],"wp:term":[{"taxonomy":"product_brand","embeddable":true,"href":"https:\/\/bbdekorandmore.at\/hu\/wp-json\/wp\/v2\/product_brand?post=3459"},{"taxonomy":"product_cat","embeddable":true,"href":"https:\/\/bbdekorandmore.at\/hu\/wp-json\/wp\/v2\/product_cat?post=3459"},{"taxonomy":"product_tag","embeddable":true,"href":"https:\/\/bbdekorandmore.at\/hu\/wp-json\/wp\/v2\/product_tag?post=3459"}],"curies":[{"name":"wp","href":"https:\/\/api.w.org\/{rel}","templated":true}]}}

Két nyúl lufikkal

<p data-sourcepos="3:1-3:24">Termékleírás:</p>
<p data-sourcepos="5:1-5:395">A Clayre &amp; Eef varázslatos "Két nyúl léggömbökkel" figurakészlete képzeletbeli utazásra visz a magasba. A két vidám, részletesen kidolgozott polirezinből készült nyuszi egy különleges léggömbös utazásra visz el téged. Színes léggömbjeikben, amelyeket határozottan a mancsaikban tartanak, bátran dacolnak a széllel, és szabadjára engedik a képzeletüket.</p>
<p data-sourcepos="15:1-15:23">Különleges jellemzők:</p>
<ul data-sourcepos="17:1-21:0">
<li data-sourcepos="17:1-17:123">Játékos design: A két nyúl és a színes lufik mosolyt csalnak mindenki arcára, aki meglátja őket.</li>
<li data-sourcepos="18:1-18:130">Kiváló minőségű anyagok: A figurakészlet robusztus polirezinből készült, ezért hosszú élettartamot garantál.</li>
<li data-sourcepos="19:1-19:147">Kompakt méret: Kompakt méreteinek köszönhetően a készlet bárhol elhelyezhető - akár ablakpárkányon, polcon vagy íróasztalon.</li>
<li data-sourcepos="20:1-21:0">Ideális ajándék: A készlet tökéletes ajándék fiatal és idősebb kalandoroknak, állatbarátoknak és a Clayre &amp; Eef összetéveszthetetlen stílusának rajongóinak.</li>
</ul>
<p data-sourcepos="22:1-22:25">Lehetséges felhasználási területek:</p>
<ul data-sourcepos="24:1-27:0">
<li data-sourcepos="24:1-24:110">Dekoráció: A figurakészlet ideális dekorációs elem nappalikba, gyerekszobákba és télikertekbe.</li>
<li data-sourcepos="25:1-25:133">Ajándék: A készlet tökéletes ajándék születésnapra, húsvétra, karácsonyra vagy egyszerűen csak egy kis ajándéknak.</li>
<li data-sourcepos="26:1-27:0">Gyűjtői darab: A készlet nagyszerű gyűjtői darab a Clayre &amp; Eef rajongók számára.</li>
</ul>
<p data-sourcepos="28:1-28:13">Megjegyzések:</p>
<ul data-sourcepos="30:1-32:0">
<li data-sourcepos="30:1-30:65">A figurakészlet nem alkalmas 3 év alatti gyermekek számára.</li>
<li data-sourcepos="31:1-32:0">Dekorációs tárgyak - nem játékok.</li>
</ul>

<p>Két nyúl lufikkal. Merülj el Clayre &amp; Eef varázslatos világában, és hagyd, hogy ez a varázslatos figurakészlet mennyei utazásra vigyen!</p>
<p data-sourcepos="28:1-28:26">További információk:</p>
<ul data-sourcepos="30:1-35:0">
<li data-sourcepos="30:1-30:29">Márka: Clayre &amp;Eef</li>
<li data-sourcepos="31:1-31:25">Anyag: polirezin</li>
<li data-sourcepos="32:1-32:22">Méretek: 10x6x22 cm</li>
<li data-sourcepos="33:1-33:17">Szín: Színes</li>
<li data-sourcepos="34:1-35:0">A csomag tartalma: 1x "Két nyúl lufival" figurakészlet.</li>
</ul>
<p> <a class="continue" href="https://bbdekorandmore.at/hu/produkt/zwei-kaninchen-mit-luftballons/">Continue Reading<span> Két nyúl lufikkal</span></a></p>
