{"id":3468,"date":"2024-02-28T22:07:11","date_gmt":"2024-02-28T22:07:11","guid":{"rendered":"http:\/\/bbdekorandmore.at\/?post_type=product&#038;p=3468"},"modified":"2025-03-16T09:37:07","modified_gmt":"2025-03-16T09:37:07","slug":"deko-ei-mit-rosenmotiv","status":"publish","type":"product","link":"https:\/\/bbdekorandmore.at\/hu\/produkt\/deko-ei-mit-rosenmotiv\/","title":{"rendered":"D\u00edsztoj\u00e1s r\u00f3zsa mot\u00edvummal"},"content":{"rendered":"<p data-sourcepos=\"3:1-3:24\">Term\u00e9kle\u00edr\u00e1s:<\/p>\n<p data-sourcepos=\"5:1-5:287\">A Clayre &amp; Eef m\u00e1rka var\u00e1zslatos \"Rose motif\" dekorat\u00edv toj\u00e1sa romantikus eleganci\u00e1t \u00e9s id\u0151tlen sz\u00e9ps\u00e9get hoz otthon\u00e1ba. A kiv\u00e1l\u00f3 min\u0151s\u00e9g\u0171 ker\u00e1mi\u00e1b\u00f3l k\u00e9sz\u00fclt, r\u00e9szletgazdag r\u00f3zsa mot\u00edvummal szeretettel d\u00edsz\u00edtett toj\u00e1s a szeretet \u00e9s az \u00e9let\u00f6r\u00f6m hangulat\u00e1t sug\u00e1rozza.<\/p>\n<p data-sourcepos=\"15:1-15:23\">K\u00fcl\u00f6nleges jellemz\u0151k:<\/p>\n<ul data-sourcepos=\"17:1-22:0\">\n<li data-sourcepos=\"17:1-17:153\">Romantikus design: A toj\u00e1st r\u00f3zsasz\u00edn r\u00f3zs\u00e1k m\u0171v\u00e9szi mot\u00edvuma d\u00edsz\u00edti, amely a szerelemre \u00e9s a term\u00e9szet sz\u00e9ps\u00e9g\u00e9re eml\u00e9keztet.<\/li>\n<li data-sourcepos=\"18:1-18:103\">Kiv\u00e1l\u00f3 min\u0151s\u00e9g\u0171 anyagok: A ker\u00e1mia biztos\u00edtja a d\u00edsztoj\u00e1s stabil \u00e9s tart\u00f3s min\u0151s\u00e9g\u00e9t.<\/li>\n<li data-sourcepos=\"19:1-19:149\">Exkluz\u00edv megjelen\u00e9s: A r\u00e9szletes d\u00edsz\u00edt\u00e9s \u00e9s a harmonikus sz\u00ednvil\u00e1g teszi ezt a toj\u00e1st k\u00fcl\u00f6nleges szemet gy\u00f6ny\u00f6rk\u00f6dtet\u0151v\u00e9 a dekor\u00e1ci\u00f3ban.<\/li>\n<li data-sourcepos=\"20:1-20:171\">Sokoldal\u00fa dekor\u00e1ci\u00f3s lehet\u0151s\u00e9gek: A toj\u00e1s elhelyezhet\u0151 egy kom\u00f3don, egy kandall\u00f3p\u00e1rk\u00e1nyon vagy egy h\u00fasv\u00e9ti f\u00e9szekben, \u00e9s mindenhol romantikus hangulatot var\u00e1zsol.<\/li>\n<li data-sourcepos=\"21:1-22:0\">Ide\u00e1lis aj\u00e1nd\u00e9k: A dekorat\u00edv toj\u00e1s t\u00f6k\u00e9letes aj\u00e1nd\u00e9k szerelmeseknek, bar\u00e1toknak, csal\u00e1dtagoknak vagy egyszer\u0171en csak magadnak.<\/li>\n<\/ul>\n<p data-sourcepos=\"23:1-23:25\">Lehets\u00e9ges felhaszn\u00e1l\u00e1si ter\u00fcletek:<\/p>\n<ul data-sourcepos=\"25:1-28:0\">\n<li data-sourcepos=\"25:1-25:97\">Dekor\u00e1ci\u00f3: A d\u00edsztoj\u00e1s ide\u00e1lis dekor\u00e1ci\u00f3s elem nappalik, t\u00e9likertek \u00e9s el\u0151szob\u00e1k d\u00edsz\u00edt\u00e9s\u00e9re.<\/li>\n<li data-sourcepos=\"26:1-26:144\">Aj\u00e1nd\u00e9k: A toj\u00e1s t\u00f6k\u00e9letes aj\u00e1nd\u00e9k Valentin-napra, sz\u00fclet\u00e9snapra, h\u00fasv\u00e9tra, any\u00e1k napj\u00e1ra vagy egyszer\u0171en csak egy kis aj\u00e1nd\u00e9knak.<\/li>\n<li data-sourcepos=\"27:1-28:0\">Gy\u0171jt\u0151i darab: A Clayre &amp; Eef \u00f6sszet\u00e9veszthetetlen st\u00edlus\u00e1nak kedvel\u0151i sz\u00e1m\u00e1ra a toj\u00e1s remek gy\u0171jt\u0151i darab.<\/li>\n<\/ul>\n<p data-sourcepos=\"29:1-29:13\">Megjegyz\u00e9sek:<\/p>\n<ul data-sourcepos=\"31:1-33:0\">\n<li data-sourcepos=\"31:1-31:59\">A d\u00edsztoj\u00e1s nem alkalmas 3 \u00e9v alatti gyermekek sz\u00e1m\u00e1ra.<\/li>\n<li data-sourcepos=\"32:1-33:0\">Dekor\u00e1ci\u00f3s t\u00e1rgyak - nem j\u00e1t\u00e9kok.<\/li>\n<\/ul>","protected":false},"excerpt":{"rendered":"<p>D\u00edsztoj\u00e1s r\u00f3zsa mot\u00edvummal. Adjon romantikus eleganci\u00e1t otthon\u00e1nak a Clayre &amp; Eef \"Rose motif\" dekorat\u00edv toj\u00e1ssal.<\/p>\n<p>Tov\u00e1bbi inform\u00e1ci\u00f3k:<\/p>\n<ul data-sourcepos=\"9:1-14:0\">\n<li data-sourcepos=\"9:1-9:29\">M\u00e1rka: Clayre &amp;Eef<\/li>\n<li data-sourcepos=\"10:1-10:23\">Anyag: Ker\u00e1mia<\/li>\n<li data-sourcepos=\"11:1-11:23\">M\u00e9ret: 14 x 16 cm<\/li>\n<li data-sourcepos=\"12:1-12:45\">Sz\u00edn: kr\u00e9mfeh\u00e9r r\u00f3zsasz\u00edn r\u00f3zs\u00e1kkal<\/li>\n<li data-sourcepos=\"13:1-14:0\">A csomag tartalma: 1x \"Rose motif\" dekorat\u00edv toj\u00e1s<\/li>\n<\/ul>\n<p> <a class=\"continue\" href=\"https:\/\/bbdekorandmore.at\/hu\/produkt\/deko-ei-mit-rosenmotiv\/\">Continue Reading<span> D\u00edsztoj\u00e1s r\u00f3zsa mot\u00edvummal<\/span><\/a><\/p>","protected":false},"featured_media":3402,"comment_status":"open","ping_status":"closed","template":"","meta":{"site-sidebar-layout":"default","site-content-layout":"","ast-site-content-layout":"default","site-content-style":"default","site-sidebar-style":"default","ast-global-header-display":"","ast-banner-title-visibility":"","ast-main-header-display":"","ast-hfb-above-header-display":"","ast-hfb-below-header-display":"","ast-hfb-mobile-header-display":"","site-post-title":"","ast-breadcrumbs-content":"","ast-featured-img":"","footer-sml-layout":"","ast-disable-related-posts":"","theme-transparent-header-meta":"default","adv-header-id-meta":"","stick-header-meta":"","header-above-stick-meta":"","header-main-stick-meta":"","header-below-stick-meta":"","astra-migrate-meta-layouts":"set","ast-page-background-enabled":"default","ast-page-background-meta":{"desktop":{"background-color":"var(--ast-global-color-4)","background-image":"","background-repeat":"repeat","background-position":"center center","background-size":"auto","background-attachment":"scroll","background-type":"","background-media":"","overlay-type":"","overlay-color":"","overlay-opacity":"","overlay-gradient":""},"tablet":{"background-color":"","background-image":"","background-repeat":"repeat","background-position":"center center","background-size":"auto","background-attachment":"scroll","background-type":"","background-media":"","overlay-type":"","overlay-color":"","overlay-opacity":"","overlay-gradient":""},"mobile":{"background-color":"","background-image":"","background-repeat":"repeat","background-position":"center center","background-size":"auto","background-attachment":"scroll","background-type":"","background-media":"","overlay-type":"","overlay-color":"","overlay-opacity":"","overlay-gradient":""}},"ast-content-background-meta":{"desktop":{"background-color":"var(--ast-global-color-5)","background-image":"","background-repeat":"repeat","background-position":"center center","background-size":"auto","background-attachment":"scroll","background-type":"","background-media":"","overlay-type":"","overlay-color":"","overlay-opacity":"","overlay-gradient":""},"tablet":{"background-color":"var(--ast-global-color-5)","background-image":"","background-repeat":"repeat","background-position":"center center","background-size":"auto","background-attachment":"scroll","background-type":"","background-media":"","overlay-type":"","overlay-color":"","overlay-opacity":"","overlay-gradient":""},"mobile":{"background-color":"var(--ast-global-color-5)","background-image":"","background-repeat":"repeat","background-position":"center center","background-size":"auto","background-attachment":"scroll","background-type":"","background-media":"","overlay-type":"","overlay-color":"","overlay-opacity":"","overlay-gradient":""}}},"product_brand":[],"product_cat":[23,470],"product_tag":[538,557,543,542,194,563],"class_list":{"0":"post-3468","1":"product","2":"type-product","3":"status-publish","4":"has-post-thumbnail","6":"product_cat-ostern","7":"product_cat-figuren-ostern","8":"product_tag-clayre-eef","9":"product_tag-deko-ei","10":"product_tag-fruhling","11":"product_tag-geschenk","12":"product_tag-ostern","13":"product_tag-rosen","14":"tm-no-options","15":"desktop-align-left","16":"tablet-align-left","17":"mobile-align-left","19":"first","20":"outofstock","21":"shipping-taxable","22":"purchasable","23":"product-type-simple"},"_links":{"self":[{"href":"https:\/\/bbdekorandmore.at\/hu\/wp-json\/wp\/v2\/product\/3468","targetHints":{"allow":["GET"]}}],"collection":[{"href":"https:\/\/bbdekorandmore.at\/hu\/wp-json\/wp\/v2\/product"}],"about":[{"href":"https:\/\/bbdekorandmore.at\/hu\/wp-json\/wp\/v2\/types\/product"}],"replies":[{"embeddable":true,"href":"https:\/\/bbdekorandmore.at\/hu\/wp-json\/wp\/v2\/comments?post=3468"}],"wp:featuredmedia":[{"embeddable":true,"href":"https:\/\/bbdekorandmore.at\/hu\/wp-json\/wp\/v2\/media\/3402"}],"wp:attachment":[{"href":"https:\/\/bbdekorandmore.at\/hu\/wp-json\/wp\/v2\/media?parent=3468"}],"wp:term":[{"taxonomy":"product_brand","embeddable":true,"href":"https:\/\/bbdekorandmore.at\/hu\/wp-json\/wp\/v2\/product_brand?post=3468"},{"taxonomy":"product_cat","embeddable":true,"href":"https:\/\/bbdekorandmore.at\/hu\/wp-json\/wp\/v2\/product_cat?post=3468"},{"taxonomy":"product_tag","embeddable":true,"href":"https:\/\/bbdekorandmore.at\/hu\/wp-json\/wp\/v2\/product_tag?post=3468"}],"curies":[{"name":"wp","href":"https:\/\/api.w.org\/{rel}","templated":true}]}}

Dísztojás rózsa motívummal

<p data-sourcepos="3:1-3:24">Termékleírás:</p>
<p data-sourcepos="5:1-5:287">A Clayre &amp; Eef márka varázslatos "Rose motif" dekoratív tojása romantikus eleganciát és időtlen szépséget hoz otthonába. A kiváló minőségű kerámiából készült, részletgazdag rózsa motívummal szeretettel díszített tojás a szeretet és az életöröm hangulatát sugározza.</p>
<p data-sourcepos="15:1-15:23">Különleges jellemzők:</p>
<ul data-sourcepos="17:1-22:0">
<li data-sourcepos="17:1-17:153">Romantikus design: A tojást rózsaszín rózsák művészi motívuma díszíti, amely a szerelemre és a természet szépségére emlékeztet.</li>
<li data-sourcepos="18:1-18:103">Kiváló minőségű anyagok: A kerámia biztosítja a dísztojás stabil és tartós minőségét.</li>
<li data-sourcepos="19:1-19:149">Exkluzív megjelenés: A részletes díszítés és a harmonikus színvilág teszi ezt a tojást különleges szemet gyönyörködtetővé a dekorációban.</li>
<li data-sourcepos="20:1-20:171">Sokoldalú dekorációs lehetőségek: A tojás elhelyezhető egy komódon, egy kandallópárkányon vagy egy húsvéti fészekben, és mindenhol romantikus hangulatot varázsol.</li>
<li data-sourcepos="21:1-22:0">Ideális ajándék: A dekoratív tojás tökéletes ajándék szerelmeseknek, barátoknak, családtagoknak vagy egyszerűen csak magadnak.</li>
</ul>
<p data-sourcepos="23:1-23:25">Lehetséges felhasználási területek:</p>
<ul data-sourcepos="25:1-28:0">
<li data-sourcepos="25:1-25:97">Dekoráció: A dísztojás ideális dekorációs elem nappalik, télikertek és előszobák díszítésére.</li>
<li data-sourcepos="26:1-26:144">Ajándék: A tojás tökéletes ajándék Valentin-napra, születésnapra, húsvétra, anyák napjára vagy egyszerűen csak egy kis ajándéknak.</li>
<li data-sourcepos="27:1-28:0">Gyűjtői darab: A Clayre &amp; Eef összetéveszthetetlen stílusának kedvelői számára a tojás remek gyűjtői darab.</li>
</ul>
<p data-sourcepos="29:1-29:13">Megjegyzések:</p>
<ul data-sourcepos="31:1-33:0">
<li data-sourcepos="31:1-31:59">A dísztojás nem alkalmas 3 év alatti gyermekek számára.</li>
<li data-sourcepos="32:1-33:0">Dekorációs tárgyak - nem játékok.</li>
</ul>

<p>Dísztojás rózsa motívummal. Adjon romantikus eleganciát otthonának a Clayre &amp; Eef "Rose motif" dekoratív tojással.</p>
<p>További információk:</p>
<ul data-sourcepos="9:1-14:0">
<li data-sourcepos="9:1-9:29">Márka: Clayre &amp;Eef</li>
<li data-sourcepos="10:1-10:23">Anyag: Kerámia</li>
<li data-sourcepos="11:1-11:23">Méret: 14 x 16 cm</li>
<li data-sourcepos="12:1-12:45">Szín: krémfehér rózsaszín rózsákkal</li>
<li data-sourcepos="13:1-14:0">A csomag tartalma: 1x "Rose motif" dekoratív tojás</li>
</ul>
<p> <a class="continue" href="https://bbdekorandmore.at/hu/produkt/deko-ei-mit-rosenmotiv/">Continue Reading<span> Dísztojás rózsa motívummal</span></a></p>
