{"id":3474,"date":"2024-02-29T10:24:42","date_gmt":"2024-02-29T10:24:42","guid":{"rendered":"http:\/\/bbdekorandmore.at\/?post_type=product&#038;p=3474"},"modified":"2024-02-29T10:41:56","modified_gmt":"2024-02-29T10:41:56","slug":"kaninchen-mit-tute","status":"publish","type":"product","link":"https:\/\/bbdekorandmore.at\/hu\/produkt\/kaninchen-mit-tute\/","title":{"rendered":"Ny\u00fal zacsk\u00f3val"},"content":{"rendered":"<p data-sourcepos=\"3:1-3:24\">Term\u00e9kle\u00edr\u00e1s:<\/p>\n<p data-sourcepos=\"5:1-5:298\">Verleihen Sie Ihrem Zuhause einen Hauch von Fr\u00f6hlichkeit und Osterstimmung mit der bezaubernden Figur &#8222;Kaninchen mit T\u00fcte&#8220; der Marke Clayre &amp; Eef.<\/p>\n<p data-sourcepos=\"15:1-15:23\">K\u00fcl\u00f6nleges jellemz\u0151k:<\/p>\n<ul data-sourcepos=\"17:1-22:0\">\n<li data-sourcepos=\"17:1-17:113\">Fr\u00f6hliches Design: Das fr\u00f6hliche Kaninchen mit T\u00fcte verbreitet Osterfreude pur.<\/li>\n<li data-sourcepos=\"18:1-18:102\">Kiv\u00e1l\u00f3 min\u0151s\u00e9g\u0171 anyagok: A polirezin biztos\u00edtja, hogy a figura robusztus \u00e9s tart\u00f3s legyen.<\/li>\n<li data-sourcepos=\"19:1-19:146\">Kedves r\u00e9szletek: A ny\u00fal \u00e9s a h\u00fasv\u00e9ti toj\u00e1sok r\u00e9szletes kialak\u00edt\u00e1sa a Clayre &amp; Eef term\u00e9kek magas min\u0151s\u00e9g\u00e9r\u0151l tan\u00faskodik.<\/li>\n<li data-sourcepos=\"21:1-22:0\">Ide\u00e1lis h\u00fasv\u00e9ti dekor\u00e1ci\u00f3: A figura ide\u00e1lis a nappalik, t\u00e9likertek \u00e9s el\u0151szob\u00e1k d\u00edsz\u00edt\u00e9s\u00e9re a h\u00fasv\u00e9ti id\u0151szakban.<\/li>\n<\/ul>\n<p data-sourcepos=\"23:1-23:25\">Lehets\u00e9ges felhaszn\u00e1l\u00e1si ter\u00fcletek:<\/p>\n<ul data-sourcepos=\"25:1-28:0\">\n<li data-sourcepos=\"25:1-25:121\">Dekor\u00e1ci\u00f3: A figura ide\u00e1lis a nappalik, t\u00e9likertek \u00e9s el\u0151szob\u00e1k d\u00edsz\u00edt\u00e9s\u00e9re a h\u00fasv\u00e9ti id\u0151szakban.<\/li>\n<li data-sourcepos=\"26:1-26:94\">Aj\u00e1nd\u00e9k: T\u00f6k\u00e9letes aj\u00e1nd\u00e9k gyerekeknek, \u00e1llatbar\u00e1toknak \u00e9s Clayre &amp; Eef rajong\u00f3knak.<\/li>\n<li data-sourcepos=\"27:1-28:0\">Gy\u0171jt\u0151i darab: Ez a figura remek gy\u0171jt\u0151i darab a j\u00e1t\u00e9kos d\u00edsz\u00edt\u0151elemek kedvel\u0151inek.<\/li>\n<\/ul>\n<p data-sourcepos=\"29:1-29:13\">Megjegyz\u00e9sek:<\/p>\n<ul data-sourcepos=\"31:1-33:0\">\n<li data-sourcepos=\"31:1-31:57\">A figura nem alkalmas 3 \u00e9v alatti gyermekek sz\u00e1m\u00e1ra.<\/li>\n<li data-sourcepos=\"32:1-33:0\">Dekor\u00e1ci\u00f3s t\u00e1rgyak - nem j\u00e1t\u00e9kok.<\/li>\n<\/ul>","protected":false},"excerpt":{"rendered":"<p>A Clayre &amp; Eef vid\u00e1m \"Ny\u00fal zs\u00e1kkal\" figur\u00e1ja h\u00fasv\u00e9ti hangulatot var\u00e1zsol otthonodba.<\/p>\n<p data-sourcepos=\"7:1-7:21\">Tov\u00e1bbi inform\u00e1ci\u00f3k:<\/p>\n<ul data-sourcepos=\"9:1-14:0\">\n<li data-sourcepos=\"9:1-9:29\">M\u00e1rka: Clayre &amp;Eef<\/li>\n<li data-sourcepos=\"10:1-10:25\">Anyag: polirezin<\/li>\n<li data-sourcepos=\"11:1-11:28\">M\u00e9ret: 16 x 13 x 30 cm<\/li>\n<li data-sourcepos=\"13:1-14:0\">A csomag tartalma: 1x \"Ny\u00fal t\u00e1sk\u00e1val\" figura<\/li>\n<\/ul>\n<p> <a class=\"continue\" href=\"https:\/\/bbdekorandmore.at\/hu\/produkt\/kaninchen-mit-tute\/\">Continue Reading<span> Ny\u00fal zacsk\u00f3val<\/span><\/a><\/p>","protected":false},"featured_media":3478,"comment_status":"open","ping_status":"closed","template":"","meta":{"site-sidebar-layout":"default","site-content-layout":"","ast-site-content-layout":"default","site-content-style":"default","site-sidebar-style":"default","ast-global-header-display":"","ast-banner-title-visibility":"","ast-main-header-display":"","ast-hfb-above-header-display":"","ast-hfb-below-header-display":"","ast-hfb-mobile-header-display":"","site-post-title":"","ast-breadcrumbs-content":"","ast-featured-img":"","footer-sml-layout":"","ast-disable-related-posts":"","theme-transparent-header-meta":"default","adv-header-id-meta":"","stick-header-meta":"","header-above-stick-meta":"","header-main-stick-meta":"","header-below-stick-meta":"","astra-migrate-meta-layouts":"set","ast-page-background-enabled":"default","ast-page-background-meta":{"desktop":{"background-color":"var(--ast-global-color-4)","background-image":"","background-repeat":"repeat","background-position":"center center","background-size":"auto","background-attachment":"scroll","background-type":"","background-media":"","overlay-type":"","overlay-color":"","overlay-opacity":"","overlay-gradient":""},"tablet":{"background-color":"","background-image":"","background-repeat":"repeat","background-position":"center center","background-size":"auto","background-attachment":"scroll","background-type":"","background-media":"","overlay-type":"","overlay-color":"","overlay-opacity":"","overlay-gradient":""},"mobile":{"background-color":"","background-image":"","background-repeat":"repeat","background-position":"center center","background-size":"auto","background-attachment":"scroll","background-type":"","background-media":"","overlay-type":"","overlay-color":"","overlay-opacity":"","overlay-gradient":""}},"ast-content-background-meta":{"desktop":{"background-color":"var(--ast-global-color-5)","background-image":"","background-repeat":"repeat","background-position":"center center","background-size":"auto","background-attachment":"scroll","background-type":"","background-media":"","overlay-type":"","overlay-color":"","overlay-opacity":"","overlay-gradient":""},"tablet":{"background-color":"var(--ast-global-color-5)","background-image":"","background-repeat":"repeat","background-position":"center center","background-size":"auto","background-attachment":"scroll","background-type":"","background-media":"","overlay-type":"","overlay-color":"","overlay-opacity":"","overlay-gradient":""},"mobile":{"background-color":"var(--ast-global-color-5)","background-image":"","background-repeat":"repeat","background-position":"center center","background-size":"auto","background-attachment":"scroll","background-type":"","background-media":"","overlay-type":"","overlay-color":"","overlay-opacity":"","overlay-gradient":""}}},"product_brand":[],"product_cat":[23,470],"product_tag":[547,538,569,571,542,539,194,546,570,561],"class_list":{"0":"post-3474","1":"product","2":"type-product","3":"status-publish","4":"has-post-thumbnail","6":"product_cat-ostern","7":"product_cat-figuren-ostern","8":"product_tag-bunt","9":"product_tag-clayre-eef","10":"product_tag-dekoration","11":"product_tag-eier","12":"product_tag-geschenk","13":"product_tag-kaninchen","14":"product_tag-ostern","15":"product_tag-polyresin","16":"product_tag-tute","17":"product_tag-weis","18":"tm-no-options","19":"desktop-align-left","20":"tablet-align-left","21":"mobile-align-left","23":"first","24":"instock","25":"shipping-taxable","26":"purchasable","27":"product-type-simple"},"_links":{"self":[{"href":"https:\/\/bbdekorandmore.at\/hu\/wp-json\/wp\/v2\/product\/3474","targetHints":{"allow":["GET"]}}],"collection":[{"href":"https:\/\/bbdekorandmore.at\/hu\/wp-json\/wp\/v2\/product"}],"about":[{"href":"https:\/\/bbdekorandmore.at\/hu\/wp-json\/wp\/v2\/types\/product"}],"replies":[{"embeddable":true,"href":"https:\/\/bbdekorandmore.at\/hu\/wp-json\/wp\/v2\/comments?post=3474"}],"wp:featuredmedia":[{"embeddable":true,"href":"https:\/\/bbdekorandmore.at\/hu\/wp-json\/wp\/v2\/media\/3478"}],"wp:attachment":[{"href":"https:\/\/bbdekorandmore.at\/hu\/wp-json\/wp\/v2\/media?parent=3474"}],"wp:term":[{"taxonomy":"product_brand","embeddable":true,"href":"https:\/\/bbdekorandmore.at\/hu\/wp-json\/wp\/v2\/product_brand?post=3474"},{"taxonomy":"product_cat","embeddable":true,"href":"https:\/\/bbdekorandmore.at\/hu\/wp-json\/wp\/v2\/product_cat?post=3474"},{"taxonomy":"product_tag","embeddable":true,"href":"https:\/\/bbdekorandmore.at\/hu\/wp-json\/wp\/v2\/product_tag?post=3474"}],"curies":[{"name":"wp","href":"https:\/\/api.w.org\/{rel}","templated":true}]}}

Nyúl zacskóval

<p data-sourcepos="3:1-3:24">Termékleírás:</p>
<p data-sourcepos="5:1-5:298">Verleihen Sie Ihrem Zuhause einen Hauch von Fröhlichkeit und Osterstimmung mit der bezaubernden Figur &#8222;Kaninchen mit Tüte&#8220; der Marke Clayre &amp; Eef.</p>
<p data-sourcepos="15:1-15:23">Különleges jellemzők:</p>
<ul data-sourcepos="17:1-22:0">
<li data-sourcepos="17:1-17:113">Fröhliches Design: Das fröhliche Kaninchen mit Tüte verbreitet Osterfreude pur.</li>
<li data-sourcepos="18:1-18:102">Kiváló minőségű anyagok: A polirezin biztosítja, hogy a figura robusztus és tartós legyen.</li>
<li data-sourcepos="19:1-19:146">Kedves részletek: A nyúl és a húsvéti tojások részletes kialakítása a Clayre &amp; Eef termékek magas minőségéről tanúskodik.</li>
<li data-sourcepos="21:1-22:0">Ideális húsvéti dekoráció: A figura ideális a nappalik, télikertek és előszobák díszítésére a húsvéti időszakban.</li>
</ul>
<p data-sourcepos="23:1-23:25">Lehetséges felhasználási területek:</p>
<ul data-sourcepos="25:1-28:0">
<li data-sourcepos="25:1-25:121">Dekoráció: A figura ideális a nappalik, télikertek és előszobák díszítésére a húsvéti időszakban.</li>
<li data-sourcepos="26:1-26:94">Ajándék: Tökéletes ajándék gyerekeknek, állatbarátoknak és Clayre &amp; Eef rajongóknak.</li>
<li data-sourcepos="27:1-28:0">Gyűjtői darab: Ez a figura remek gyűjtői darab a játékos díszítőelemek kedvelőinek.</li>
</ul>
<p data-sourcepos="29:1-29:13">Megjegyzések:</p>
<ul data-sourcepos="31:1-33:0">
<li data-sourcepos="31:1-31:57">A figura nem alkalmas 3 év alatti gyermekek számára.</li>
<li data-sourcepos="32:1-33:0">Dekorációs tárgyak - nem játékok.</li>
</ul>

<p>A Clayre &amp; Eef vidám "Nyúl zsákkal" figurája húsvéti hangulatot varázsol otthonodba.</p>
<p data-sourcepos="7:1-7:21">További információk:</p>
<ul data-sourcepos="9:1-14:0">
<li data-sourcepos="9:1-9:29">Márka: Clayre &amp;Eef</li>
<li data-sourcepos="10:1-10:25">Anyag: polirezin</li>
<li data-sourcepos="11:1-11:28">Méret: 16 x 13 x 30 cm</li>
<li data-sourcepos="13:1-14:0">A csomag tartalma: 1x "Nyúl táskával" figura</li>
</ul>
<p> <a class="continue" href="https://bbdekorandmore.at/hu/produkt/kaninchen-mit-tute/">Continue Reading<span> Nyúl zacskóval</span></a></p>
