{"id":3535,"date":"2024-03-03T16:07:53","date_gmt":"2024-03-03T16:07:53","guid":{"rendered":"http:\/\/bbdekorandmore.at\/?post_type=product&#038;p=3535"},"modified":"2024-07-29T05:27:45","modified_gmt":"2024-07-29T05:27:45","slug":"vogelkafig","status":"publish","type":"product","link":"https:\/\/bbdekorandmore.at\/hu\/produkt\/vogelkafig\/","title":{"rendered":"Mad\u00e1rkalitka"},"content":{"rendered":"<p data-sourcepos=\"3:1-3:24\">Term\u00e9kle\u00edr\u00e1s:<\/p>\n<p data-sourcepos=\"5:1-5:277\">Var\u00e1zsoljon nosztalgikus hangulatot otthon\u00e1ba a Clayre &amp; Eef var\u00e1zslatos mad\u00e1rkalitk\u00e1j\u00e1val. A kiv\u00e1l\u00f3 min\u0151s\u00e9g\u0171, vasb\u00f3l \u00e9s f\u00e1b\u00f3l k\u00e9sz\u00fclt kalitka leny\u0171g\u00f6z a r\u00e9szletes kialak\u00edt\u00e1s\u00e1val \u00e9s a szeretetteljes r\u00e9szletekkel, amelyek var\u00e1zslatos hangulatot teremtenek.<\/p>\n<p data-sourcepos=\"15:1-15:23\">K\u00fcl\u00f6nleges jellemz\u0151k:<\/p>\n<ul data-sourcepos=\"17:1-22:0\">\n<li data-sourcepos=\"17:1-17:142\">Romantikus kialak\u00edt\u00e1s: A filigr\u00e1n d\u00edsz\u00edt\u00e9sekkel \u00e9s nosztalgikus b\u00e1jjal ell\u00e1tott ketrec romantikus \u00e9s hangulatos b\u00e1jt \u00e1raszt.<\/li>\n<li data-sourcepos=\"18:1-18:118\">Kiv\u00e1l\u00f3 min\u0151s\u00e9g\u0171 anyagok: A vas \u00e9s a fa kombin\u00e1ci\u00f3ja stabil \u00e9s tart\u00f3s dekorat\u00edv ketrecet biztos\u00edt.<\/li>\n<li data-sourcepos=\"19:1-19:164\">Szeretetteljes r\u00e9szletek: A dekor\u00e1ci\u00f3k r\u00e9szletes kialak\u00edt\u00e1sa \u00e9s a kiv\u00e1l\u00f3 min\u0151s\u00e9g\u0171 kivitelez\u00e9s a Clayre &amp; Eef term\u00e9kek magas min\u0151s\u00e9g\u00e9r\u0151l tan\u00faskodik.<\/li>\n<li data-sourcepos=\"20:1-20:120\">Sokoldal\u00fa haszn\u00e1lat: A ketrec k\u00fcl\u00f6nb\u00f6z\u0151 dekor\u00e1ci\u00f3s elemeknek k\u00edn\u00e1l helyet, \u00e9s szem\u00e9lyre szabhat\u00f3.<\/li>\n<li data-sourcepos=\"21:1-22:0\">Ide\u00e1lis dekor\u00e1ci\u00f3: A mad\u00e1rkalitka ide\u00e1lis h\u00e1za vagy lak\u00e1sa d\u00edsz\u00edt\u00e9s\u00e9re.<\/li>\n<\/ul>\n<p data-sourcepos=\"23:1-23:25\">Lehets\u00e9ges felhaszn\u00e1l\u00e1si ter\u00fcletek:<\/p>\n<ul data-sourcepos=\"25:1-28:0\">\n<li data-sourcepos=\"25:1-25:132\">Dekorat\u00edv ketrec: A ketrec ide\u00e1lis gyertyatart\u00f3kkal, szobrokkal, figur\u00e1kkal, m\u0171n\u00f6v\u00e9nyekkel \u00e9s sok m\u00e1ssal val\u00f3 d\u00edsz\u00edt\u00e9shez.<\/li>\n<li data-sourcepos=\"26:1-26:101\">Aj\u00e1nd\u00e9k: T\u00f6k\u00e9letes aj\u00e1nd\u00e9k bar\u00e1toknak, csal\u00e1dtagoknak \u00e9s a romantikus dekor\u00e1ci\u00f3 szerelmeseinek.<\/li>\n<li data-sourcepos=\"27:1-28:0\">Dekor\u00e1ci\u00f3: A ketrec dekor\u00e1ci\u00f3s elemk\u00e9nt is haszn\u00e1lhat\u00f3 kom\u00f3dokon, kom\u00f3dokon vagy polcokon.<\/li>\n<\/ul>\n<p data-sourcepos=\"29:1-29:13\">Megjegyz\u00e9sek:<\/p>\n<ul data-sourcepos=\"31:1-33:0\">\n<li data-sourcepos=\"31:1-31:114\">D\u00edsz\u00edt\u0151elem: A mad\u00e1rkalitka csak dekor\u00e1ci\u00f3ra alkalmas, k\u00fclt\u00e9ri haszn\u00e1latra nem alkalmas.<\/li>\n<li data-sourcepos=\"32:1-33:0\">\u00c1pol\u00e1s: A ketrec nedves ruh\u00e1val tiszt\u00e1ra t\u00f6r\u00f6lhet\u0151.<\/li>\n<\/ul>","protected":false},"excerpt":{"rendered":"<p>Var\u00e1zsoljon nosztalgikus hangulatot otthon\u00e1ba a Clayre &amp; Eef var\u00e1zslatos mad\u00e1rkalitk\u00e1j\u00e1val.<\/p>\n<p>Tov\u00e1bbi inform\u00e1ci\u00f3k:<\/p>\n<ul data-sourcepos=\"9:1-14:0\">\n<li data-sourcepos=\"9:1-9:29\">M\u00e1rka: Clayre &amp;Eef<\/li>\n<li data-sourcepos=\"10:1-10:30\">Anyaga: vas \u00e9s fa<\/li>\n<li data-sourcepos=\"11:1-11:23\">M\u00e9ret: 20 x 35 cm<\/li>\n<li data-sourcepos=\"12:1-12:20\">Sz\u00edn: Fekete<\/li>\n<li data-sourcepos=\"13:1-14:0\">A csomag tartalma: 1x mad\u00e1rkalitka<\/li>\n<\/ul>\n<p> <a class=\"continue\" href=\"https:\/\/bbdekorandmore.at\/hu\/produkt\/vogelkafig\/\">Continue Reading<span> Mad\u00e1rkalitka<\/span><\/a><\/p>","protected":false},"featured_media":3418,"comment_status":"open","ping_status":"closed","template":"","meta":{"site-sidebar-layout":"default","site-content-layout":"","ast-site-content-layout":"default","site-content-style":"default","site-sidebar-style":"default","ast-global-header-display":"","ast-banner-title-visibility":"","ast-main-header-display":"","ast-hfb-above-header-display":"","ast-hfb-below-header-display":"","ast-hfb-mobile-header-display":"","site-post-title":"","ast-breadcrumbs-content":"","ast-featured-img":"","footer-sml-layout":"","ast-disable-related-posts":"","theme-transparent-header-meta":"default","adv-header-id-meta":"","stick-header-meta":"","header-above-stick-meta":"","header-main-stick-meta":"","header-below-stick-meta":"","astra-migrate-meta-layouts":"set","ast-page-background-enabled":"default","ast-page-background-meta":{"desktop":{"background-color":"var(--ast-global-color-4)","background-image":"","background-repeat":"repeat","background-position":"center center","background-size":"auto","background-attachment":"scroll","background-type":"","background-media":"","overlay-type":"","overlay-color":"","overlay-opacity":"","overlay-gradient":""},"tablet":{"background-color":"","background-image":"","background-repeat":"repeat","background-position":"center center","background-size":"auto","background-attachment":"scroll","background-type":"","background-media":"","overlay-type":"","overlay-color":"","overlay-opacity":"","overlay-gradient":""},"mobile":{"background-color":"","background-image":"","background-repeat":"repeat","background-position":"center center","background-size":"auto","background-attachment":"scroll","background-type":"","background-media":"","overlay-type":"","overlay-color":"","overlay-opacity":"","overlay-gradient":""}},"ast-content-background-meta":{"desktop":{"background-color":"var(--ast-global-color-5)","background-image":"","background-repeat":"repeat","background-position":"center center","background-size":"auto","background-attachment":"scroll","background-type":"","background-media":"","overlay-type":"","overlay-color":"","overlay-opacity":"","overlay-gradient":""},"tablet":{"background-color":"var(--ast-global-color-5)","background-image":"","background-repeat":"repeat","background-position":"center center","background-size":"auto","background-attachment":"scroll","background-type":"","background-media":"","overlay-type":"","overlay-color":"","overlay-opacity":"","overlay-gradient":""},"mobile":{"background-color":"var(--ast-global-color-5)","background-image":"","background-repeat":"repeat","background-position":"center center","background-size":"auto","background-attachment":"scroll","background-type":"","background-media":"","overlay-type":"","overlay-color":"","overlay-opacity":"","overlay-gradient":""}}},"product_brand":[],"product_cat":[495,29],"product_tag":[538,618,569,586,542,587,603,601,617],"class_list":{"0":"post-3535","1":"product","2":"type-product","3":"status-publish","4":"has-post-thumbnail","6":"product_cat-wohnaccessories","7":"product_cat-geschenkideen","8":"product_tag-clayre-eef","9":"product_tag-deko-kafig","10":"product_tag-dekoration","11":"product_tag-eisen","12":"product_tag-geschenk","13":"product_tag-holz","14":"product_tag-nostalgisch","15":"product_tag-romantisch","16":"product_tag-vogelkafig","17":"tm-no-options","18":"desktop-align-left","19":"tablet-align-left","20":"mobile-align-left","22":"first","23":"instock","24":"shipping-taxable","25":"purchasable","26":"product-type-simple"},"_links":{"self":[{"href":"https:\/\/bbdekorandmore.at\/hu\/wp-json\/wp\/v2\/product\/3535","targetHints":{"allow":["GET"]}}],"collection":[{"href":"https:\/\/bbdekorandmore.at\/hu\/wp-json\/wp\/v2\/product"}],"about":[{"href":"https:\/\/bbdekorandmore.at\/hu\/wp-json\/wp\/v2\/types\/product"}],"replies":[{"embeddable":true,"href":"https:\/\/bbdekorandmore.at\/hu\/wp-json\/wp\/v2\/comments?post=3535"}],"wp:featuredmedia":[{"embeddable":true,"href":"https:\/\/bbdekorandmore.at\/hu\/wp-json\/wp\/v2\/media\/3418"}],"wp:attachment":[{"href":"https:\/\/bbdekorandmore.at\/hu\/wp-json\/wp\/v2\/media?parent=3535"}],"wp:term":[{"taxonomy":"product_brand","embeddable":true,"href":"https:\/\/bbdekorandmore.at\/hu\/wp-json\/wp\/v2\/product_brand?post=3535"},{"taxonomy":"product_cat","embeddable":true,"href":"https:\/\/bbdekorandmore.at\/hu\/wp-json\/wp\/v2\/product_cat?post=3535"},{"taxonomy":"product_tag","embeddable":true,"href":"https:\/\/bbdekorandmore.at\/hu\/wp-json\/wp\/v2\/product_tag?post=3535"}],"curies":[{"name":"wp","href":"https:\/\/api.w.org\/{rel}","templated":true}]}}

Madárkalitka

<p data-sourcepos="3:1-3:24">Termékleírás:</p>
<p data-sourcepos="5:1-5:277">Varázsoljon nosztalgikus hangulatot otthonába a Clayre &amp; Eef varázslatos madárkalitkájával. A kiváló minőségű, vasból és fából készült kalitka lenyűgöz a részletes kialakításával és a szeretetteljes részletekkel, amelyek varázslatos hangulatot teremtenek.</p>
<p data-sourcepos="15:1-15:23">Különleges jellemzők:</p>
<ul data-sourcepos="17:1-22:0">
<li data-sourcepos="17:1-17:142">Romantikus kialakítás: A filigrán díszítésekkel és nosztalgikus bájjal ellátott ketrec romantikus és hangulatos bájt áraszt.</li>
<li data-sourcepos="18:1-18:118">Kiváló minőségű anyagok: A vas és a fa kombinációja stabil és tartós dekoratív ketrecet biztosít.</li>
<li data-sourcepos="19:1-19:164">Szeretetteljes részletek: A dekorációk részletes kialakítása és a kiváló minőségű kivitelezés a Clayre &amp; Eef termékek magas minőségéről tanúskodik.</li>
<li data-sourcepos="20:1-20:120">Sokoldalú használat: A ketrec különböző dekorációs elemeknek kínál helyet, és személyre szabható.</li>
<li data-sourcepos="21:1-22:0">Ideális dekoráció: A madárkalitka ideális háza vagy lakása díszítésére.</li>
</ul>
<p data-sourcepos="23:1-23:25">Lehetséges felhasználási területek:</p>
<ul data-sourcepos="25:1-28:0">
<li data-sourcepos="25:1-25:132">Dekoratív ketrec: A ketrec ideális gyertyatartókkal, szobrokkal, figurákkal, műnövényekkel és sok mással való díszítéshez.</li>
<li data-sourcepos="26:1-26:101">Ajándék: Tökéletes ajándék barátoknak, családtagoknak és a romantikus dekoráció szerelmeseinek.</li>
<li data-sourcepos="27:1-28:0">Dekoráció: A ketrec dekorációs elemként is használható komódokon, komódokon vagy polcokon.</li>
</ul>
<p data-sourcepos="29:1-29:13">Megjegyzések:</p>
<ul data-sourcepos="31:1-33:0">
<li data-sourcepos="31:1-31:114">Díszítőelem: A madárkalitka csak dekorációra alkalmas, kültéri használatra nem alkalmas.</li>
<li data-sourcepos="32:1-33:0">Ápolás: A ketrec nedves ruhával tisztára törölhető.</li>
</ul>

<p>Varázsoljon nosztalgikus hangulatot otthonába a Clayre &amp; Eef varázslatos madárkalitkájával.</p>
<p>További információk:</p>
<ul data-sourcepos="9:1-14:0">
<li data-sourcepos="9:1-9:29">Márka: Clayre &amp;Eef</li>
<li data-sourcepos="10:1-10:30">Anyaga: vas és fa</li>
<li data-sourcepos="11:1-11:23">Méret: 20 x 35 cm</li>
<li data-sourcepos="12:1-12:20">Szín: Fekete</li>
<li data-sourcepos="13:1-14:0">A csomag tartalma: 1x madárkalitka</li>
</ul>
<p> <a class="continue" href="https://bbdekorandmore.at/hu/produkt/vogelkafig/">Continue Reading<span> Madárkalitka</span></a></p>
