{"id":3540,"date":"2024-03-03T17:16:39","date_gmt":"2024-03-03T17:16:39","guid":{"rendered":"http:\/\/bbdekorandmore.at\/?post_type=product&#038;p=3540"},"modified":"2025-03-18T11:12:58","modified_gmt":"2025-03-18T11:12:58","slug":"aufbewahrungskorb-3er-set","status":"publish","type":"product","link":"https:\/\/bbdekorandmore.at\/hu\/produkt\/aufbewahrungskorb-3er-set\/","title":{"rendered":"3 darabos t\u00e1rol\u00f3kos\u00e1r"},"content":{"rendered":"<p data-sourcepos=\"3:1-3:24\">Term\u00e9kle\u00edr\u00e1s:<\/p>\n<p data-sourcepos=\"5:1-5:300\">Adjon otthon\u00e1nak st\u00edlusos \u00e9s b\u00e1jos jelleget a Clayre &amp; Eef 3 darabos, var\u00e1zslatos t\u00e1rol\u00f3kos\u00e1r k\u00e9szlet\u00e9vel. A kiv\u00e1l\u00f3 min\u0151s\u00e9g\u0171 vaskosarak leny\u0171g\u00f6znek r\u00e9szletes kialak\u00edt\u00e1sukkal \u00e9s kedves r\u00e9szleteikkel, amelyek harmonikus hangulatot teremtenek otthon\u00e1ban.<\/p>\n<p data-sourcepos=\"18:1-18:23\">K\u00fcl\u00f6nleges jellemz\u0151k:<\/p>\n<ul data-sourcepos=\"20:1-26:0\">\n<li data-sourcepos=\"20:1-20:141\">St\u00edlusos kialak\u00edt\u00e1s: A filigr\u00e1n d\u00edsz\u00edt\u00e9s\u0171 \u00e9s nosztalgikus hangulat\u00fa kosarak romantikus \u00e9s hangulatos b\u00e1jt \u00e1rasztanak.<\/li>\n<li data-sourcepos=\"21:1-21:80\">Kiv\u00e1l\u00f3 min\u0151s\u00e9g\u0171 anyagok: A vas biztos\u00edtja a stabil \u00e9s tart\u00f3s kosarakat.<\/li>\n<li data-sourcepos=\"22:1-22:164\">Szeretetteljes r\u00e9szletek: A dekor\u00e1ci\u00f3k r\u00e9szletes kialak\u00edt\u00e1sa \u00e9s a kiv\u00e1l\u00f3 min\u0151s\u00e9g\u0171 kivitelez\u00e9s a Clayre &amp; Eef term\u00e9kek magas min\u0151s\u00e9g\u00e9r\u0151l tan\u00faskodik.<\/li>\n<li data-sourcepos=\"23:1-23:132\">H\u00e1rom kos\u00e1rb\u00f3l \u00e1ll\u00f3 k\u00e9szlet: A k\u00e9szlet h\u00e1rom k\u00fcl\u00f6nb\u00f6z\u0151 m\u00e9ret\u0171 kosarat tartalmaz, amelyek ide\u00e1lisan kombin\u00e1lhat\u00f3k egym\u00e1ssal.<\/li>\n<li data-sourcepos=\"24:1-24:119\">Sokoldal\u00faan haszn\u00e1lhat\u00f3: A kosarak k\u00fcl\u00f6nb\u00f6z\u0151 t\u00e1rgyak sz\u00e1m\u00e1ra k\u00edn\u00e1lnak helyet, \u00e9s szem\u00e9lyre szabhat\u00f3k.<\/li>\n<li data-sourcepos=\"25:1-26:0\">Ide\u00e1lis t\u00e1rol\u00e1sra: A kosarak ide\u00e1lisak j\u00e1t\u00e9kok, kozmetikumok, d\u00edszt\u00e1rgyak \u00e9s sok m\u00e1s t\u00e1rol\u00e1s\u00e1ra.<\/li>\n<\/ul>\n<p data-sourcepos=\"27:1-27:25\">Lehets\u00e9ges felhaszn\u00e1l\u00e1si ter\u00fcletek:<\/p>\n<ul data-sourcepos=\"29:1-33:0\">\n<li data-sourcepos=\"29:1-29:100\">T\u00e1rol\u00f3kos\u00e1r: A kosarak ide\u00e1lisak h\u00e1za vagy lak\u00e1sa d\u00edsz\u00edt\u00e9s\u00e9re.<\/li>\n<li data-sourcepos=\"30:1-30:140\">T\u00e1rol\u00e1s: A kosarak haszn\u00e1lhat\u00f3k j\u00e1t\u00e9kok, kozmetikumok, d\u00edszt\u00e1rgyak, \u00e9dess\u00e9gek \u00e9s sok m\u00e1s t\u00e1rol\u00e1s\u00e1ra.<\/li>\n<li data-sourcepos=\"31:1-31:99\">Aj\u00e1nd\u00e9k: T\u00f6k\u00e9letes aj\u00e1nd\u00e9k bar\u00e1toknak, csal\u00e1dtagoknak \u00e9s a st\u00edlusos dekor\u00e1ci\u00f3 szerelmeseinek.<\/li>\n<li data-sourcepos=\"32:1-33:0\">Dekor\u00e1ci\u00f3: A kosarak dekor\u00e1ci\u00f3s elemk\u00e9nt is haszn\u00e1lhat\u00f3k kom\u00f3dokon, kom\u00f3dokon vagy polcokon.<\/li>\n<\/ul>\n<p data-sourcepos=\"34:1-34:13\">Megjegyz\u00e9sek:<\/p>\n<ul data-sourcepos=\"36:1-37:0\">\n<li data-sourcepos=\"36:1-37:0\">\u00c1pol\u00e1s: A kosarak nedves ruh\u00e1val tiszt\u00e1ra t\u00f6r\u00f6lhet\u0151k.<\/li>\n<\/ul>","protected":false},"excerpt":{"rendered":"<p>Kiv\u00e1l\u00f3 min\u0151s\u00e9g\u0171, filigr\u00e1n d\u00edsz\u00edt\u00e9s\u0171 \u00e9s sokoldal\u00faan felhaszn\u00e1lhat\u00f3 vaskosarak a Clayre &amp; Eef-t\u0151l.<\/p>\n<p>Tov\u00e1bbi inform\u00e1ci\u00f3k:<\/p>\n<ul data-sourcepos=\"9:1-17:0\">\n<li data-sourcepos=\"9:1-9:29\">M\u00e1rka: Clayre &amp;Eef<\/li>\n<li data-sourcepos=\"10:1-10:21\">Anyag: vas<\/li>\n<li data-sourcepos=\"11:1-14:20\">M\u00e9ret: 3 k\u00fcl\u00f6nb\u00f6z\u0151 m\u00e9ret\u0171 kos\u00e1r:\n<ul data-sourcepos=\"12:5-14:20\">\n<li data-sourcepos=\"12:5-12:20\">25 x 25 x 7 cm<\/li>\n<li data-sourcepos=\"13:5-13:20\">20 x 20 x 6 cm<\/li>\n<li data-sourcepos=\"14:5-14:20\">15 x 15 x 6 cm<\/li>\n<\/ul>\n<\/li>\n<li data-sourcepos=\"15:1-15:17\">Sz\u00edn: feh\u00e9r<\/li>\n<li data-sourcepos=\"16:1-17:0\">A csomag tartalma: 3x t\u00e1rol\u00f3kos\u00e1r<\/li>\n<\/ul>\n<p> <a class=\"continue\" href=\"https:\/\/bbdekorandmore.at\/hu\/produkt\/aufbewahrungskorb-3er-set\/\">Continue Reading<span> 3 darabos t\u00e1rol\u00f3kos\u00e1r<\/span><\/a><\/p>","protected":false},"featured_media":3425,"comment_status":"open","ping_status":"closed","template":"","meta":{"site-sidebar-layout":"default","site-content-layout":"","ast-site-content-layout":"default","site-content-style":"default","site-sidebar-style":"default","ast-global-header-display":"","ast-banner-title-visibility":"","ast-main-header-display":"","ast-hfb-above-header-display":"","ast-hfb-below-header-display":"","ast-hfb-mobile-header-display":"","site-post-title":"","ast-breadcrumbs-content":"","ast-featured-img":"","footer-sml-layout":"","ast-disable-related-posts":"","theme-transparent-header-meta":"default","adv-header-id-meta":"","stick-header-meta":"","header-above-stick-meta":"","header-main-stick-meta":"","header-below-stick-meta":"","astra-migrate-meta-layouts":"set","ast-page-background-enabled":"default","ast-page-background-meta":{"desktop":{"background-color":"var(--ast-global-color-4)","background-image":"","background-repeat":"repeat","background-position":"center center","background-size":"auto","background-attachment":"scroll","background-type":"","background-media":"","overlay-type":"","overlay-color":"","overlay-opacity":"","overlay-gradient":""},"tablet":{"background-color":"","background-image":"","background-repeat":"repeat","background-position":"center center","background-size":"auto","background-attachment":"scroll","background-type":"","background-media":"","overlay-type":"","overlay-color":"","overlay-opacity":"","overlay-gradient":""},"mobile":{"background-color":"","background-image":"","background-repeat":"repeat","background-position":"center center","background-size":"auto","background-attachment":"scroll","background-type":"","background-media":"","overlay-type":"","overlay-color":"","overlay-opacity":"","overlay-gradient":""}},"ast-content-background-meta":{"desktop":{"background-color":"var(--ast-global-color-5)","background-image":"","background-repeat":"repeat","background-position":"center center","background-size":"auto","background-attachment":"scroll","background-type":"","background-media":"","overlay-type":"","overlay-color":"","overlay-opacity":"","overlay-gradient":""},"tablet":{"background-color":"var(--ast-global-color-5)","background-image":"","background-repeat":"repeat","background-position":"center center","background-size":"auto","background-attachment":"scroll","background-type":"","background-media":"","overlay-type":"","overlay-color":"","overlay-opacity":"","overlay-gradient":""},"mobile":{"background-color":"var(--ast-global-color-5)","background-image":"","background-repeat":"repeat","background-position":"center center","background-size":"auto","background-attachment":"scroll","background-type":"","background-media":"","overlay-type":"","overlay-color":"","overlay-opacity":"","overlay-gradient":""}}},"product_brand":[],"product_cat":[495,29],"product_tag":[624,626,538,119,586,542,627,625,607,561,628],"class_list":{"0":"post-3540","1":"product","2":"type-product","3":"status-publish","4":"has-post-thumbnail","6":"product_cat-wohnaccessories","7":"product_cat-geschenkideen","8":"product_tag-aufbewahrungskorb","9":"product_tag-bad","10":"product_tag-clayre-eef","11":"product_tag-deko","12":"product_tag-eisen","13":"product_tag-geschenk","14":"product_tag-kuche","15":"product_tag-ordnung","16":"product_tag-stilvoll","17":"product_tag-weis","18":"product_tag-wohnbereich","19":"tm-no-options","20":"desktop-align-left","21":"tablet-align-left","22":"mobile-align-left","24":"first","25":"instock","26":"shipping-taxable","27":"purchasable","28":"product-type-simple"},"_links":{"self":[{"href":"https:\/\/bbdekorandmore.at\/hu\/wp-json\/wp\/v2\/product\/3540","targetHints":{"allow":["GET"]}}],"collection":[{"href":"https:\/\/bbdekorandmore.at\/hu\/wp-json\/wp\/v2\/product"}],"about":[{"href":"https:\/\/bbdekorandmore.at\/hu\/wp-json\/wp\/v2\/types\/product"}],"replies":[{"embeddable":true,"href":"https:\/\/bbdekorandmore.at\/hu\/wp-json\/wp\/v2\/comments?post=3540"}],"wp:featuredmedia":[{"embeddable":true,"href":"https:\/\/bbdekorandmore.at\/hu\/wp-json\/wp\/v2\/media\/3425"}],"wp:attachment":[{"href":"https:\/\/bbdekorandmore.at\/hu\/wp-json\/wp\/v2\/media?parent=3540"}],"wp:term":[{"taxonomy":"product_brand","embeddable":true,"href":"https:\/\/bbdekorandmore.at\/hu\/wp-json\/wp\/v2\/product_brand?post=3540"},{"taxonomy":"product_cat","embeddable":true,"href":"https:\/\/bbdekorandmore.at\/hu\/wp-json\/wp\/v2\/product_cat?post=3540"},{"taxonomy":"product_tag","embeddable":true,"href":"https:\/\/bbdekorandmore.at\/hu\/wp-json\/wp\/v2\/product_tag?post=3540"}],"curies":[{"name":"wp","href":"https:\/\/api.w.org\/{rel}","templated":true}]}}

3 darabos tárolókosár

<p data-sourcepos="3:1-3:24">Termékleírás:</p>
<p data-sourcepos="5:1-5:300">Adjon otthonának stílusos és bájos jelleget a Clayre &amp; Eef 3 darabos, varázslatos tárolókosár készletével. A kiváló minőségű vaskosarak lenyűgöznek részletes kialakításukkal és kedves részleteikkel, amelyek harmonikus hangulatot teremtenek otthonában.</p>
<p data-sourcepos="18:1-18:23">Különleges jellemzők:</p>
<ul data-sourcepos="20:1-26:0">
<li data-sourcepos="20:1-20:141">Stílusos kialakítás: A filigrán díszítésű és nosztalgikus hangulatú kosarak romantikus és hangulatos bájt árasztanak.</li>
<li data-sourcepos="21:1-21:80">Kiváló minőségű anyagok: A vas biztosítja a stabil és tartós kosarakat.</li>
<li data-sourcepos="22:1-22:164">Szeretetteljes részletek: A dekorációk részletes kialakítása és a kiváló minőségű kivitelezés a Clayre &amp; Eef termékek magas minőségéről tanúskodik.</li>
<li data-sourcepos="23:1-23:132">Három kosárból álló készlet: A készlet három különböző méretű kosarat tartalmaz, amelyek ideálisan kombinálhatók egymással.</li>
<li data-sourcepos="24:1-24:119">Sokoldalúan használható: A kosarak különböző tárgyak számára kínálnak helyet, és személyre szabhatók.</li>
<li data-sourcepos="25:1-26:0">Ideális tárolásra: A kosarak ideálisak játékok, kozmetikumok, dísztárgyak és sok más tárolására.</li>
</ul>
<p data-sourcepos="27:1-27:25">Lehetséges felhasználási területek:</p>
<ul data-sourcepos="29:1-33:0">
<li data-sourcepos="29:1-29:100">Tárolókosár: A kosarak ideálisak háza vagy lakása díszítésére.</li>
<li data-sourcepos="30:1-30:140">Tárolás: A kosarak használhatók játékok, kozmetikumok, dísztárgyak, édességek és sok más tárolására.</li>
<li data-sourcepos="31:1-31:99">Ajándék: Tökéletes ajándék barátoknak, családtagoknak és a stílusos dekoráció szerelmeseinek.</li>
<li data-sourcepos="32:1-33:0">Dekoráció: A kosarak dekorációs elemként is használhatók komódokon, komódokon vagy polcokon.</li>
</ul>
<p data-sourcepos="34:1-34:13">Megjegyzések:</p>
<ul data-sourcepos="36:1-37:0">
<li data-sourcepos="36:1-37:0">Ápolás: A kosarak nedves ruhával tisztára törölhetők.</li>
</ul>

<p>Kiváló minőségű, filigrán díszítésű és sokoldalúan felhasználható vaskosarak a Clayre &amp; Eef-től.</p>
<p>További információk:</p>
<ul data-sourcepos="9:1-17:0">
<li data-sourcepos="9:1-9:29">Márka: Clayre &amp;Eef</li>
<li data-sourcepos="10:1-10:21">Anyag: vas</li>
<li data-sourcepos="11:1-14:20">Méret: 3 különböző méretű kosár:
<ul data-sourcepos="12:5-14:20">
<li data-sourcepos="12:5-12:20">25 x 25 x 7 cm</li>
<li data-sourcepos="13:5-13:20">20 x 20 x 6 cm</li>
<li data-sourcepos="14:5-14:20">15 x 15 x 6 cm</li>
</ul>
</li>
<li data-sourcepos="15:1-15:17">Szín: fehér</li>
<li data-sourcepos="16:1-17:0">A csomag tartalma: 3x tárolókosár</li>
</ul>
<p> <a class="continue" href="https://bbdekorandmore.at/hu/produkt/aufbewahrungskorb-3er-set/">Continue Reading<span> 3 darabos tárolókosár</span></a></p>
