{"id":3544,"date":"2024-03-03T18:11:28","date_gmt":"2024-03-03T18:11:28","guid":{"rendered":"http:\/\/bbdekorandmore.at\/?post_type=product&#038;p=3544"},"modified":"2024-09-12T09:12:09","modified_gmt":"2024-09-12T09:12:09","slug":"vorratsdose-mit-deckel-transparent","status":"publish","type":"product","link":"https:\/\/bbdekorandmore.at\/hu\/produkt\/vorratsdose-mit-deckel-transparent\/","title":{"rendered":"\u00c1tl\u00e1tsz\u00f3 t\u00e1rol\u00f3ed\u00e9ny tet\u0151vel"},"content":{"rendered":"<p data-sourcepos=\"5:1-5:24\">Term\u00e9kle\u00edr\u00e1s:<\/p>\n<p data-sourcepos=\"7:1-7:291\">Adjon konyh\u00e1j\u00e1nak st\u00edlusos \u00e9s b\u00e1jos jelleget a Clayre &amp; Eef var\u00e1zslatos toj\u00e1s alak\u00fa t\u00e1rol\u00f3ed\u00e9ny\u00e9vel. A kiv\u00e1l\u00f3 min\u0151s\u00e9g\u0171 \u00fcveged\u00e9ny leny\u0171g\u00f6z\u0151en r\u00e9szletes kialak\u00edt\u00e1s\u00e1val \u00e9s szeretetteljes r\u00e9szleteivel harmonikus hangulatot teremt konyh\u00e1j\u00e1ban.<\/p>\n<p data-sourcepos=\"18:1-18:23\">K\u00fcl\u00f6nleges jellemz\u0151k:<\/p>\n<ul data-sourcepos=\"20:1-26:0\">\n<li data-sourcepos=\"20:1-20:144\">St\u00edlusos kialak\u00edt\u00e1s: Az \u00e1tl\u00e1tsz\u00f3 \u00fcveggel \u00e9s \u00fcvegfed\u0151vel ell\u00e1tott toj\u00e1s alak\u00fa ed\u00e9ny modern, m\u00e9gis hangulatos b\u00e1jt \u00e1raszt.<\/li>\n<li data-sourcepos=\"21:1-21:114\">Kiv\u00e1l\u00f3 min\u0151s\u00e9g\u0171 anyagok: Az \u00fcveg tart\u00f3s \u00e9s \u00e1tl\u00e1tsz\u00f3 t\u00e9gelyt biztos\u00edt kifinomult megjelen\u00e9ssel.<\/li>\n<li data-sourcepos=\"22:1-22:156\">Kedves r\u00e9szletek: kiv\u00e1l\u00f3 min\u0151s\u00e9g\u0171 kivitel a term\u00e9kek magas min\u0151s\u00e9g\u00e9r\u0151l tan\u00faskodik.<\/li>\n<li data-sourcepos=\"24:1-24:124\">Ideal zur Aufbewahrung: Die Box ist ideal zur Aufbewahrung von kleinen Dekorationen und S\u00fc\u00dfigkeiten.<\/li>\n<li data-sourcepos=\"25:1-26:0\">L\u00e9gmentes fed\u00e9l: Az \u00fcvegfed\u00e9l l\u00e9gmentesen lez\u00e1rja az \u00fcveget, \u00e9s biztos\u00edtja, hogy az \u00e9lelmiszer hosszabb ideig friss maradjon.<\/li>\n<\/ul>\n<p data-sourcepos=\"27:1-27:25\">Lehets\u00e9ges felhaszn\u00e1l\u00e1si ter\u00fcletek:<\/p>\n<ul data-sourcepos=\"29:1-32:0\">\n<li data-sourcepos=\"30:1-30:110\">Dekor\u00e1ci\u00f3: A t\u00e1rol\u00f3 doboz polcokon vagy munkalapokon dekor\u00e1ci\u00f3s elemk\u00e9nt is haszn\u00e1lhat\u00f3.<\/li>\n<li data-sourcepos=\"31:1-32:0\">Aj\u00e1nd\u00e9k: T\u00f6k\u00e9letes aj\u00e1nd\u00e9k bar\u00e1toknak, csal\u00e1dtagoknak \u00e9s a st\u00edlusos konyhai berendez\u00e9sek szerelmeseinek.<\/li>\n<\/ul>\n<p data-sourcepos=\"33:1-33:13\">Megjegyz\u00e9sek:<\/p>\n<ul data-sourcepos=\"35:1-37:0\">\n<li data-sourcepos=\"35:1-35:108\">\u00c1pol\u00e1s: A t\u00e9gely nedves ruh\u00e1val tiszt\u00edthat\u00f3. Az \u00fcvegfed\u00e9l mosogat\u00f3g\u00e9pben moshat\u00f3.<\/li>\n<\/ul>","protected":false},"excerpt":{"rendered":"<p>Kiv\u00e1l\u00f3 min\u0151s\u00e9g\u0171 toj\u00e1s alak\u00fa \u00fcveged\u00e9ny l\u00e9gmentesen z\u00e1r\u00f3d\u00f3 \u00fcvegfed\u0151vel \u00e9s sokoldal\u00fa felhaszn\u00e1l\u00e1si lehet\u0151s\u00e9ggel a Clayre &amp; Eef-t\u0151l.<\/p>\n<p>Tov\u00e1bbi inform\u00e1ci\u00f3k:<\/p>\n<ul data-sourcepos=\"11:1-17:0\">\n<li data-sourcepos=\"11:1-11:29\">M\u00e1rka: Clayre &amp;Eef<\/li>\n<li data-sourcepos=\"12:1-12:20\">Anyag: \u00fcveg<\/li>\n<li data-sourcepos=\"13:1-13:27\">M\u00e9ret: 14 x 8 x 17 cm<\/li>\n<li data-sourcepos=\"14:1-14:24\">Sz\u00edn: \u00e1tl\u00e1tsz\u00f3<\/li>\n<li data-sourcepos=\"15:1-15:41\">Fed\u00e9l: l\u00e9gmentes \u00fcvegfed\u00e9l<\/li>\n<li data-sourcepos=\"16:1-17:0\">A csomag tartalma: 1x t\u00e1rol\u00f3doboz<\/li>\n<\/ul>\n<p> <a class=\"continue\" href=\"https:\/\/bbdekorandmore.at\/hu\/produkt\/vorratsdose-mit-deckel-transparent\/\">Continue Reading<span> \u00c1tl\u00e1tsz\u00f3 t\u00e1rol\u00f3ed\u00e9ny tet\u0151vel<\/span><\/a><\/p>","protected":false},"featured_media":3458,"comment_status":"open","ping_status":"closed","template":"","meta":{"site-sidebar-layout":"default","site-content-layout":"","ast-site-content-layout":"default","site-content-style":"default","site-sidebar-style":"default","ast-global-header-display":"","ast-banner-title-visibility":"","ast-main-header-display":"","ast-hfb-above-header-display":"","ast-hfb-below-header-display":"","ast-hfb-mobile-header-display":"","site-post-title":"","ast-breadcrumbs-content":"","ast-featured-img":"","footer-sml-layout":"","ast-disable-related-posts":"","theme-transparent-header-meta":"default","adv-header-id-meta":"","stick-header-meta":"","header-above-stick-meta":"","header-main-stick-meta":"","header-below-stick-meta":"","astra-migrate-meta-layouts":"set","ast-page-background-enabled":"default","ast-page-background-meta":{"desktop":{"background-color":"var(--ast-global-color-4)","background-image":"","background-repeat":"repeat","background-position":"center center","background-size":"auto","background-attachment":"scroll","background-type":"","background-media":"","overlay-type":"","overlay-color":"","overlay-opacity":"","overlay-gradient":""},"tablet":{"background-color":"","background-image":"","background-repeat":"repeat","background-position":"center center","background-size":"auto","background-attachment":"scroll","background-type":"","background-media":"","overlay-type":"","overlay-color":"","overlay-opacity":"","overlay-gradient":""},"mobile":{"background-color":"","background-image":"","background-repeat":"repeat","background-position":"center center","background-size":"auto","background-attachment":"scroll","background-type":"","background-media":"","overlay-type":"","overlay-color":"","overlay-opacity":"","overlay-gradient":""}},"ast-content-background-meta":{"desktop":{"background-color":"var(--ast-global-color-5)","background-image":"","background-repeat":"repeat","background-position":"center center","background-size":"auto","background-attachment":"scroll","background-type":"","background-media":"","overlay-type":"","overlay-color":"","overlay-opacity":"","overlay-gradient":""},"tablet":{"background-color":"var(--ast-global-color-5)","background-image":"","background-repeat":"repeat","background-position":"center center","background-size":"auto","background-attachment":"scroll","background-type":"","background-media":"","overlay-type":"","overlay-color":"","overlay-opacity":"","overlay-gradient":""},"mobile":{"background-color":"var(--ast-global-color-5)","background-image":"","background-repeat":"repeat","background-position":"center center","background-size":"auto","background-attachment":"scroll","background-type":"","background-media":"","overlay-type":"","overlay-color":"","overlay-opacity":"","overlay-gradient":""}}},"product_brand":[],"product_cat":[23,472],"product_tag":[630,538,569,542,631,627,632,625,633,629],"class_list":{"0":"post-3544","1":"product","2":"type-product","3":"status-publish","4":"has-post-thumbnail","6":"product_cat-ostern","7":"product_cat-accessories","8":"product_tag-aufbewahrung","9":"product_tag-clayre-eef","10":"product_tag-dekoration","11":"product_tag-geschenk","12":"product_tag-glas","13":"product_tag-kuche","14":"product_tag-lebensmittel","15":"product_tag-ordnung","16":"product_tag-transparent","17":"product_tag-vorratsdose","18":"tm-no-options","19":"desktop-align-left","20":"tablet-align-left","21":"mobile-align-left","23":"first","24":"outofstock","25":"shipping-taxable","26":"purchasable","27":"product-type-simple"},"_links":{"self":[{"href":"https:\/\/bbdekorandmore.at\/hu\/wp-json\/wp\/v2\/product\/3544","targetHints":{"allow":["GET"]}}],"collection":[{"href":"https:\/\/bbdekorandmore.at\/hu\/wp-json\/wp\/v2\/product"}],"about":[{"href":"https:\/\/bbdekorandmore.at\/hu\/wp-json\/wp\/v2\/types\/product"}],"replies":[{"embeddable":true,"href":"https:\/\/bbdekorandmore.at\/hu\/wp-json\/wp\/v2\/comments?post=3544"}],"wp:featuredmedia":[{"embeddable":true,"href":"https:\/\/bbdekorandmore.at\/hu\/wp-json\/wp\/v2\/media\/3458"}],"wp:attachment":[{"href":"https:\/\/bbdekorandmore.at\/hu\/wp-json\/wp\/v2\/media?parent=3544"}],"wp:term":[{"taxonomy":"product_brand","embeddable":true,"href":"https:\/\/bbdekorandmore.at\/hu\/wp-json\/wp\/v2\/product_brand?post=3544"},{"taxonomy":"product_cat","embeddable":true,"href":"https:\/\/bbdekorandmore.at\/hu\/wp-json\/wp\/v2\/product_cat?post=3544"},{"taxonomy":"product_tag","embeddable":true,"href":"https:\/\/bbdekorandmore.at\/hu\/wp-json\/wp\/v2\/product_tag?post=3544"}],"curies":[{"name":"wp","href":"https:\/\/api.w.org\/{rel}","templated":true}]}}

Átlátszó tárolóedény tetővel

<p data-sourcepos="5:1-5:24">Termékleírás:</p>
<p data-sourcepos="7:1-7:291">Adjon konyhájának stílusos és bájos jelleget a Clayre &amp; Eef varázslatos tojás alakú tárolóedényével. A kiváló minőségű üvegedény lenyűgözően részletes kialakításával és szeretetteljes részleteivel harmonikus hangulatot teremt konyhájában.</p>
<p data-sourcepos="18:1-18:23">Különleges jellemzők:</p>
<ul data-sourcepos="20:1-26:0">
<li data-sourcepos="20:1-20:144">Stílusos kialakítás: Az átlátszó üveggel és üvegfedővel ellátott tojás alakú edény modern, mégis hangulatos bájt áraszt.</li>
<li data-sourcepos="21:1-21:114">Kiváló minőségű anyagok: Az üveg tartós és átlátszó tégelyt biztosít kifinomult megjelenéssel.</li>
<li data-sourcepos="22:1-22:156">Kedves részletek: kiváló minőségű kivitel a termékek magas minőségéről tanúskodik.</li>
<li data-sourcepos="24:1-24:124">Ideal zur Aufbewahrung: Die Box ist ideal zur Aufbewahrung von kleinen Dekorationen und Süßigkeiten.</li>
<li data-sourcepos="25:1-26:0">Légmentes fedél: Az üvegfedél légmentesen lezárja az üveget, és biztosítja, hogy az élelmiszer hosszabb ideig friss maradjon.</li>
</ul>
<p data-sourcepos="27:1-27:25">Lehetséges felhasználási területek:</p>
<ul data-sourcepos="29:1-32:0">
<li data-sourcepos="30:1-30:110">Dekoráció: A tároló doboz polcokon vagy munkalapokon dekorációs elemként is használható.</li>
<li data-sourcepos="31:1-32:0">Ajándék: Tökéletes ajándék barátoknak, családtagoknak és a stílusos konyhai berendezések szerelmeseinek.</li>
</ul>
<p data-sourcepos="33:1-33:13">Megjegyzések:</p>
<ul data-sourcepos="35:1-37:0">
<li data-sourcepos="35:1-35:108">Ápolás: A tégely nedves ruhával tisztítható. Az üvegfedél mosogatógépben mosható.</li>
</ul>

<p>Kiváló minőségű tojás alakú üvegedény légmentesen záródó üvegfedővel és sokoldalú felhasználási lehetőséggel a Clayre &amp; Eef-től.</p>
<p>További információk:</p>
<ul data-sourcepos="11:1-17:0">
<li data-sourcepos="11:1-11:29">Márka: Clayre &amp;Eef</li>
<li data-sourcepos="12:1-12:20">Anyag: üveg</li>
<li data-sourcepos="13:1-13:27">Méret: 14 x 8 x 17 cm</li>
<li data-sourcepos="14:1-14:24">Szín: átlátszó</li>
<li data-sourcepos="15:1-15:41">Fedél: légmentes üvegfedél</li>
<li data-sourcepos="16:1-17:0">A csomag tartalma: 1x tárolódoboz</li>
</ul>
<p> <a class="continue" href="https://bbdekorandmore.at/hu/produkt/vorratsdose-mit-deckel-transparent/">Continue Reading<span> Átlátszó tárolóedény tetővel</span></a></p>
