{"id":3546,"date":"2024-03-03T18:47:31","date_gmt":"2024-03-03T18:47:31","guid":{"rendered":"http:\/\/bbdekorandmore.at\/?post_type=product&#038;p=3546"},"modified":"2025-03-18T11:10:02","modified_gmt":"2025-03-18T11:10:02","slug":"bonboniere-mit-deckel","status":"publish","type":"product","link":"https:\/\/bbdekorandmore.at\/hu\/produkt\/bonboniere-mit-deckel\/","title":{"rendered":"Bonbonni\u00e8re fed\u0151vel"},"content":{"rendered":"<p data-sourcepos=\"3:1-3:24\">Term\u00e9kle\u00edr\u00e1s:<\/p>\n<p data-sourcepos=\"5:1-5:300\">Adjon otthon\u00e1nak st\u00edlusos \u00e9s b\u00e1jos jelleget a Clayre &amp; Eef var\u00e1zslatos, toj\u00e1s alak\u00fa bonbonni\u00e8re-j\u00e9vel. A kiv\u00e1l\u00f3 min\u0151s\u00e9g\u0171 \u00fcveg bonbonni\u00e8re leny\u0171g\u00f6z\u0151en r\u00e9szletes kialak\u00edt\u00e1s\u00e1val \u00e9s szeretetteljes r\u00e9szleteivel harmonikus hangulatot teremt otthon\u00e1ban.<\/p>\n<p data-sourcepos=\"16:1-16:23\">K\u00fcl\u00f6nleges jellemz\u0151k:<\/p>\n<ul data-sourcepos=\"18:1-24:0\">\n<li data-sourcepos=\"18:1-18:150\">St\u00edlusos kialak\u00edt\u00e1s: A toj\u00e1s alak\u00fa bonbonni\u00e8re \u00e1tl\u00e1tsz\u00f3 \u00fcveggel \u00e9s \u00fcvegfed\u00e9llel modern, m\u00e9gis hangulatos b\u00e1jt \u00e1raszt.<\/li>\n<li data-sourcepos=\"19:1-19:120\">Kiv\u00e1l\u00f3 min\u0151s\u00e9g\u0171 anyagok: Az \u00fcveg tart\u00f3s \u00e9s \u00e1tl\u00e1tsz\u00f3 bonbonni\u00e8re-t biztos\u00edt, kifinomult megjelen\u00e9ssel.<\/li>\n<li data-sourcepos=\"20:1-20:156\">Figyelem a r\u00e9szletekre: A kiv\u00e1l\u00f3 min\u0151s\u00e9g\u0171 kivitelez\u00e9s a term\u00e9kek magas min\u0151s\u00e9g\u00e9nek bizony\u00edt\u00e9ka.<\/li>\n<li data-sourcepos=\"21:1-21:130\">Sokoldal\u00faan haszn\u00e1lhat\u00f3: A bonbonni\u00e8re k\u00fcl\u00f6nb\u00f6z\u0151 \u00e9dess\u00e9gek, p\u00e9ld\u00e1ul pralin\u00e9k, csokol\u00e1d\u00e9, bonbonok \u00e9s kekszek sz\u00e1m\u00e1ra k\u00edn\u00e1l helyet.<\/li>\n<li data-sourcepos=\"22:1-22:128\">Ide\u00e1lis t\u00e1rol\u00e1sra: A bonbonni\u00e8re ide\u00e1lis az \u00e9dess\u00e9gek t\u00e1rol\u00e1s\u00e1ra, hogy azok hosszabb ideig frissek maradjanak.<\/li>\n<li data-sourcepos=\"23:1-24:0\">Dekorat\u00edv szemet gy\u00f6ny\u00f6rk\u00f6dtet\u0151: A bonbonni\u00e8re igazi szemet gy\u00f6ny\u00f6rk\u00f6dtet\u0151 b\u00e1rmely \u00e9tkez\u0151asztalon, kom\u00f3don vagy polcon.<\/li>\n<\/ul>\n<p data-sourcepos=\"25:1-25:25\">Lehets\u00e9ges felhaszn\u00e1l\u00e1si ter\u00fcletek:<\/p>\n<ul data-sourcepos=\"27:1-30:0\">\n<li data-sourcepos=\"27:1-27:101\">Bonbonni\u00e8re: A bonbonni\u00e8re ide\u00e1lis \u00e9dess\u00e9gek t\u00e1rol\u00e1s\u00e1ra otthon\u00e1ban.<\/li>\n<li data-sourcepos=\"28:1-28:121\">Dekor\u00e1ci\u00f3: A bonbonni\u00e8re dekor\u00e1ci\u00f3s elemk\u00e9nt is haszn\u00e1lhat\u00f3 asztalokon, polcokon vagy kom\u00f3dokon.<\/li>\n<li data-sourcepos=\"29:1-30:0\">Aj\u00e1nd\u00e9k: T\u00f6k\u00e9letes aj\u00e1nd\u00e9k bar\u00e1toknak, csal\u00e1dtagoknak \u00e9s a st\u00edlusos otthoni kieg\u00e9sz\u00edt\u0151k szerelmeseinek.<\/li>\n<\/ul>\n<p data-sourcepos=\"31:1-31:13\">Megjegyz\u00e9sek:<\/p>\n<ul data-sourcepos=\"33:1-35:0\">\n<li data-sourcepos=\"33:1-33:114\">\u00c1pol\u00e1s: A bonbonni\u00e8re nedves ruh\u00e1val tiszt\u00edthat\u00f3. Az \u00fcvegfed\u00e9l mosogat\u00f3g\u00e9pben moshat\u00f3.<\/li>\n<li data-sourcepos=\"34:1-35:0\">\u00c9lelmiszer-biztons\u00e1gos: A bonbonni\u00e8re \u00e9lelmiszer-biztons\u00e1gos, ez\u00e9rt nyugodtan haszn\u00e1lhat\u00f3 \u00e9dess\u00e9gek t\u00e1rol\u00e1s\u00e1ra.<\/li>\n<\/ul>","protected":false},"excerpt":{"rendered":"<p>Kiv\u00e1l\u00f3 min\u0151s\u00e9g\u0171 \u00fcveg bonbonni\u00e8re l\u00e9gmentesen z\u00e1r\u00f3d\u00f3 \u00fcvegfed\u00e9llel \u00e9s sokoldal\u00fa felhaszn\u00e1l\u00e1si lehet\u0151s\u00e9gekkel a Clayre &amp; Eef-t\u0151l.<\/p>\n<p>Tov\u00e1bbi inform\u00e1ci\u00f3k:<\/p>\n<ul data-sourcepos=\"9:1-15:0\">\n<li data-sourcepos=\"9:1-9:29\">M\u00e1rka: Clayre &amp;Eef<\/li>\n<li data-sourcepos=\"10:1-10:20\">Anyag: \u00fcveg<\/li>\n<li data-sourcepos=\"11:1-11:22\">M\u00e9ret: 9 x 12 cm<\/li>\n<li data-sourcepos=\"12:1-12:24\">Sz\u00edn: \u00e1tl\u00e1tsz\u00f3<\/li>\n<li data-sourcepos=\"13:1-13:40\">Fed\u00e9l: \u00dcvegfed\u00e9l<\/li>\n<li data-sourcepos=\"14:1-15:0\">A csomag tartalma: 1x bonbonni\u00e8re<\/li>\n<\/ul>\n<p> <a class=\"continue\" href=\"https:\/\/bbdekorandmore.at\/hu\/produkt\/bonboniere-mit-deckel\/\">Continue Reading<span> Bonbonni\u00e8re fed\u0151vel<\/span><\/a><\/p>","protected":false},"featured_media":3449,"comment_status":"open","ping_status":"closed","template":"","meta":{"site-sidebar-layout":"default","site-content-layout":"","ast-site-content-layout":"default","site-content-style":"default","site-sidebar-style":"default","ast-global-header-display":"","ast-banner-title-visibility":"","ast-main-header-display":"","ast-hfb-above-header-display":"","ast-hfb-below-header-display":"","ast-hfb-mobile-header-display":"","site-post-title":"","ast-breadcrumbs-content":"","ast-featured-img":"","footer-sml-layout":"","ast-disable-related-posts":"","theme-transparent-header-meta":"default","adv-header-id-meta":"","stick-header-meta":"","header-above-stick-meta":"","header-main-stick-meta":"","header-below-stick-meta":"","astra-migrate-meta-layouts":"set","ast-page-background-enabled":"default","ast-page-background-meta":{"desktop":{"background-color":"var(--ast-global-color-4)","background-image":"","background-repeat":"repeat","background-position":"center center","background-size":"auto","background-attachment":"scroll","background-type":"","background-media":"","overlay-type":"","overlay-color":"","overlay-opacity":"","overlay-gradient":""},"tablet":{"background-color":"","background-image":"","background-repeat":"repeat","background-position":"center center","background-size":"auto","background-attachment":"scroll","background-type":"","background-media":"","overlay-type":"","overlay-color":"","overlay-opacity":"","overlay-gradient":""},"mobile":{"background-color":"","background-image":"","background-repeat":"repeat","background-position":"center center","background-size":"auto","background-attachment":"scroll","background-type":"","background-media":"","overlay-type":"","overlay-color":"","overlay-opacity":"","overlay-gradient":""}},"ast-content-background-meta":{"desktop":{"background-color":"var(--ast-global-color-5)","background-image":"","background-repeat":"repeat","background-position":"center center","background-size":"auto","background-attachment":"scroll","background-type":"","background-media":"","overlay-type":"","overlay-color":"","overlay-opacity":"","overlay-gradient":""},"tablet":{"background-color":"var(--ast-global-color-5)","background-image":"","background-repeat":"repeat","background-position":"center center","background-size":"auto","background-attachment":"scroll","background-type":"","background-media":"","overlay-type":"","overlay-color":"","overlay-opacity":"","overlay-gradient":""},"mobile":{"background-color":"var(--ast-global-color-5)","background-image":"","background-repeat":"repeat","background-position":"center center","background-size":"auto","background-attachment":"scroll","background-type":"","background-media":"","overlay-type":"","overlay-color":"","overlay-opacity":"","overlay-gradient":""}}},"product_brand":[],"product_cat":[23,472],"product_tag":[634,538,569,543,542,631,635,194,636,633],"class_list":{"0":"post-3546","1":"product","2":"type-product","3":"status-publish","4":"has-post-thumbnail","6":"product_cat-ostern","7":"product_cat-accessories","8":"product_tag-bonboniere","9":"product_tag-clayre-eef","10":"product_tag-dekoration","11":"product_tag-fruhling","12":"product_tag-geschenk","13":"product_tag-glas","14":"product_tag-glasdeckel","15":"product_tag-ostern","16":"product_tag-susigkeiten","17":"product_tag-transparent","18":"tm-no-options","19":"desktop-align-left","20":"tablet-align-left","21":"mobile-align-left","23":"first","24":"instock","25":"shipping-taxable","26":"purchasable","27":"product-type-simple"},"_links":{"self":[{"href":"https:\/\/bbdekorandmore.at\/hu\/wp-json\/wp\/v2\/product\/3546","targetHints":{"allow":["GET"]}}],"collection":[{"href":"https:\/\/bbdekorandmore.at\/hu\/wp-json\/wp\/v2\/product"}],"about":[{"href":"https:\/\/bbdekorandmore.at\/hu\/wp-json\/wp\/v2\/types\/product"}],"replies":[{"embeddable":true,"href":"https:\/\/bbdekorandmore.at\/hu\/wp-json\/wp\/v2\/comments?post=3546"}],"wp:featuredmedia":[{"embeddable":true,"href":"https:\/\/bbdekorandmore.at\/hu\/wp-json\/wp\/v2\/media\/3449"}],"wp:attachment":[{"href":"https:\/\/bbdekorandmore.at\/hu\/wp-json\/wp\/v2\/media?parent=3546"}],"wp:term":[{"taxonomy":"product_brand","embeddable":true,"href":"https:\/\/bbdekorandmore.at\/hu\/wp-json\/wp\/v2\/product_brand?post=3546"},{"taxonomy":"product_cat","embeddable":true,"href":"https:\/\/bbdekorandmore.at\/hu\/wp-json\/wp\/v2\/product_cat?post=3546"},{"taxonomy":"product_tag","embeddable":true,"href":"https:\/\/bbdekorandmore.at\/hu\/wp-json\/wp\/v2\/product_tag?post=3546"}],"curies":[{"name":"wp","href":"https:\/\/api.w.org\/{rel}","templated":true}]}}

Bonbonnière fedővel

<p data-sourcepos="3:1-3:24">Termékleírás:</p>
<p data-sourcepos="5:1-5:300">Adjon otthonának stílusos és bájos jelleget a Clayre &amp; Eef varázslatos, tojás alakú bonbonnière-jével. A kiváló minőségű üveg bonbonnière lenyűgözően részletes kialakításával és szeretetteljes részleteivel harmonikus hangulatot teremt otthonában.</p>
<p data-sourcepos="16:1-16:23">Különleges jellemzők:</p>
<ul data-sourcepos="18:1-24:0">
<li data-sourcepos="18:1-18:150">Stílusos kialakítás: A tojás alakú bonbonnière átlátszó üveggel és üvegfedéllel modern, mégis hangulatos bájt áraszt.</li>
<li data-sourcepos="19:1-19:120">Kiváló minőségű anyagok: Az üveg tartós és átlátszó bonbonnière-t biztosít, kifinomult megjelenéssel.</li>
<li data-sourcepos="20:1-20:156">Figyelem a részletekre: A kiváló minőségű kivitelezés a termékek magas minőségének bizonyítéka.</li>
<li data-sourcepos="21:1-21:130">Sokoldalúan használható: A bonbonnière különböző édességek, például pralinék, csokoládé, bonbonok és kekszek számára kínál helyet.</li>
<li data-sourcepos="22:1-22:128">Ideális tárolásra: A bonbonnière ideális az édességek tárolására, hogy azok hosszabb ideig frissek maradjanak.</li>
<li data-sourcepos="23:1-24:0">Dekoratív szemet gyönyörködtető: A bonbonnière igazi szemet gyönyörködtető bármely étkezőasztalon, komódon vagy polcon.</li>
</ul>
<p data-sourcepos="25:1-25:25">Lehetséges felhasználási területek:</p>
<ul data-sourcepos="27:1-30:0">
<li data-sourcepos="27:1-27:101">Bonbonnière: A bonbonnière ideális édességek tárolására otthonában.</li>
<li data-sourcepos="28:1-28:121">Dekoráció: A bonbonnière dekorációs elemként is használható asztalokon, polcokon vagy komódokon.</li>
<li data-sourcepos="29:1-30:0">Ajándék: Tökéletes ajándék barátoknak, családtagoknak és a stílusos otthoni kiegészítők szerelmeseinek.</li>
</ul>
<p data-sourcepos="31:1-31:13">Megjegyzések:</p>
<ul data-sourcepos="33:1-35:0">
<li data-sourcepos="33:1-33:114">Ápolás: A bonbonnière nedves ruhával tisztítható. Az üvegfedél mosogatógépben mosható.</li>
<li data-sourcepos="34:1-35:0">Élelmiszer-biztonságos: A bonbonnière élelmiszer-biztonságos, ezért nyugodtan használható édességek tárolására.</li>
</ul>

<p>Kiváló minőségű üveg bonbonnière légmentesen záródó üvegfedéllel és sokoldalú felhasználási lehetőségekkel a Clayre &amp; Eef-től.</p>
<p>További információk:</p>
<ul data-sourcepos="9:1-15:0">
<li data-sourcepos="9:1-9:29">Márka: Clayre &amp;Eef</li>
<li data-sourcepos="10:1-10:20">Anyag: üveg</li>
<li data-sourcepos="11:1-11:22">Méret: 9 x 12 cm</li>
<li data-sourcepos="12:1-12:24">Szín: átlátszó</li>
<li data-sourcepos="13:1-13:40">Fedél: Üvegfedél</li>
<li data-sourcepos="14:1-15:0">A csomag tartalma: 1x bonbonnière</li>
</ul>
<p> <a class="continue" href="https://bbdekorandmore.at/hu/produkt/bonboniere-mit-deckel/">Continue Reading<span> Bonbonnière fedővel</span></a></p>
