{"id":3547,"date":"2024-03-03T18:55:40","date_gmt":"2024-03-03T18:55:40","guid":{"rendered":"http:\/\/bbdekorandmore.at\/?post_type=product&#038;p=3547"},"modified":"2025-03-16T09:35:18","modified_gmt":"2025-03-16T09:35:18","slug":"mini-kuchenstander-mit-glasglocke","status":"publish","type":"product","link":"https:\/\/bbdekorandmore.at\/hu\/produkt\/mini-kuchenstander-mit-glasglocke\/","title":{"rendered":"Mini torta\u00e1llv\u00e1ny \u00fcveg harangl\u00e1bbal"},"content":{"rendered":"<p data-sourcepos=\"3:1-3:24\">Term\u00e9kle\u00edr\u00e1s:<\/p>\n<p data-sourcepos=\"5:1-5:38\">Adjon otthon\u00e1nak st\u00edlusos \u00e9s b\u00e1jos jelleget a Clayre &amp; Eef var\u00e1zslatos mini torta\u00e1llv\u00e1ny\u00e1val \u00fcvegharanggal. A kiv\u00e1l\u00f3 min\u0151s\u00e9g\u0171 \u00fcvegk\u00e9szlet leny\u0171g\u00f6z\u0151en r\u00e9szletes kialak\u00edt\u00e1s\u00e1val \u00e9s kedves r\u00e9szleteivel harmonikus hangulatot teremt otthon\u00e1ban.<\/p>\n<p data-sourcepos=\"17:1-17:23\">K\u00fcl\u00f6nleges jellemz\u0151k:<\/p>\n<ul data-sourcepos=\"19:1-21:98\">\n<li data-sourcepos=\"19:1-19:143\">St\u00edlusos kialak\u00edt\u00e1s: Az \u00e1tl\u00e1tsz\u00f3 \u00fcveggel \u00e9s minimalista kialak\u00edt\u00e1ssal rendelkez\u0151 k\u00e9szlet modern, m\u00e9gis eleg\u00e1ns b\u00e1jt sug\u00e1roz.<\/li>\n<li data-sourcepos=\"20:1-20:88\">Kiv\u00e1l\u00f3 min\u0151s\u00e9g\u0171 anyagok: Az \u00fcveg tart\u00f3s \u00e9s k\u00f6nnyen \u00e1polhat\u00f3 elemeket biztos\u00edt.<\/li>\n<li data-sourcepos=\"21:1-21:98\">Kedves r\u00e9szletek: A filigr\u00e1n kivitelez\u00e9s, valamint a torta\u00e1llv\u00e1ny \u00e9s az \u00fcvegharang t\u00f6k\u00e9letes \u00f6sszhangja a term\u00e9kek magas min\u0151s\u00e9g\u00e9r\u0151l tan\u00faskodik.<\/li>\n<li data-sourcepos=\"22:1-22:115\">Sokoldal\u00fa haszn\u00e1lat: A torta\u00e1llv\u00e1ny ide\u00e1lis kisebb s\u00fctem\u00e9nyek, tort\u00e1csk\u00e1k, muffinok \u00e9s cupcake-ek sz\u00e1m\u00e1ra.<\/li>\n<li data-sourcepos=\"23:1-23:124\">Ide\u00e1lis a bemutat\u00e1shoz: az \u00fcvegharang v\u00e9di a finoms\u00e1gokat, \u00e9s egy\u00fattal st\u00edlusos megjelen\u00e9st biztos\u00edt.<\/li>\n<li data-sourcepos=\"24:1-25:0\">Dekorat\u00edv szemet gy\u00f6ny\u00f6rk\u00f6dtet\u0151: A k\u00e9szlet igazi szemet gy\u00f6ny\u00f6rk\u00f6dtet\u0151 b\u00e1rmely \u00e9tkez\u0151asztalon, kom\u00f3don vagy vitrinben.<\/li>\n<\/ul>\n<p data-sourcepos=\"26:1-26:25\">Lehets\u00e9ges felhaszn\u00e1l\u00e1si ter\u00fcletek:<\/p>\n<ul data-sourcepos=\"28:1-31:0\">\n<li data-sourcepos=\"28:1-28:117\">Torta\u00e1llv\u00e1ny: A torta\u00e1llv\u00e1ny ide\u00e1lis s\u00fctem\u00e9nyek, tort\u00e1csk\u00e1k, muffinok \u00e9s cupcake-ek bemutat\u00e1s\u00e1ra.<\/li>\n<li data-sourcepos=\"29:1-29:114\">Dekor\u00e1ci\u00f3: A k\u00e9szlet dekor\u00e1ci\u00f3s elemk\u00e9nt is haszn\u00e1lhat\u00f3 asztalokon, polcokon vagy kom\u00f3dokon.<\/li>\n<li data-sourcepos=\"30:1-31:0\">Aj\u00e1nd\u00e9k: T\u00f6k\u00e9letes aj\u00e1nd\u00e9k bar\u00e1toknak, csal\u00e1dtagoknak \u00e9s a st\u00edlusos otthoni kieg\u00e9sz\u00edt\u0151k \u00e9s p\u00e9k\u00e1ruk szerelmeseinek.<\/li>\n<\/ul>\n<p data-sourcepos=\"32:1-32:13\">Megjegyz\u00e9sek:<\/p>\n<ul data-sourcepos=\"34:1-36:0\">\n<li data-sourcepos=\"34:1-34:100\">\u00c1pol\u00e1s: A torta\u00e1llv\u00e1ny \u00e9s az \u00fcveg harangl\u00e1b nedves ruh\u00e1val let\u00f6r\u00f6lhet\u0151.<\/li>\n<li data-sourcepos=\"35:1-36:0\">\u00c9lelmiszerbiztos: A torta\u00e1llv\u00e1ny \u00e9s az \u00fcveg harangl\u00e1b \u00e9lelmiszer-biztons\u00e1gos, ez\u00e9rt az \u00e9telek bemutat\u00e1s\u00e1ra haboz\u00e1s n\u00e9lk\u00fcl haszn\u00e1lhat\u00f3.<\/li>\n<\/ul>","protected":false},"excerpt":{"rendered":"<p>Hochwertige Mini-Kuchenst\u00e4nder aus Glas mit vielseitiger Verwendungsm\u00f6glichkeit und perfekter Abstimmung f\u00fcr kleine K\u00f6stlichkeiten von Clayre &amp; Eef .<\/p>\n<p>Tov\u00e1bbi inform\u00e1ci\u00f3k:<\/p>\n<ul data-sourcepos=\"9:1-9:9\">\n<li data-sourcepos=\"9:1-9:9\">M\u00e1rka: Clayre &amp;Eef<\/li>\n<li data-sourcepos=\"10:1-10:20\">Anyag: \u00fcveg<\/li>\n<li data-sourcepos=\"11:1-12:40\">M\u00e9ret: 14 x 23 cm<\/li>\n<li data-sourcepos=\"14:1-14:24\">Sz\u00edn: \u00e1tl\u00e1tsz\u00f3<\/li>\n<li data-sourcepos=\"15:1-16:0\">A csomag tartalma: 1x mini torta\u00e1llv\u00e1ny, 1x \u00fcveg harangl\u00e1b<\/li>\n<\/ul>\n<p> <a class=\"continue\" href=\"https:\/\/bbdekorandmore.at\/hu\/produkt\/mini-kuchenstander-mit-glasglocke\/\">Continue Reading<span> Mini torta\u00e1llv\u00e1ny \u00fcveg harangl\u00e1bbal<\/span><\/a><\/p>","protected":false},"featured_media":3405,"comment_status":"open","ping_status":"closed","template":"","meta":{"site-sidebar-layout":"default","site-content-layout":"","ast-site-content-layout":"default","site-content-style":"default","site-sidebar-style":"default","ast-global-header-display":"","ast-banner-title-visibility":"","ast-main-header-display":"","ast-hfb-above-header-display":"","ast-hfb-below-header-display":"","ast-hfb-mobile-header-display":"","site-post-title":"","ast-breadcrumbs-content":"","ast-featured-img":"","footer-sml-layout":"","ast-disable-related-posts":"","theme-transparent-header-meta":"default","adv-header-id-meta":"","stick-header-meta":"","header-above-stick-meta":"","header-main-stick-meta":"","header-below-stick-meta":"","astra-migrate-meta-layouts":"set","ast-page-background-enabled":"default","ast-page-background-meta":{"desktop":{"background-color":"var(--ast-global-color-4)","background-image":"","background-repeat":"repeat","background-position":"center center","background-size":"auto","background-attachment":"scroll","background-type":"","background-media":"","overlay-type":"","overlay-color":"","overlay-opacity":"","overlay-gradient":""},"tablet":{"background-color":"","background-image":"","background-repeat":"repeat","background-position":"center center","background-size":"auto","background-attachment":"scroll","background-type":"","background-media":"","overlay-type":"","overlay-color":"","overlay-opacity":"","overlay-gradient":""},"mobile":{"background-color":"","background-image":"","background-repeat":"repeat","background-position":"center center","background-size":"auto","background-attachment":"scroll","background-type":"","background-media":"","overlay-type":"","overlay-color":"","overlay-opacity":"","overlay-gradient":""}},"ast-content-background-meta":{"desktop":{"background-color":"var(--ast-global-color-5)","background-image":"","background-repeat":"repeat","background-position":"center center","background-size":"auto","background-attachment":"scroll","background-type":"","background-media":"","overlay-type":"","overlay-color":"","overlay-opacity":"","overlay-gradient":""},"tablet":{"background-color":"var(--ast-global-color-5)","background-image":"","background-repeat":"repeat","background-position":"center center","background-size":"auto","background-attachment":"scroll","background-type":"","background-media":"","overlay-type":"","overlay-color":"","overlay-opacity":"","overlay-gradient":""},"mobile":{"background-color":"var(--ast-global-color-5)","background-image":"","background-repeat":"repeat","background-position":"center center","background-size":"auto","background-attachment":"scroll","background-type":"","background-media":"","overlay-type":"","overlay-color":"","overlay-opacity":"","overlay-gradient":""}}},"product_brand":[],"product_cat":[23,472],"product_tag":[643,538,642,569,542,631,638,639,637,641,640,633],"class_list":{"0":"post-3547","1":"product","2":"type-product","3":"status-publish","4":"has-post-thumbnail","6":"product_cat-ostern","7":"product_cat-accessories","8":"product_tag-backen","9":"product_tag-clayre-eef","10":"product_tag-cupcakes","11":"product_tag-dekoration","12":"product_tag-geschenk","13":"product_tag-glas","14":"product_tag-glasglocke","15":"product_tag-kuchen","16":"product_tag-mini-kuchenstander","17":"product_tag-muffins","18":"product_tag-tortchen","19":"product_tag-transparent","20":"tm-no-options","21":"desktop-align-left","22":"tablet-align-left","23":"mobile-align-left","25":"first","26":"outofstock","27":"shipping-taxable","28":"purchasable","29":"product-type-simple"},"_links":{"self":[{"href":"https:\/\/bbdekorandmore.at\/hu\/wp-json\/wp\/v2\/product\/3547","targetHints":{"allow":["GET"]}}],"collection":[{"href":"https:\/\/bbdekorandmore.at\/hu\/wp-json\/wp\/v2\/product"}],"about":[{"href":"https:\/\/bbdekorandmore.at\/hu\/wp-json\/wp\/v2\/types\/product"}],"replies":[{"embeddable":true,"href":"https:\/\/bbdekorandmore.at\/hu\/wp-json\/wp\/v2\/comments?post=3547"}],"wp:featuredmedia":[{"embeddable":true,"href":"https:\/\/bbdekorandmore.at\/hu\/wp-json\/wp\/v2\/media\/3405"}],"wp:attachment":[{"href":"https:\/\/bbdekorandmore.at\/hu\/wp-json\/wp\/v2\/media?parent=3547"}],"wp:term":[{"taxonomy":"product_brand","embeddable":true,"href":"https:\/\/bbdekorandmore.at\/hu\/wp-json\/wp\/v2\/product_brand?post=3547"},{"taxonomy":"product_cat","embeddable":true,"href":"https:\/\/bbdekorandmore.at\/hu\/wp-json\/wp\/v2\/product_cat?post=3547"},{"taxonomy":"product_tag","embeddable":true,"href":"https:\/\/bbdekorandmore.at\/hu\/wp-json\/wp\/v2\/product_tag?post=3547"}],"curies":[{"name":"wp","href":"https:\/\/api.w.org\/{rel}","templated":true}]}}

Mini tortaállvány üveg haranglábbal

<p data-sourcepos="3:1-3:24">Termékleírás:</p>
<p data-sourcepos="5:1-5:38">Adjon otthonának stílusos és bájos jelleget a Clayre &amp; Eef varázslatos mini tortaállványával üvegharanggal. A kiváló minőségű üvegkészlet lenyűgözően részletes kialakításával és kedves részleteivel harmonikus hangulatot teremt otthonában.</p>
<p data-sourcepos="17:1-17:23">Különleges jellemzők:</p>
<ul data-sourcepos="19:1-21:98">
<li data-sourcepos="19:1-19:143">Stílusos kialakítás: Az átlátszó üveggel és minimalista kialakítással rendelkező készlet modern, mégis elegáns bájt sugároz.</li>
<li data-sourcepos="20:1-20:88">Kiváló minőségű anyagok: Az üveg tartós és könnyen ápolható elemeket biztosít.</li>
<li data-sourcepos="21:1-21:98">Kedves részletek: A filigrán kivitelezés, valamint a tortaállvány és az üvegharang tökéletes összhangja a termékek magas minőségéről tanúskodik.</li>
<li data-sourcepos="22:1-22:115">Sokoldalú használat: A tortaállvány ideális kisebb sütemények, tortácskák, muffinok és cupcake-ek számára.</li>
<li data-sourcepos="23:1-23:124">Ideális a bemutatáshoz: az üvegharang védi a finomságokat, és egyúttal stílusos megjelenést biztosít.</li>
<li data-sourcepos="24:1-25:0">Dekoratív szemet gyönyörködtető: A készlet igazi szemet gyönyörködtető bármely étkezőasztalon, komódon vagy vitrinben.</li>
</ul>
<p data-sourcepos="26:1-26:25">Lehetséges felhasználási területek:</p>
<ul data-sourcepos="28:1-31:0">
<li data-sourcepos="28:1-28:117">Tortaállvány: A tortaállvány ideális sütemények, tortácskák, muffinok és cupcake-ek bemutatására.</li>
<li data-sourcepos="29:1-29:114">Dekoráció: A készlet dekorációs elemként is használható asztalokon, polcokon vagy komódokon.</li>
<li data-sourcepos="30:1-31:0">Ajándék: Tökéletes ajándék barátoknak, családtagoknak és a stílusos otthoni kiegészítők és pékáruk szerelmeseinek.</li>
</ul>
<p data-sourcepos="32:1-32:13">Megjegyzések:</p>
<ul data-sourcepos="34:1-36:0">
<li data-sourcepos="34:1-34:100">Ápolás: A tortaállvány és az üveg harangláb nedves ruhával letörölhető.</li>
<li data-sourcepos="35:1-36:0">Élelmiszerbiztos: A tortaállvány és az üveg harangláb élelmiszer-biztonságos, ezért az ételek bemutatására habozás nélkül használható.</li>
</ul>

<p>Hochwertige Mini-Kuchenständer aus Glas mit vielseitiger Verwendungsmöglichkeit und perfekter Abstimmung für kleine Köstlichkeiten von Clayre &amp; Eef .</p>
<p>További információk:</p>
<ul data-sourcepos="9:1-9:9">
<li data-sourcepos="9:1-9:9">Márka: Clayre &amp;Eef</li>
<li data-sourcepos="10:1-10:20">Anyag: üveg</li>
<li data-sourcepos="11:1-12:40">Méret: 14 x 23 cm</li>
<li data-sourcepos="14:1-14:24">Szín: átlátszó</li>
<li data-sourcepos="15:1-16:0">A csomag tartalma: 1x mini tortaállvány, 1x üveg harangláb</li>
</ul>
<p> <a class="continue" href="https://bbdekorandmore.at/hu/produkt/mini-kuchenstander-mit-glasglocke/">Continue Reading<span> Mini tortaállvány üveg haranglábbal</span></a></p>
