{"id":3549,"date":"2024-03-03T19:06:19","date_gmt":"2024-03-03T19:06:19","guid":{"rendered":"http:\/\/bbdekorandmore.at\/?post_type=product&#038;p=3549"},"modified":"2025-04-18T18:59:38","modified_gmt":"2025-04-18T18:59:38","slug":"pflanzenhalter","status":"publish","type":"product","link":"https:\/\/bbdekorandmore.at\/hu\/produkt\/pflanzenhalter\/","title":{"rendered":"N\u00f6v\u00e9nytart\u00f3"},"content":{"rendered":"<p data-sourcepos=\"3:1-3:24\">Term\u00e9kle\u00edr\u00e1s:<\/p>\n<p data-sourcepos=\"5:1-5:78\">Adjon otthon\u00e1nak vagy kertj\u00e9nek st\u00edlusos \u00e9s b\u00e1jos jelleget a Clayre &amp; Eef var\u00e1zslatos, csirke alak\u00fa n\u00f6v\u00e9nytart\u00f3j\u00e1val. A kiv\u00e1l\u00f3 min\u0151s\u00e9g\u0171, f\u00e1b\u00f3l k\u00e9sz\u00fclt n\u00f6v\u00e9nytart\u00f3 leny\u0171g\u00f6z\u0151en r\u00e9szletes kialak\u00edt\u00e1s\u00e1val \u00e9s szeretetteljes r\u00e9szleteivel harmonikus hangulatot teremt.<\/p>\n<p data-sourcepos=\"15:1-15:23\">K\u00fcl\u00f6nleges jellemz\u0151k:<\/p>\n<ul data-sourcepos=\"17:1-21:57\">\n<li data-sourcepos=\"17:1-17:125\">St\u00edlusos kialak\u00edt\u00e1s: A csirke alak\u00fa n\u00f6v\u00e9nytart\u00f3 modern, m\u00e9gis hangulatos b\u00e1jt \u00e1raszt.<\/li>\n<li data-sourcepos=\"18:1-18:96\">Kiv\u00e1l\u00f3 min\u0151s\u00e9g\u0171 anyagok: A fa biztos\u00edtja a tart\u00f3s \u00e9s robusztus n\u00f6v\u00e9nytart\u00f3t.<\/li>\n<li data-sourcepos=\"19:1-19:140\">Szeretetteljes r\u00e9szletek: A csirke r\u00e9szletes kialak\u00edt\u00e1sa \u00e9s a kiv\u00e1l\u00f3 min\u0151s\u00e9g\u0171 kivitelez\u00e9s a term\u00e9kek magas min\u0151s\u00e9g\u00e9r\u0151l tan\u00faskodik.<\/li>\n<li data-sourcepos=\"20:1-20:115\">Sokoldal\u00fa haszn\u00e1lat: A n\u00f6v\u00e9nytart\u00f3 ide\u00e1lis kis vir\u00e1gcserepek, gy\u00f3gyn\u00f6v\u00e9nyek vagy szukkulensek sz\u00e1m\u00e1ra.<\/li>\n<li data-sourcepos=\"21:1-21:57\">Ide\u00e1lis belt\u00e9ri \u00e9s k\u00fclt\u00e9ri haszn\u00e1latra: a n\u00f6v\u00e9nytart\u00f3 belt\u00e9ren \u00e9s a kertben egyar\u00e1nt haszn\u00e1lhat\u00f3.<\/li>\n<li data-sourcepos=\"22:1-23:0\">Dekorat\u00edv szemet gy\u00f6ny\u00f6rk\u00f6dtet\u0151: A n\u00f6v\u00e9nytart\u00f3 igazi szemet gy\u00f6ny\u00f6rk\u00f6dtet\u0151 b\u00e1rmelyik ablakp\u00e1rk\u00e1nyon, polcon vagy kerti \u00e1gy\u00e1sban.<\/li>\n<\/ul>\n<p data-sourcepos=\"24:1-24:25\">Lehets\u00e9ges felhaszn\u00e1l\u00e1si ter\u00fcletek:<\/p>\n<ul data-sourcepos=\"26:1-29:0\">\n<li data-sourcepos=\"26:1-26:128\">N\u00f6v\u00e9nytart\u00f3: A n\u00f6v\u00e9nytart\u00f3 ide\u00e1lis kis vir\u00e1gcserepek, gy\u00f3gyn\u00f6v\u00e9nyek vagy szukkulensek bemutat\u00e1s\u00e1ra.<\/li>\n<li data-sourcepos=\"27:1-27:132\">Dekor\u00e1ci\u00f3: A n\u00f6v\u00e9nytart\u00f3 dekor\u00e1ci\u00f3s elemk\u00e9nt is haszn\u00e1lhat\u00f3 ablakp\u00e1rk\u00e1nyon, polcon vagy a kertben.<\/li>\n<li data-sourcepos=\"28:1-29:0\">Aj\u00e1nd\u00e9k: T\u00f6k\u00e9letes aj\u00e1nd\u00e9k bar\u00e1toknak, csal\u00e1dtagoknak \u00e9s a st\u00edlusos otthoni kieg\u00e9sz\u00edt\u0151k \u00e9s n\u00f6v\u00e9nyek szerelmeseinek.<\/li>\n<\/ul>\n<p data-sourcepos=\"30:1-30:13\">Megjegyz\u00e9sek:<\/p>\n<ul data-sourcepos=\"32:1-34:0\">\n<li data-sourcepos=\"32:1-32:80\">\u00c1pol\u00e1s: A n\u00f6v\u00e9nytart\u00f3 nedves ruh\u00e1val let\u00f6r\u00f6lhet\u0151.<\/li>\n<li data-sourcepos=\"33:1-34:0\">Id\u0151j\u00e1r\u00e1s\u00e1ll\u00f3s\u00e1g: A fa id\u0151j\u00e1r\u00e1s\u00e1ll\u00f3, ez\u00e9rt k\u00fclt\u00e9ren is haszn\u00e1lhat\u00f3.<\/li>\n<\/ul>","protected":false},"excerpt":{"rendered":"<p data-sourcepos=\"46:1-46:90\">Kiv\u00e1l\u00f3 min\u0151s\u00e9g\u0171, f\u00e1b\u00f3l k\u00e9sz\u00fclt n\u00f6v\u00e9nytart\u00f3 kis vir\u00e1gcserepek, gy\u00f3gyn\u00f6v\u00e9nyek vagy szukkulensek sz\u00e1m\u00e1ra a Clayre &amp; Eef-t\u0151l. Aj\u00e1nd\u00e9kozzon \u00f6r\u00f6met egy praktikus \u00e9s dekorat\u00edv kieg\u00e9sz\u00edt\u0151vel!<\/p>\n<p data-sourcepos=\"46:1-46:90\">Tov\u00e1bbi inform\u00e1ci\u00f3k:<\/p>\n<ul data-sourcepos=\"9:1-10:12\">\n<li data-sourcepos=\"9:1-9:29\">M\u00e1rka: Clayre &amp;Eef<\/li>\n<li data-sourcepos=\"10:1-10:12\">Anyag: fa<\/li>\n<li data-sourcepos=\"11:1-11:28\">M\u00e9ret: 32 x 12 x 40 cm<\/li>\n<li data-sourcepos=\"12:1-12:18\">Sz\u00edn: barna<\/li>\n<li data-sourcepos=\"13:1-13:21\">A csomag tartalma: 1x n\u00f6v\u00e9nytart\u00f3<\/li>\n<\/ul>\n<p> <a class=\"continue\" href=\"https:\/\/bbdekorandmore.at\/hu\/produkt\/pflanzenhalter\/\">Continue Reading<span> N\u00f6v\u00e9nytart\u00f3<\/span><\/a><\/p>","protected":false},"featured_media":3436,"comment_status":"open","ping_status":"closed","template":"","meta":{"site-sidebar-layout":"default","site-content-layout":"","ast-site-content-layout":"default","site-content-style":"default","site-sidebar-style":"default","ast-global-header-display":"","ast-banner-title-visibility":"","ast-main-header-display":"","ast-hfb-above-header-display":"","ast-hfb-below-header-display":"","ast-hfb-mobile-header-display":"","site-post-title":"","ast-breadcrumbs-content":"","ast-featured-img":"","footer-sml-layout":"","ast-disable-related-posts":"","theme-transparent-header-meta":"default","adv-header-id-meta":"","stick-header-meta":"","header-above-stick-meta":"","header-main-stick-meta":"","header-below-stick-meta":"","astra-migrate-meta-layouts":"set","ast-page-background-enabled":"default","ast-page-background-meta":{"desktop":{"background-color":"var(--ast-global-color-4)","background-image":"","background-repeat":"repeat","background-position":"center center","background-size":"auto","background-attachment":"scroll","background-type":"","background-media":"","overlay-type":"","overlay-color":"","overlay-opacity":"","overlay-gradient":""},"tablet":{"background-color":"","background-image":"","background-repeat":"repeat","background-position":"center center","background-size":"auto","background-attachment":"scroll","background-type":"","background-media":"","overlay-type":"","overlay-color":"","overlay-opacity":"","overlay-gradient":""},"mobile":{"background-color":"","background-image":"","background-repeat":"repeat","background-position":"center center","background-size":"auto","background-attachment":"scroll","background-type":"","background-media":"","overlay-type":"","overlay-color":"","overlay-opacity":"","overlay-gradient":""}},"ast-content-background-meta":{"desktop":{"background-color":"var(--ast-global-color-5)","background-image":"","background-repeat":"repeat","background-position":"center center","background-size":"auto","background-attachment":"scroll","background-type":"","background-media":"","overlay-type":"","overlay-color":"","overlay-opacity":"","overlay-gradient":""},"tablet":{"background-color":"var(--ast-global-color-5)","background-image":"","background-repeat":"repeat","background-position":"center center","background-size":"auto","background-attachment":"scroll","background-type":"","background-media":"","overlay-type":"","overlay-color":"","overlay-opacity":"","overlay-gradient":""},"mobile":{"background-color":"var(--ast-global-color-5)","background-image":"","background-repeat":"repeat","background-position":"center center","background-size":"auto","background-attachment":"scroll","background-type":"","background-media":"","overlay-type":"","overlay-color":"","overlay-opacity":"","overlay-gradient":""}}},"product_brand":[],"product_cat":[472,29,23,495],"product_tag":[650,558,585,538,569,542,587,645,649,647,646,644,648],"class_list":{"0":"post-3549","1":"product","2":"type-product","3":"status-publish","4":"has-post-thumbnail","6":"product_cat-accessories","7":"product_cat-geschenkideen","8":"product_cat-ostern","9":"product_cat-wohnaccessories","10":"product_tag-ausenbereich","11":"product_tag-blumen","12":"product_tag-braun","13":"product_tag-clayre-eef","14":"product_tag-dekoration","15":"product_tag-geschenk","16":"product_tag-holz","17":"product_tag-huhn","18":"product_tag-innenbereich","19":"product_tag-krauter","20":"product_tag-pflanzen","21":"product_tag-pflanzenhalter","22":"product_tag-sukkulenten","23":"tm-no-options","24":"desktop-align-left","25":"tablet-align-left","26":"mobile-align-left","28":"first","29":"outofstock","30":"shipping-taxable","31":"purchasable","32":"product-type-simple"},"_links":{"self":[{"href":"https:\/\/bbdekorandmore.at\/hu\/wp-json\/wp\/v2\/product\/3549","targetHints":{"allow":["GET"]}}],"collection":[{"href":"https:\/\/bbdekorandmore.at\/hu\/wp-json\/wp\/v2\/product"}],"about":[{"href":"https:\/\/bbdekorandmore.at\/hu\/wp-json\/wp\/v2\/types\/product"}],"replies":[{"embeddable":true,"href":"https:\/\/bbdekorandmore.at\/hu\/wp-json\/wp\/v2\/comments?post=3549"}],"wp:featuredmedia":[{"embeddable":true,"href":"https:\/\/bbdekorandmore.at\/hu\/wp-json\/wp\/v2\/media\/3436"}],"wp:attachment":[{"href":"https:\/\/bbdekorandmore.at\/hu\/wp-json\/wp\/v2\/media?parent=3549"}],"wp:term":[{"taxonomy":"product_brand","embeddable":true,"href":"https:\/\/bbdekorandmore.at\/hu\/wp-json\/wp\/v2\/product_brand?post=3549"},{"taxonomy":"product_cat","embeddable":true,"href":"https:\/\/bbdekorandmore.at\/hu\/wp-json\/wp\/v2\/product_cat?post=3549"},{"taxonomy":"product_tag","embeddable":true,"href":"https:\/\/bbdekorandmore.at\/hu\/wp-json\/wp\/v2\/product_tag?post=3549"}],"curies":[{"name":"wp","href":"https:\/\/api.w.org\/{rel}","templated":true}]}}

Növénytartó

<p data-sourcepos="3:1-3:24">Termékleírás:</p>
<p data-sourcepos="5:1-5:78">Adjon otthonának vagy kertjének stílusos és bájos jelleget a Clayre &amp; Eef varázslatos, csirke alakú növénytartójával. A kiváló minőségű, fából készült növénytartó lenyűgözően részletes kialakításával és szeretetteljes részleteivel harmonikus hangulatot teremt.</p>
<p data-sourcepos="15:1-15:23">Különleges jellemzők:</p>
<ul data-sourcepos="17:1-21:57">
<li data-sourcepos="17:1-17:125">Stílusos kialakítás: A csirke alakú növénytartó modern, mégis hangulatos bájt áraszt.</li>
<li data-sourcepos="18:1-18:96">Kiváló minőségű anyagok: A fa biztosítja a tartós és robusztus növénytartót.</li>
<li data-sourcepos="19:1-19:140">Szeretetteljes részletek: A csirke részletes kialakítása és a kiváló minőségű kivitelezés a termékek magas minőségéről tanúskodik.</li>
<li data-sourcepos="20:1-20:115">Sokoldalú használat: A növénytartó ideális kis virágcserepek, gyógynövények vagy szukkulensek számára.</li>
<li data-sourcepos="21:1-21:57">Ideális beltéri és kültéri használatra: a növénytartó beltéren és a kertben egyaránt használható.</li>
<li data-sourcepos="22:1-23:0">Dekoratív szemet gyönyörködtető: A növénytartó igazi szemet gyönyörködtető bármelyik ablakpárkányon, polcon vagy kerti ágyásban.</li>
</ul>
<p data-sourcepos="24:1-24:25">Lehetséges felhasználási területek:</p>
<ul data-sourcepos="26:1-29:0">
<li data-sourcepos="26:1-26:128">Növénytartó: A növénytartó ideális kis virágcserepek, gyógynövények vagy szukkulensek bemutatására.</li>
<li data-sourcepos="27:1-27:132">Dekoráció: A növénytartó dekorációs elemként is használható ablakpárkányon, polcon vagy a kertben.</li>
<li data-sourcepos="28:1-29:0">Ajándék: Tökéletes ajándék barátoknak, családtagoknak és a stílusos otthoni kiegészítők és növények szerelmeseinek.</li>
</ul>
<p data-sourcepos="30:1-30:13">Megjegyzések:</p>
<ul data-sourcepos="32:1-34:0">
<li data-sourcepos="32:1-32:80">Ápolás: A növénytartó nedves ruhával letörölhető.</li>
<li data-sourcepos="33:1-34:0">Időjárásállóság: A fa időjárásálló, ezért kültéren is használható.</li>
</ul>

<p data-sourcepos="46:1-46:90">Kiváló minőségű, fából készült növénytartó kis virágcserepek, gyógynövények vagy szukkulensek számára a Clayre &amp; Eef-től. Ajándékozzon örömet egy praktikus és dekoratív kiegészítővel!</p>
<p data-sourcepos="46:1-46:90">További információk:</p>
<ul data-sourcepos="9:1-10:12">
<li data-sourcepos="9:1-9:29">Márka: Clayre &amp;Eef</li>
<li data-sourcepos="10:1-10:12">Anyag: fa</li>
<li data-sourcepos="11:1-11:28">Méret: 32 x 12 x 40 cm</li>
<li data-sourcepos="12:1-12:18">Szín: barna</li>
<li data-sourcepos="13:1-13:21">A csomag tartalma: 1x növénytartó</li>
</ul>
<p> <a class="continue" href="https://bbdekorandmore.at/hu/produkt/pflanzenhalter/">Continue Reading<span> Növénytartó</span></a></p>
