{"id":3550,"date":"2024-03-03T19:13:32","date_gmt":"2024-03-03T19:13:32","guid":{"rendered":"http:\/\/bbdekorandmore.at\/?post_type=product&#038;p=3550"},"modified":"2025-12-22T07:34:19","modified_gmt":"2025-12-22T07:34:19","slug":"aufbewahrungskorb-2","status":"publish","type":"product","link":"https:\/\/bbdekorandmore.at\/hu\/produkt\/aufbewahrungskorb-2\/","title":{"rendered":"T\u00e1rol\u00f3 kos\u00e1r"},"content":{"rendered":"<p data-sourcepos=\"3:1-3:24\">Term\u00e9kle\u00edr\u00e1s:<\/p>\n<p data-sourcepos=\"5:1-5:57\">Adjon otthon\u00e1nak st\u00edlusos \u00e9s b\u00e1jos jelleget a Clayre &amp; Eef elragad\u00f3 ny\u00fal alak\u00fa t\u00e1rol\u00f3kosar\u00e1val. A kiv\u00e1l\u00f3 min\u0151s\u00e9g\u0171 vaskos\u00e1r leny\u0171g\u00f6z\u0151en r\u00e9szletes kialak\u00edt\u00e1s\u00e1val \u00e9s szeretetteljes r\u00e9szleteivel harmonikus hangulatot teremt otthon\u00e1ban.<\/p>\n<p data-sourcepos=\"15:1-15:23\">K\u00fcl\u00f6nleges jellemz\u0151k:<\/p>\n<ul data-sourcepos=\"17:1-20:142\">\n<li data-sourcepos=\"17:1-17:115\">St\u00edlusos kialak\u00edt\u00e1s: A ny\u00fal alak\u00fa kos\u00e1r modern, m\u00e9gis hangulatos b\u00e1jt \u00e1raszt.<\/li>\n<li data-sourcepos=\"18:1-18:87\">Kiv\u00e1l\u00f3 min\u0151s\u00e9g\u0171 anyagok: A vas biztos\u00edtja a tart\u00f3s \u00e9s robusztus kosarat.<\/li>\n<li data-sourcepos=\"19:1-19:140\">Szeretetteljes r\u00e9szletek: A ny\u00fal r\u00e9szletes kialak\u00edt\u00e1sa \u00e9s a kiv\u00e1l\u00f3 min\u0151s\u00e9g\u0171 kivitelez\u00e9s a term\u00e9kek magas min\u0151s\u00e9g\u00e9r\u0151l tan\u00faskodik.<\/li>\n<li data-sourcepos=\"20:1-20:142\">Sokoldal\u00fa haszn\u00e1lat: A kos\u00e1r ide\u00e1lis k\u00fcl\u00f6nb\u00f6z\u0151 t\u00e1rgyak, p\u00e9ld\u00e1ul magazinok, p\u00e1rn\u00e1k, takar\u00f3k vagy j\u00e1t\u00e9kok t\u00e1rol\u00e1s\u00e1ra.<\/li>\n<li data-sourcepos=\"21:1-21:99\">Ide\u00e1lis belt\u00e9ri haszn\u00e1latra: a kos\u00e1r belt\u00e9ren \u00e9s a kertben egyar\u00e1nt haszn\u00e1lhat\u00f3.<\/li>\n<li data-sourcepos=\"22:1-23:0\">Dekorat\u00edv szemet gy\u00f6ny\u00f6rk\u00f6dtet\u0151: A kos\u00e1r igazi szemet gy\u00f6ny\u00f6rk\u00f6dtet\u0151 b\u00e1rmelyik polcon, kom\u00f3don vagy a kerti \u00e1gy\u00e1sban.<\/li>\n<\/ul>\n<p data-sourcepos=\"24:1-24:25\">Lehets\u00e9ges felhaszn\u00e1l\u00e1si ter\u00fcletek:<\/p>\n<ul data-sourcepos=\"26:1-31:0\">\n<li data-sourcepos=\"26:1-26:143\">T\u00e1rol\u00f3kos\u00e1r: A kos\u00e1r ide\u00e1lis k\u00fcl\u00f6nb\u00f6z\u0151 t\u00e1rgyak, p\u00e9ld\u00e1ul magazinok, p\u00e1rn\u00e1k, takar\u00f3k vagy j\u00e1t\u00e9kok t\u00e1rol\u00e1s\u00e1ra.<\/li>\n<li data-sourcepos=\"27:1-27:78\">Toj\u00e1skos\u00e1r: A kos\u00e1r toj\u00e1skos\u00e1rk\u00e9nt is haszn\u00e1lhat\u00f3 a konyh\u00e1ban.<\/li>\n<li data-sourcepos=\"28:1-28:118\">N\u00f6v\u00e9nytart\u00f3: A kos\u00e1r a kertben n\u00f6v\u00e9nytart\u00f3k\u00e9nt haszn\u00e1lhat\u00f3 kisebb vir\u00e1gcserepek vagy f\u0171szern\u00f6v\u00e9nyek sz\u00e1m\u00e1ra.<\/li>\n<li data-sourcepos=\"29:1-29:117\">Dekor\u00e1ci\u00f3: A kos\u00e1r dekor\u00e1ci\u00f3s elemk\u00e9nt is haszn\u00e1lhat\u00f3 polcokon, kom\u00f3dokon vagy a kertben.<\/li>\n<li data-sourcepos=\"30:1-31:0\">Aj\u00e1nd\u00e9k: T\u00f6k\u00e9letes aj\u00e1nd\u00e9k bar\u00e1toknak, csal\u00e1dtagoknak \u00e9s a st\u00edlusos otthoni kieg\u00e9sz\u00edt\u0151k szerelmeseinek.<\/li>\n<\/ul>\n<p data-sourcepos=\"32:1-32:13\">Megjegyz\u00e9sek:<\/p>\n<ul data-sourcepos=\"34:1-35:0\">\n<li data-sourcepos=\"34:1-35:0\">\u00c1pol\u00e1s: A kos\u00e1r nedves ruh\u00e1val tiszt\u00e1ra t\u00f6r\u00f6lhet\u0151.<\/li>\n<\/ul>","protected":false},"excerpt":{"rendered":"<p>Kiv\u00e1l\u00f3 min\u0151s\u00e9g\u0171, sokoldal\u00faan felhaszn\u00e1lhat\u00f3 \u00e9s praktikus kialak\u00edt\u00e1s\u00fa vaskos\u00e1r a Clayre &amp; Eef-t\u0151l.<\/p>\n<p>Tov\u00e1bbi inform\u00e1ci\u00f3k:<\/p>\n<ul data-sourcepos=\"9:1-9:19\">\n<li data-sourcepos=\"9:1-9:19\">M\u00e1rka: Clayre &amp;Eef<\/li>\n<li data-sourcepos=\"10:1-10:21\">Anyag: vas<\/li>\n<li data-sourcepos=\"11:1-11:28\">M\u00e9ret: 26 x 15 x 28 cm<\/li>\n<li data-sourcepos=\"12:1-12:20\">Sz\u00edn: Fekete<\/li>\n<li data-sourcepos=\"13:1-14:0\">A csomag tartalma: 1x t\u00e1rol\u00f3kos\u00e1r<\/li>\n<\/ul>\n<p> <a class=\"continue\" href=\"https:\/\/bbdekorandmore.at\/hu\/produkt\/aufbewahrungskorb-2\/\">Continue Reading<span> T\u00e1rol\u00f3 kos\u00e1r<\/span><\/a><\/p>","protected":false},"featured_media":3401,"comment_status":"open","ping_status":"closed","template":"","meta":{"site-sidebar-layout":"default","site-content-layout":"","ast-site-content-layout":"default","site-content-style":"default","site-sidebar-style":"default","ast-global-header-display":"","ast-banner-title-visibility":"","ast-main-header-display":"","ast-hfb-above-header-display":"","ast-hfb-below-header-display":"","ast-hfb-mobile-header-display":"","site-post-title":"","ast-breadcrumbs-content":"","ast-featured-img":"","footer-sml-layout":"","ast-disable-related-posts":"","theme-transparent-header-meta":"default","adv-header-id-meta":"","stick-header-meta":"","header-above-stick-meta":"","header-main-stick-meta":"","header-below-stick-meta":"","astra-migrate-meta-layouts":"set","ast-page-background-enabled":"default","ast-page-background-meta":{"desktop":{"background-color":"var(--ast-global-color-4)","background-image":"","background-repeat":"repeat","background-position":"center center","background-size":"auto","background-attachment":"scroll","background-type":"","background-media":"","overlay-type":"","overlay-color":"","overlay-opacity":"","overlay-gradient":""},"tablet":{"background-color":"","background-image":"","background-repeat":"repeat","background-position":"center center","background-size":"auto","background-attachment":"scroll","background-type":"","background-media":"","overlay-type":"","overlay-color":"","overlay-opacity":"","overlay-gradient":""},"mobile":{"background-color":"","background-image":"","background-repeat":"repeat","background-position":"center center","background-size":"auto","background-attachment":"scroll","background-type":"","background-media":"","overlay-type":"","overlay-color":"","overlay-opacity":"","overlay-gradient":""}},"ast-content-background-meta":{"desktop":{"background-color":"var(--ast-global-color-5)","background-image":"","background-repeat":"repeat","background-position":"center center","background-size":"auto","background-attachment":"scroll","background-type":"","background-media":"","overlay-type":"","overlay-color":"","overlay-opacity":"","overlay-gradient":""},"tablet":{"background-color":"var(--ast-global-color-5)","background-image":"","background-repeat":"repeat","background-position":"center center","background-size":"auto","background-attachment":"scroll","background-type":"","background-media":"","overlay-type":"","overlay-color":"","overlay-opacity":"","overlay-gradient":""},"mobile":{"background-color":"var(--ast-global-color-5)","background-image":"","background-repeat":"repeat","background-position":"center center","background-size":"auto","background-attachment":"scroll","background-type":"","background-media":"","overlay-type":"","overlay-color":"","overlay-opacity":"","overlay-gradient":""}}},"product_brand":[],"product_cat":[23,472,29,495],"product_tag":[630,624,538,653,569,655,586,656,542,451,652,644,584,654,651],"class_list":{"0":"post-3550","1":"product","2":"type-product","3":"status-publish","4":"has-post-thumbnail","6":"product_cat-ostern","7":"product_cat-accessories","8":"product_cat-geschenkideen","9":"product_cat-wohnaccessories","10":"product_tag-aufbewahrung","11":"product_tag-aufbewahrungskorb","12":"product_tag-clayre-eef","13":"product_tag-decken","14":"product_tag-dekoration","15":"product_tag-eierkorb","16":"product_tag-eisen","17":"product_tag-garten","18":"product_tag-geschenk","19":"product_tag-hase","20":"product_tag-kissen","21":"product_tag-pflanzenhalter","22":"product_tag-schwarz","23":"product_tag-spielzeug","24":"product_tag-zeitschriften","25":"tm-no-options","26":"desktop-align-left","27":"tablet-align-left","28":"mobile-align-left","30":"first","31":"instock","32":"shipping-taxable","33":"purchasable","34":"product-type-simple"},"_links":{"self":[{"href":"https:\/\/bbdekorandmore.at\/hu\/wp-json\/wp\/v2\/product\/3550","targetHints":{"allow":["GET"]}}],"collection":[{"href":"https:\/\/bbdekorandmore.at\/hu\/wp-json\/wp\/v2\/product"}],"about":[{"href":"https:\/\/bbdekorandmore.at\/hu\/wp-json\/wp\/v2\/types\/product"}],"replies":[{"embeddable":true,"href":"https:\/\/bbdekorandmore.at\/hu\/wp-json\/wp\/v2\/comments?post=3550"}],"wp:featuredmedia":[{"embeddable":true,"href":"https:\/\/bbdekorandmore.at\/hu\/wp-json\/wp\/v2\/media\/3401"}],"wp:attachment":[{"href":"https:\/\/bbdekorandmore.at\/hu\/wp-json\/wp\/v2\/media?parent=3550"}],"wp:term":[{"taxonomy":"product_brand","embeddable":true,"href":"https:\/\/bbdekorandmore.at\/hu\/wp-json\/wp\/v2\/product_brand?post=3550"},{"taxonomy":"product_cat","embeddable":true,"href":"https:\/\/bbdekorandmore.at\/hu\/wp-json\/wp\/v2\/product_cat?post=3550"},{"taxonomy":"product_tag","embeddable":true,"href":"https:\/\/bbdekorandmore.at\/hu\/wp-json\/wp\/v2\/product_tag?post=3550"}],"curies":[{"name":"wp","href":"https:\/\/api.w.org\/{rel}","templated":true}]}}

Tároló kosár

<p data-sourcepos="3:1-3:24">Termékleírás:</p>
<p data-sourcepos="5:1-5:57">Adjon otthonának stílusos és bájos jelleget a Clayre &amp; Eef elragadó nyúl alakú tárolókosarával. A kiváló minőségű vaskosár lenyűgözően részletes kialakításával és szeretetteljes részleteivel harmonikus hangulatot teremt otthonában.</p>
<p data-sourcepos="15:1-15:23">Különleges jellemzők:</p>
<ul data-sourcepos="17:1-20:142">
<li data-sourcepos="17:1-17:115">Stílusos kialakítás: A nyúl alakú kosár modern, mégis hangulatos bájt áraszt.</li>
<li data-sourcepos="18:1-18:87">Kiváló minőségű anyagok: A vas biztosítja a tartós és robusztus kosarat.</li>
<li data-sourcepos="19:1-19:140">Szeretetteljes részletek: A nyúl részletes kialakítása és a kiváló minőségű kivitelezés a termékek magas minőségéről tanúskodik.</li>
<li data-sourcepos="20:1-20:142">Sokoldalú használat: A kosár ideális különböző tárgyak, például magazinok, párnák, takarók vagy játékok tárolására.</li>
<li data-sourcepos="21:1-21:99">Ideális beltéri használatra: a kosár beltéren és a kertben egyaránt használható.</li>
<li data-sourcepos="22:1-23:0">Dekoratív szemet gyönyörködtető: A kosár igazi szemet gyönyörködtető bármelyik polcon, komódon vagy a kerti ágyásban.</li>
</ul>
<p data-sourcepos="24:1-24:25">Lehetséges felhasználási területek:</p>
<ul data-sourcepos="26:1-31:0">
<li data-sourcepos="26:1-26:143">Tárolókosár: A kosár ideális különböző tárgyak, például magazinok, párnák, takarók vagy játékok tárolására.</li>
<li data-sourcepos="27:1-27:78">Tojáskosár: A kosár tojáskosárként is használható a konyhában.</li>
<li data-sourcepos="28:1-28:118">Növénytartó: A kosár a kertben növénytartóként használható kisebb virágcserepek vagy fűszernövények számára.</li>
<li data-sourcepos="29:1-29:117">Dekoráció: A kosár dekorációs elemként is használható polcokon, komódokon vagy a kertben.</li>
<li data-sourcepos="30:1-31:0">Ajándék: Tökéletes ajándék barátoknak, családtagoknak és a stílusos otthoni kiegészítők szerelmeseinek.</li>
</ul>
<p data-sourcepos="32:1-32:13">Megjegyzések:</p>
<ul data-sourcepos="34:1-35:0">
<li data-sourcepos="34:1-35:0">Ápolás: A kosár nedves ruhával tisztára törölhető.</li>
</ul>

<p>Kiváló minőségű, sokoldalúan felhasználható és praktikus kialakítású vaskosár a Clayre &amp; Eef-től.</p>
<p>További információk:</p>
<ul data-sourcepos="9:1-9:19">
<li data-sourcepos="9:1-9:19">Márka: Clayre &amp;Eef</li>
<li data-sourcepos="10:1-10:21">Anyag: vas</li>
<li data-sourcepos="11:1-11:28">Méret: 26 x 15 x 28 cm</li>
<li data-sourcepos="12:1-12:20">Szín: Fekete</li>
<li data-sourcepos="13:1-14:0">A csomag tartalma: 1x tárolókosár</li>
</ul>
<p> <a class="continue" href="https://bbdekorandmore.at/hu/produkt/aufbewahrungskorb-2/">Continue Reading<span> Tároló kosár</span></a></p>
