{"id":3602,"date":"2024-03-11T20:59:09","date_gmt":"2024-03-11T20:59:09","guid":{"rendered":"http:\/\/bbdekorandmore.at\/?post_type=product&#038;p=3602"},"modified":"2025-03-21T10:53:23","modified_gmt":"2025-03-21T10:53:23","slug":"kaninchen-im-blumengarten-tischdeko","status":"publish","type":"product","link":"https:\/\/bbdekorandmore.at\/hu\/produkt\/kaninchen-im-blumengarten-tischdeko\/","title":{"rendered":"\"Ny\u00fal a vir\u00e1goskertben\" asztali dekor\u00e1ci\u00f3"},"content":{"rendered":"<h4 data-sourcepos=\"1:1-1:72\">Ny\u00fal a vir\u00e1goskertben - dekorat\u00edv asztali dekor\u00e1ci\u00f3 tavaszi var\u00e1zslattal<\/h4>\n<p data-sourcepos=\"3:1-3:119\">Var\u00e1zsolja otthon\u00e1ba a tavaszt ezzel a var\u00e1zslatos \"Ny\u00fal a vir\u00e1goskertben\" asztali dekor\u00e1ci\u00f3val.<\/p>\n<p data-sourcepos=\"5:1-5:51\">Kiv\u00e1l\u00f3 min\u0151s\u00e9g\u0171 anyagok \u00e9s szeretetteljes r\u00e9szletek:<\/p>\n<ul data-sourcepos=\"7:1-11:0\">\n<li data-sourcepos=\"7:1-7:132\">A 15x15x22 cm-es, massz\u00edv f\u00e1b\u00f3l k\u00e9sz\u00fclt alap t\u00f6k\u00e9letes alapot k\u00e9pez a var\u00e1zslatos dekor\u00e1ci\u00f3nak.<\/li>\n<li data-sourcepos=\"8:1-8:122\">Selyemvir\u00e1gok: A finom sz\u00ednekben pomp\u00e1z\u00f3, r\u00e9szletgazdag selyemvir\u00e1gok a tavasz vid\u00e1ms\u00e1g\u00e1t hozz\u00e1k el otthon\u00e1ba.<\/li>\n<li data-sourcepos=\"9:1-9:152\">Sz\u00ednes toj\u00e1sd\u00edsz\u00edt\u00e9s: A finom ker\u00e1mia pillang\u00f3 eleg\u00e1ns hangs\u00falyt ad, \u00e9s kiemeli az elrendez\u00e9s term\u00e9szetess\u00e9g\u00e9t.<\/li>\n<li data-sourcepos=\"10:1-11:0\">Ny\u00fal figura: Egy aranyos ny\u00fal b\u00e1jos szemet gy\u00f6ny\u00f6rk\u00f6dtet\u0151.<\/li>\n<\/ul>\n<p data-sourcepos=\"12:1-12:294\">Ez az asztali dekor\u00e1ci\u00f3 ide\u00e1lis aj\u00e1nd\u00e9k mindenkinek, aki szereti a tavaszi dekor\u00e1ci\u00f3kat. Ak\u00e1r az \u00e9tkez\u0151asztalon, ak\u00e1r a nappaliban vagy az ablakp\u00e1rk\u00e1nyon - a \"ny\u00fal a vir\u00e1goskertben\" b\u00e1rki arc\u00e1ra mosolyt csal.<\/p>\n<p data-sourcepos=\"14:1-14:26\">Tov\u00e1bbi inform\u00e1ci\u00f3k:<\/p>\n<ul data-sourcepos=\"16:1-19:0\">\n<li data-sourcepos=\"16:1-16:63\">Anyagok: fa, selyem<\/li>\n<li data-sourcepos=\"17:1-17:50\">M\u00e9retek: 15x15x2cm<\/li>\n<li data-sourcepos=\"18:1-19:0\">\u00c1r: 34,90\u20ac<\/li>\n<\/ul>\n<p data-sourcepos=\"20:1-20:65\">Rendelje meg most, \u00e9s var\u00e1zsolja be a tavaszt otthon\u00e1ba!<\/p>","protected":false},"excerpt":{"rendered":"<p><strong>Ny\u00fal a vir\u00e1goskertben - Dekorat\u00edv fat\u00e1ny\u00e9r ny\u00fallal, selyemvir\u00e1gokkal \u00e9s toj\u00e1sokkal<\/strong><\/p>\n<p>- M\u00e9ret: 15x15x22 cm<br \/>\n- R\u00e9szletes selyemvir\u00e1gok<br \/>\n- Sz\u00ednes h\u00fasv\u00e9ti toj\u00e1sok<br \/>\n- Aranyos ny\u00fal figura<br \/>\n- tavaszias hangulatot var\u00e1zsol<br \/>\n- Ide\u00e1lis aj\u00e1nd\u00e9k<\/p>\n<p><strong>Rendelje meg most, \u00e9s var\u00e1zsolja be a tavaszt otthon\u00e1ba!<\/strong> <a class=\"continue\" href=\"https:\/\/bbdekorandmore.at\/hu\/produkt\/kaninchen-im-blumengarten-tischdeko\/\">Continue Reading<span> \"Ny\u00fal a vir\u00e1goskertben\" asztali dekor\u00e1ci\u00f3<\/span><\/a><\/p>","protected":false},"featured_media":3605,"comment_status":"open","ping_status":"closed","template":"","meta":{"site-sidebar-layout":"default","site-content-layout":"","ast-site-content-layout":"default","site-content-style":"default","site-sidebar-style":"default","ast-global-header-display":"","ast-banner-title-visibility":"","ast-main-header-display":"","ast-hfb-above-header-display":"","ast-hfb-below-header-display":"","ast-hfb-mobile-header-display":"","site-post-title":"","ast-breadcrumbs-content":"","ast-featured-img":"","footer-sml-layout":"","ast-disable-related-posts":"","theme-transparent-header-meta":"default","adv-header-id-meta":"","stick-header-meta":"","header-above-stick-meta":"","header-main-stick-meta":"","header-below-stick-meta":"","astra-migrate-meta-layouts":"set","ast-page-background-enabled":"default","ast-page-background-meta":{"desktop":{"background-color":"var(--ast-global-color-4)","background-image":"","background-repeat":"repeat","background-position":"center center","background-size":"auto","background-attachment":"scroll","background-type":"","background-media":"","overlay-type":"","overlay-color":"","overlay-opacity":"","overlay-gradient":""},"tablet":{"background-color":"","background-image":"","background-repeat":"repeat","background-position":"center center","background-size":"auto","background-attachment":"scroll","background-type":"","background-media":"","overlay-type":"","overlay-color":"","overlay-opacity":"","overlay-gradient":""},"mobile":{"background-color":"","background-image":"","background-repeat":"repeat","background-position":"center center","background-size":"auto","background-attachment":"scroll","background-type":"","background-media":"","overlay-type":"","overlay-color":"","overlay-opacity":"","overlay-gradient":""}},"ast-content-background-meta":{"desktop":{"background-color":"var(--ast-global-color-5)","background-image":"","background-repeat":"repeat","background-position":"center center","background-size":"auto","background-attachment":"scroll","background-type":"","background-media":"","overlay-type":"","overlay-color":"","overlay-opacity":"","overlay-gradient":""},"tablet":{"background-color":"var(--ast-global-color-5)","background-image":"","background-repeat":"repeat","background-position":"center center","background-size":"auto","background-attachment":"scroll","background-type":"","background-media":"","overlay-type":"","overlay-color":"","overlay-opacity":"","overlay-gradient":""},"mobile":{"background-color":"var(--ast-global-color-5)","background-image":"","background-repeat":"repeat","background-position":"center center","background-size":"auto","background-attachment":"scroll","background-type":"","background-media":"","overlay-type":"","overlay-color":"","overlay-opacity":"","overlay-gradient":""}}},"product_brand":[],"product_cat":[23,517],"product_tag":[197,194,196,199,520],"class_list":{"0":"post-3602","1":"product","2":"type-product","3":"status-publish","4":"has-post-thumbnail","6":"product_cat-ostern","7":"product_cat-tischdeko","8":"product_tag-dekoration-ostern","9":"product_tag-ostern","10":"product_tag-ostern-deko","11":"product_tag-osterndekoration","12":"product_tag-tischdeko-ostern","13":"tm-no-options","14":"desktop-align-left","15":"tablet-align-left","16":"mobile-align-left","18":"first","19":"outofstock","20":"shipping-taxable","21":"purchasable","22":"product-type-simple"},"_links":{"self":[{"href":"https:\/\/bbdekorandmore.at\/hu\/wp-json\/wp\/v2\/product\/3602","targetHints":{"allow":["GET"]}}],"collection":[{"href":"https:\/\/bbdekorandmore.at\/hu\/wp-json\/wp\/v2\/product"}],"about":[{"href":"https:\/\/bbdekorandmore.at\/hu\/wp-json\/wp\/v2\/types\/product"}],"replies":[{"embeddable":true,"href":"https:\/\/bbdekorandmore.at\/hu\/wp-json\/wp\/v2\/comments?post=3602"}],"wp:featuredmedia":[{"embeddable":true,"href":"https:\/\/bbdekorandmore.at\/hu\/wp-json\/wp\/v2\/media\/3605"}],"wp:attachment":[{"href":"https:\/\/bbdekorandmore.at\/hu\/wp-json\/wp\/v2\/media?parent=3602"}],"wp:term":[{"taxonomy":"product_brand","embeddable":true,"href":"https:\/\/bbdekorandmore.at\/hu\/wp-json\/wp\/v2\/product_brand?post=3602"},{"taxonomy":"product_cat","embeddable":true,"href":"https:\/\/bbdekorandmore.at\/hu\/wp-json\/wp\/v2\/product_cat?post=3602"},{"taxonomy":"product_tag","embeddable":true,"href":"https:\/\/bbdekorandmore.at\/hu\/wp-json\/wp\/v2\/product_tag?post=3602"}],"curies":[{"name":"wp","href":"https:\/\/api.w.org\/{rel}","templated":true}]}}

"Nyúl a virágoskertben" asztali dekoráció

<h4 data-sourcepos="1:1-1:72">Nyúl a virágoskertben - dekoratív asztali dekoráció tavaszi varázslattal</h4>
<p data-sourcepos="3:1-3:119">Varázsolja otthonába a tavaszt ezzel a varázslatos "Nyúl a virágoskertben" asztali dekorációval.</p>
<p data-sourcepos="5:1-5:51">Kiváló minőségű anyagok és szeretetteljes részletek:</p>
<ul data-sourcepos="7:1-11:0">
<li data-sourcepos="7:1-7:132">A 15x15x22 cm-es, masszív fából készült alap tökéletes alapot képez a varázslatos dekorációnak.</li>
<li data-sourcepos="8:1-8:122">Selyemvirágok: A finom színekben pompázó, részletgazdag selyemvirágok a tavasz vidámságát hozzák el otthonába.</li>
<li data-sourcepos="9:1-9:152">Színes tojásdíszítés: A finom kerámia pillangó elegáns hangsúlyt ad, és kiemeli az elrendezés természetességét.</li>
<li data-sourcepos="10:1-11:0">Nyúl figura: Egy aranyos nyúl bájos szemet gyönyörködtető.</li>
</ul>
<p data-sourcepos="12:1-12:294">Ez az asztali dekoráció ideális ajándék mindenkinek, aki szereti a tavaszi dekorációkat. Akár az étkezőasztalon, akár a nappaliban vagy az ablakpárkányon - a "nyúl a virágoskertben" bárki arcára mosolyt csal.</p>
<p data-sourcepos="14:1-14:26">További információk:</p>
<ul data-sourcepos="16:1-19:0">
<li data-sourcepos="16:1-16:63">Anyagok: fa, selyem</li>
<li data-sourcepos="17:1-17:50">Méretek: 15x15x2cm</li>
<li data-sourcepos="18:1-19:0">Ár: 34,90€</li>
</ul>
<p data-sourcepos="20:1-20:65">Rendelje meg most, és varázsolja be a tavaszt otthonába!</p>

<p><strong>Nyúl a virágoskertben - Dekoratív fatányér nyúllal, selyemvirágokkal és tojásokkal</strong></p>
<p>- Méret: 15x15x22 cm<br />
- Részletes selyemvirágok<br />
- Színes húsvéti tojások<br />
- Aranyos nyúl figura<br />
- tavaszias hangulatot varázsol<br />
- Ideális ajándék</p>
<p><strong>Rendelje meg most, és varázsolja be a tavaszt otthonába!</strong> <a class="continue" href="https://bbdekorandmore.at/hu/produkt/kaninchen-im-blumengarten-tischdeko/">Continue Reading<span> "Nyúl a virágoskertben" asztali dekoráció</span></a></p>
