{"id":764,"date":"2023-05-09T19:38:13","date_gmt":"2023-05-09T19:38:13","guid":{"rendered":"http:\/\/bbdekorandmore.at\/?post_type=product&#038;p=764"},"modified":"2024-10-01T06:29:07","modified_gmt":"2024-10-01T06:29:07","slug":"herzformiger-rebenkranz","status":"publish","type":"product","link":"https:\/\/bbdekorandmore.at\/hu\/produkt\/herzformiger-rebenkranz\/","title":{"rendered":"Sz\u00edv alak\u00fa sz\u0151l\u0151 koszor\u00fa"},"content":{"rendered":"","protected":false},"excerpt":{"rendered":"<p>\u0150szi sz\u00edv alak\u00fa sz\u0151l\u0151 koszor\u00fa selyemvir\u00e1gokkal \u00e9s m\u0171t\u00f6k\u00f6kkel.<\/p>\n<p><strong>\u00c1tm\u00e9r\u0151:<\/strong> 26 cm <a class=\"continue\" href=\"https:\/\/bbdekorandmore.at\/hu\/produkt\/herzformiger-rebenkranz\/\">Continue Reading<span> Sz\u00edv alak\u00fa sz\u0151l\u0151 koszor\u00fa<\/span><\/a><\/p>","protected":false},"featured_media":743,"comment_status":"open","ping_status":"closed","template":"","meta":{"site-sidebar-layout":"default","site-content-layout":"default","ast-site-content-layout":"default","site-content-style":"default","site-sidebar-style":"default","ast-global-header-display":"","ast-banner-title-visibility":"","ast-main-header-display":"","ast-hfb-above-header-display":"","ast-hfb-below-header-display":"","ast-hfb-mobile-header-display":"","site-post-title":"","ast-breadcrumbs-content":"","ast-featured-img":"","footer-sml-layout":"","ast-disable-related-posts":"","theme-transparent-header-meta":"default","adv-header-id-meta":"","stick-header-meta":"","header-above-stick-meta":"","header-main-stick-meta":"","header-below-stick-meta":"","astra-migrate-meta-layouts":"set","ast-page-background-enabled":"default","ast-page-background-meta":{"desktop":{"background-color":"var(--ast-global-color-4)","background-image":"","background-repeat":"repeat","background-position":"center center","background-size":"auto","background-attachment":"scroll","background-type":"","background-media":"","overlay-type":"","overlay-color":"","overlay-opacity":"","overlay-gradient":""},"tablet":{"background-color":"","background-image":"","background-repeat":"repeat","background-position":"center center","background-size":"auto","background-attachment":"scroll","background-type":"","background-media":"","overlay-type":"","overlay-color":"","overlay-opacity":"","overlay-gradient":""},"mobile":{"background-color":"","background-image":"","background-repeat":"repeat","background-position":"center center","background-size":"auto","background-attachment":"scroll","background-type":"","background-media":"","overlay-type":"","overlay-color":"","overlay-opacity":"","overlay-gradient":""}},"ast-content-background-meta":{"desktop":{"background-color":"var(--ast-global-color-5)","background-image":"","background-repeat":"repeat","background-position":"center center","background-size":"auto","background-attachment":"scroll","background-type":"","background-media":"","overlay-type":"","overlay-color":"","overlay-opacity":"","overlay-gradient":""},"tablet":{"background-color":"var(--ast-global-color-5)","background-image":"","background-repeat":"repeat","background-position":"center center","background-size":"auto","background-attachment":"scroll","background-type":"","background-media":"","overlay-type":"","overlay-color":"","overlay-opacity":"","overlay-gradient":""},"mobile":{"background-color":"var(--ast-global-color-5)","background-image":"","background-repeat":"repeat","background-position":"center center","background-size":"auto","background-attachment":"scroll","background-type":"","background-media":"","overlay-type":"","overlay-color":"","overlay-opacity":"","overlay-gradient":""}}},"product_brand":[],"product_cat":[25,478],"product_tag":[164,165,163,169,162,168,167],"class_list":{"0":"post-764","1":"product","2":"type-product","3":"status-publish","4":"has-post-thumbnail","6":"product_cat-herbst","7":"product_cat-turkranze-herbst","8":"product_tag-herbst-dekoartikel","9":"product_tag-herbst-dekoprodukte","10":"product_tag-herbstdekoration","11":"product_tag-herbstlicher-rebenkranz","12":"product_tag-herbstlicher-tuerkranz","13":"product_tag-herzformiger-rebenkranz","14":"product_tag-rebenkranz","15":"tm-no-options","16":"desktop-align-left","17":"tablet-align-left","18":"mobile-align-left","20":"first","21":"outofstock","22":"shipping-taxable","23":"purchasable","24":"product-type-simple"},"_links":{"self":[{"href":"https:\/\/bbdekorandmore.at\/hu\/wp-json\/wp\/v2\/product\/764","targetHints":{"allow":["GET"]}}],"collection":[{"href":"https:\/\/bbdekorandmore.at\/hu\/wp-json\/wp\/v2\/product"}],"about":[{"href":"https:\/\/bbdekorandmore.at\/hu\/wp-json\/wp\/v2\/types\/product"}],"replies":[{"embeddable":true,"href":"https:\/\/bbdekorandmore.at\/hu\/wp-json\/wp\/v2\/comments?post=764"}],"wp:featuredmedia":[{"embeddable":true,"href":"https:\/\/bbdekorandmore.at\/hu\/wp-json\/wp\/v2\/media\/743"}],"wp:attachment":[{"href":"https:\/\/bbdekorandmore.at\/hu\/wp-json\/wp\/v2\/media?parent=764"}],"wp:term":[{"taxonomy":"product_brand","embeddable":true,"href":"https:\/\/bbdekorandmore.at\/hu\/wp-json\/wp\/v2\/product_brand?post=764"},{"taxonomy":"product_cat","embeddable":true,"href":"https:\/\/bbdekorandmore.at\/hu\/wp-json\/wp\/v2\/product_cat?post=764"},{"taxonomy":"product_tag","embeddable":true,"href":"https:\/\/bbdekorandmore.at\/hu\/wp-json\/wp\/v2\/product_tag?post=764"}],"curies":[{"name":"wp","href":"https:\/\/api.w.org\/{rel}","templated":true}]}}

Szív alakú szőlő koszorú

<p>Őszi szív alakú szőlő koszorú selyemvirágokkal és műtökökkel.</p>
<p><strong>Átmérő:</strong> 26 cm <a class="continue" href="https://bbdekorandmore.at/hu/produkt/herzformiger-rebenkranz/">Continue Reading<span> Szív alakú szőlő koszorú</span></a></p>
