{"id":767,"date":"2023-05-09T19:50:33","date_gmt":"2023-05-09T19:50:33","guid":{"rendered":"http:\/\/bbdekorandmore.at\/?post_type=product&#038;p=767"},"modified":"2024-02-06T09:31:02","modified_gmt":"2024-02-06T09:31:02","slug":"geschmueckter-kuerbis","status":"publish","type":"product","link":"https:\/\/bbdekorandmore.at\/hu\/produkt\/geschmueckter-kuerbis\/","title":{"rendered":"D\u00edsz\u00edtett t\u00f6k"},"content":{"rendered":"","protected":false},"excerpt":{"rendered":"<p>D\u00edsz\u00edtett t\u00f6k a r\u00f3zsasz\u00edn \u00e1rnyalataiban. A d\u00edsz\u00edtett t\u00f6k\u00f6t egyedi alapra k\u00e9sz\u00edtettem gy\u00f6ny\u00f6r\u0171 selyemvir\u00e1gokkal. T\u00f6bb \u00e9vig haszn\u00e1lat\u00f3.<\/p>\n<p><strong>\u00c1tm\u00e9r\u0151:<\/strong> 22cm<\/p>\n<p><strong>Magass\u00e1g:<\/strong> 23cm <a class=\"continue\" href=\"https:\/\/bbdekorandmore.at\/hu\/produkt\/geschmueckter-kuerbis\/\">Continue Reading<span> D\u00edsz\u00edtett t\u00f6k<\/span><\/a><\/p>","protected":false},"featured_media":739,"comment_status":"open","ping_status":"closed","template":"","meta":{"site-sidebar-layout":"default","site-content-layout":"default","ast-site-content-layout":"default","site-content-style":"default","site-sidebar-style":"default","ast-global-header-display":"","ast-banner-title-visibility":"","ast-main-header-display":"","ast-hfb-above-header-display":"","ast-hfb-below-header-display":"","ast-hfb-mobile-header-display":"","site-post-title":"","ast-breadcrumbs-content":"","ast-featured-img":"","footer-sml-layout":"","ast-disable-related-posts":"","theme-transparent-header-meta":"default","adv-header-id-meta":"","stick-header-meta":"","header-above-stick-meta":"","header-main-stick-meta":"","header-below-stick-meta":"","astra-migrate-meta-layouts":"default","ast-page-background-enabled":"default","ast-page-background-meta":{"desktop":{"background-color":"var(--ast-global-color-4)","background-image":"","background-repeat":"repeat","background-position":"center center","background-size":"auto","background-attachment":"scroll","background-type":"","background-media":"","overlay-type":"","overlay-color":"","overlay-opacity":"","overlay-gradient":""},"tablet":{"background-color":"","background-image":"","background-repeat":"repeat","background-position":"center center","background-size":"auto","background-attachment":"scroll","background-type":"","background-media":"","overlay-type":"","overlay-color":"","overlay-opacity":"","overlay-gradient":""},"mobile":{"background-color":"","background-image":"","background-repeat":"repeat","background-position":"center center","background-size":"auto","background-attachment":"scroll","background-type":"","background-media":"","overlay-type":"","overlay-color":"","overlay-opacity":"","overlay-gradient":""}},"ast-content-background-meta":{"desktop":{"background-color":"var(--ast-global-color-5)","background-image":"","background-repeat":"repeat","background-position":"center center","background-size":"auto","background-attachment":"scroll","background-type":"","background-media":"","overlay-type":"","overlay-color":"","overlay-opacity":"","overlay-gradient":""},"tablet":{"background-color":"var(--ast-global-color-5)","background-image":"","background-repeat":"repeat","background-position":"center center","background-size":"auto","background-attachment":"scroll","background-type":"","background-media":"","overlay-type":"","overlay-color":"","overlay-opacity":"","overlay-gradient":""},"mobile":{"background-color":"var(--ast-global-color-5)","background-image":"","background-repeat":"repeat","background-position":"center center","background-size":"auto","background-attachment":"scroll","background-type":"","background-media":"","overlay-type":"","overlay-color":"","overlay-opacity":"","overlay-gradient":""}}},"product_brand":[],"product_cat":[25,479],"product_tag":[172,173,164,165,163,40,46],"class_list":{"0":"post-767","1":"product","2":"type-product","3":"status-publish","4":"has-post-thumbnail","6":"product_cat-herbst","7":"product_cat-tischdekoration-herbst","8":"product_tag-geschmueckter-kuerbis","9":"product_tag-halloween-dekoration","10":"product_tag-herbst-dekoartikel","11":"product_tag-herbst-dekoprodukte","12":"product_tag-herbstdekoration","13":"product_tag-tischdeko","14":"product_tag-tischdeko-mit-seidenblumen","15":"tm-no-options","16":"desktop-align-left","17":"tablet-align-left","18":"mobile-align-left","20":"first","21":"instock","22":"shipping-taxable","23":"purchasable","24":"product-type-simple"},"_links":{"self":[{"href":"https:\/\/bbdekorandmore.at\/hu\/wp-json\/wp\/v2\/product\/767","targetHints":{"allow":["GET"]}}],"collection":[{"href":"https:\/\/bbdekorandmore.at\/hu\/wp-json\/wp\/v2\/product"}],"about":[{"href":"https:\/\/bbdekorandmore.at\/hu\/wp-json\/wp\/v2\/types\/product"}],"replies":[{"embeddable":true,"href":"https:\/\/bbdekorandmore.at\/hu\/wp-json\/wp\/v2\/comments?post=767"}],"wp:featuredmedia":[{"embeddable":true,"href":"https:\/\/bbdekorandmore.at\/hu\/wp-json\/wp\/v2\/media\/739"}],"wp:attachment":[{"href":"https:\/\/bbdekorandmore.at\/hu\/wp-json\/wp\/v2\/media?parent=767"}],"wp:term":[{"taxonomy":"product_brand","embeddable":true,"href":"https:\/\/bbdekorandmore.at\/hu\/wp-json\/wp\/v2\/product_brand?post=767"},{"taxonomy":"product_cat","embeddable":true,"href":"https:\/\/bbdekorandmore.at\/hu\/wp-json\/wp\/v2\/product_cat?post=767"},{"taxonomy":"product_tag","embeddable":true,"href":"https:\/\/bbdekorandmore.at\/hu\/wp-json\/wp\/v2\/product_tag?post=767"}],"curies":[{"name":"wp","href":"https:\/\/api.w.org\/{rel}","templated":true}]}}

Díszített tök

<p>Díszített tök a rózsaszín árnyalataiban. A díszített tököt egyedi alapra készítettem gyönyörű selyemvirágokkal. Több évig használató.</p>
<p><strong>Átmérő:</strong> 22cm</p>
<p><strong>Magasság:</strong> 23cm <a class="continue" href="https://bbdekorandmore.at/hu/produkt/geschmueckter-kuerbis/">Continue Reading<span> Díszített tök</span></a></p>
